000
CXUS55 KABR 251400
CF6PIR
PRELIMINARY LOCAL CLIMATOLOGICAL DATA (WS FORM: F-6)

                                          STATION:   PIERRE SD
                                          MONTH:     JUNE
                                          YEAR:      2017
                                          LATITUDE:   44 22 N
                                          LONGITUDE: 100 17 W

  TEMPERATURE IN F:       :PCPN:    SNOW:  WIND      :SUNSHINE: SKY     :PK WND
================================================================================
1   2   3   4   5  6A  6B    7    8   9   10  11  12  13   14  15   16   17  18
                                     12Z  AVG MX 2MIN
DY MAX MIN AVG DEP HDD CDD  WTR  SNW DPTH SPD SPD DIR MIN PSBL S-S WX    SPD DR
================================================================================

 1  87  50  69   6   0   4 0.00  0.0    0 14.5 26 170   M    M   0        33 140
 2  98  62  80  17   0  15 0.08  0.0    0 12.7 31 300   M    M   0 3      38 300
 3  89  59  74  11   0   9 0.00  0.0    0  7.4 18 310   M    M   0        27 330
 4  92  48  70   6   0   5 0.00  0.0    0  5.8 14 270   M    M   0        20 270
 5  94  53  74  10   0   9 0.00  0.0    0 10.1 17 120   M    M   0        23 130
 6  77  59  68   4   0   3    T  0.0    0 11.6 18 310   M    M   5        27 310
 7  87  49  68   3   0   3 0.00  0.0    0  3.7 10  40   M    M   2        15 220
 8  91  57  74   9   0   9 0.00  0.0    0 10.4 21 150   M    M   1        24 160
 9 103  64  84  19   0  19 0.00  0.0    0 16.1 33 180   M    M   0        41 180
10  88  68  78  12   0  13    T  0.0    0 10.5 33 340   M    M   0        43 330
11  87  60  74   8   0   9 0.17  0.0    0 12.0 23  10   M    M   1 13     30  30
12  89  56  73   7   0   8 0.00  0.0    0 16.3 30 110   M    M   3 13     36 120
13  80  61  71   4   0   6 1.53  0.0    0  7.8 41 270   M    M   5 13     72 240
14  83  58  71   4   0   6 0.01  0.0    0 13.1 28 280   M    M   1        33 260
15  87  51  69   1   0   4    T  0.0    0  6.6 20 320   M    M   0        24 330
16  80  59  70   2   0   5    T  0.0    0  7.0 20 350   M    M   2        25 330
17  72  57  65  -3   0   0 0.07  0.0    0 12.8 31 310   M    M   7 3      38 300
18  79  54  67  -2   0   2 0.00  0.0    0 13.2 24 310   M    M   2        31 300
19  83  50  67  -2   0   2 0.00  0.0    0  9.3 21 320   M    M   1        28 290
20  83  58  71   2   0   6 0.00  0.0    0  9.0 17 130   M    M   0 3      19 110
21  93  59  76   6   0  11    T  0.0    0 11.5 37 290   M    M   0 3      48 290
22  78  55  67  -3   0   2 0.62  0.0    0 11.5 43  50   M    M   3 138    52  50
23  71  48  60 -10   5   0 0.00  0.0    0 17.5 32 310   M    M   2        43 310
24  73  43  58 -13   7   0 0.00  0.0    0 15.0 29 320   M    M   0        38 310
================================================================================
SM 2044 1338        12 150  2.48     0.0 265.4          M       35
================================================================================
AV 85.2 55.8                              11.1 FASTST   M    M   1    MAX(MPH)
                                 MISC ---->  # 43  50               # 72  240
================================================================================
NOTES:
# LAST OF SEVERAL OCCURRENCES

COLUMN 17 PEAK WIND IN M.P.H.

PRELIMINARY LOCAL CLIMATOLOGICAL DATA (WS FORM: F-6) , PAGE 2

                                          STATION:  PIERRE SD
                                          MONTH:    JUNE
                                          YEAR:     2017
                                          LATITUDE:   44 22 N
                                          LONGITUDE: 100 17 W

[TEMPERATURE DATA]      [PRECIPITATION DATA]       SYMBOLS USED IN COLUMN 16

AVERAGE MONTHLY: 70.5   TOTAL FOR MONTH:   2.48    1 = FOG OR MIST
DPTR FM NORMAL:   3.8   DPTR FM NORMAL:   -0.50    2 = FOG REDUCING VISIBILITY
HIGHEST:   103 ON  9    GRTST 24HR  1.53 ON 13-13      TO 1/4 MILE OR LESS
LOWEST:     43 ON 24                               3 = THUNDER
                        SNOW, ICE PELLETS, HAIL    4 = ICE PELLETS
                        TOTAL MONTH:   0.0 INCH    5 = HAIL
                        GRTST 24HR     0.0         6 = FREEZING RAIN OR DRIZZLE
                        GRTST DEPTH:   0           7 = DUSTSTORM OR SANDSTORM:
                                                       VSBY 1/2 MILE OR LESS
                                                   8 = SMOKE OR HAZE
[NO. OF DAYS WITH]      [WEATHER - DAYS WITH]      9 = BLOWING SNOW
                                                   X = TORNADO
MAX 32 OR BELOW:   0    0.01 INCH OR MORE:   6
MAX 90 OR ABOVE:   6    0.10 INCH OR MORE:   3
MIN 32 OR BELOW:   0    0.50 INCH OR MORE:   2
MIN  0 OR BELOW:   0    1.00 INCH OR MORE:   1

[HDD (BASE 65) ]
TOTAL THIS MO.    12    CLEAR  (SCALE 0-3)  21
DPTR FM NORMAL   -38    PTCLDY (SCALE 4-7)   3
TOTAL FM JUL 1  6796    CLOUDY (SCALE 8-10)  0
DPTR FM NORMAL  -491

[CDD (BASE 65) ]
TOTAL THIS MO.   150
DPTR FM NORMAL    61    [PRESSURE DATA]
TOTAL FM JAN 1   171    HIGHEST SLP M ON M
DPTR FM NORMAL    50    LOWEST  SLP 29.24 ON 10

[REMARKS]
