000
CXUS55 KABR 011400
CF6PIR
PRELIMINARY LOCAL CLIMATOLOGICAL DATA (WS FORM: F-6)

                                          STATION:   PIERRE SD
                                          MONTH:     JANUARY
                                          YEAR:      2015
                                          LATITUDE:   44 22 N
                                          LONGITUDE: 100 17 W

  TEMPERATURE IN F:       :PCPN:    SNOW:  WIND      :SUNSHINE: SKY     :PK WND
================================================================================
1   2   3   4   5  6A  6B    7    8   9   10  11  12  13   14  15   16   17  18
                                     12Z  AVG MX 2MIN
DY MAX MIN AVG DEP HDD CDD  WTR  SNW DPTH SPD SPD DIR MIN PSBL S-S WX    SPD DR
================================================================================

 1  33  16  25   5  40   0 0.00  0.0    3 10.0 21 250   M    M   7        26 280
 2  27   7  17  -3  48   0 0.00  0.0    3  6.8 15 150   M    M   1 1      17 140
 3  33  -2  16  -4  49   0    T    T    3 20.0 38 350   M    M   8 189    45 340
 4   7  -7   0 -20  65   0 0.01  0.1    3 10.5 17 350   M    M   5 89     21 360
 5  10 -11   0 -20  65   0 0.08  0.9    3 11.9 24 120   M    M   6 128    27 120
 6  13  -3   5 -15  60   0 0.04  0.4    4 14.4 29 330   M    M   6 189    35 330
 7  21  -7   7 -13  58   0 0.00  0.0    4 13.4 28 330   M    M   0 9      36 320
 8  28   5  17  -3  48   0    T    T    4 26.0 44 330   M    M   6 89     56 330
 9  13  -7   3 -17  62   0 0.00  0.0    4 16.5 31 310   M    M   0 8      41 310
10  19  -9   5 -15  60   0 0.00  0.0    4  8.1 20 320   M    M   0        22 320
11  15   3   9 -11  56   0 0.00  0.0    4  8.3 17 340   M    M   5        21 340
12   5 -11  -3 -23  68   0 0.00  0.0    4  8.4 15 120   M    M   0        19 120
13  26  -4  11  -9  54   0    T    T    4 11.6 20 140   M    M   7 18     23 140
14  34  13  24   4  41   0 0.00  0.0    4 10.0 16 280   M    M   1        19 280
15  40  23  32  12  33   0 0.00  0.0    4 10.8 21 320   M    M   0        24 300
16  41  20  31  11  34   0 0.00  0.0    2  5.6 17 280   M    M   1        21 290
17  45  35  40  20  25   0 0.00  0.0    1 20.1 35 300   M    M   2        46 310
18  45  21  33  13  32   0 0.00  0.0    1  4.7 16 260   M    M   1        21 270
19  51  32  42  22  23   0 0.00  0.0    1 14.5 29 310   M    M   3        37 260
20  42  32  37  17  28   0    T  0.0    T 15.5 30 300   M    M   8        37 310
21  36  21  29   9  36   0    T    T    T 11.6 22 330   M    M  10 1      26 330
22  44  15  30  10  35   0 0.00  0.0    T  7.9 16 220   M    M   0        20 250
23  52  25  39  19  26   0 0.00  0.0    T 12.0 24 330   M    M   2        29 330
24  53  32  43  23  22   0    T  0.0    T 17.8 43 320   M    M   5        52 330
25  43  32  38  18  27   0    T  0.0    0 11.4 24 310   M    M   7        32 310
26  57  29  43  23  22   0 0.00  0.0    0  9.5 17 300   M    M   0        22 300
27  59  28  44  24  21   0 0.00  0.0    0  6.3 10 150   M    M   0        12 120
28  60  27  44  23  21   0 0.00  0.0    0 17.3 37 340   M    M   2 1      46 350
29  39  17  28   7  37   0 0.00  0.0    0 12.0 32 320   M    M   5        40 320
30  47  20  34  13  31   0 0.00  0.0    0  7.2 14 130   M    M   0        18 150
31  29  11  20  -1  45   0 0.00  0.0    0 16.1 23  50   M    M   8 1      28  60
================================================================================
SM 1067  403      1272   0  0.13     1.4 376.2          M      106
================================================================================
AV 34.4 13.0                              12.1 FASTST   M    M   3    MAX(MPH)
                                 MISC ---->  # 44 330               # 56  330
================================================================================
NOTES:
# LAST OF SEVERAL OCCURRENCES

COLUMN 17 PEAK WIND IN M.P.H.

PRELIMINARY LOCAL CLIMATOLOGICAL DATA (WS FORM: F-6) , PAGE 2

                                          STATION:  PIERRE SD
                                          MONTH:    JANUARY
                                          YEAR:     2015
                                          LATITUDE:   44 22 N
                                          LONGITUDE: 100 17 W

[TEMPERATURE DATA]      [PRECIPITATION DATA]       SYMBOLS USED IN COLUMN 16

AVERAGE MONTHLY: 23.7   TOTAL FOR MONTH:   0.13    1 = FOG OR MIST
DPTR FM NORMAL:   3.8   DPTR FM NORMAL:   -0.29    2 = FOG REDUCING VISIBILITY
HIGHEST:    60 ON 28    GRTST 24HR  0.08 ON  5- 5      TO 1/4 MILE OR LESS
LOWEST:    -11 ON 12, 5                            3 = THUNDER
                        SNOW, ICE PELLETS, HAIL    4 = ICE PELLETS
                        TOTAL MONTH:   1.4 INCHES  5 = HAIL
                        GRTST 24HR   0.9 ON   M    6 = FREEZING RAIN OR DRIZZLE
                        GRTST DEPTH:   4 ON 15,14  7 = DUSTSTORM OR SANDSTORM:
                                                       VSBY 1/2 MILE OR LESS
                                                   8 = SMOKE OR HAZE
[NO. OF DAYS WITH]      [WEATHER - DAYS WITH]      9 = BLOWING SNOW
                                                   X = TORNADO
MAX 32 OR BELOW:  12    0.01 INCH OR MORE:   3
MAX 90 OR ABOVE:   0    0.10 INCH OR MORE:   0
MIN 32 OR BELOW:  30    0.50 INCH OR MORE:   0
MIN  0 OR BELOW:   9    1.00 INCH OR MORE:   0

[HDD (BASE 65) ]
TOTAL THIS MO.  1272    CLEAR  (SCALE 0-3)  16
DPTR FM NORMAL  -126    PTCLDY (SCALE 4-7)  14
TOTAL FM JUL 1  4267    CLOUDY (SCALE 8-10)  1
DPTR FM NORMAL   -93

[CDD (BASE 65) ]
TOTAL THIS MO.     0
DPTR FM NORMAL     0    [PRESSURE DATA]
TOTAL FM JAN 1     0    HIGHEST SLP 31.17 ON  7
DPTR FM NORMAL     0    LOWEST  SLP 29.57 ON 17

[REMARKS]
#FINAL-01-15#
