000
CXUS51 KPBZ 182002
CF6PIT
PRELIMINARY LOCAL CLIMATOLOGICAL DATA (WS FORM: F-6)

                                          STATION:   PITTSBURGH PA
                                          MONTH:     JANUARY
                                          YEAR:      2018
                                          LATITUDE:   40 30 N
                                          LONGITUDE:  80 13 W

  TEMPERATURE IN F:       :PCPN:    SNOW:  WIND      :SUNSHINE: SKY     :PK WND
================================================================================
1   2   3   4   5  6A  6B    7    8   9   10  11  12  13   14  15   16   17  18
                                     12Z  AVG MX 2MIN
DY MAX MIN AVG DEP HDD CDD  WTR  SNW DPTH SPD SPD DIR MIN PSBL S-S WX    SPD DR
================================================================================

 1  12  -3   5 -24  60   0    T    T    3  9.6 25 300   M    M   5        30 300
 2  14   5  10 -19  55   0    T    T    2  8.5 18 240   M    M   6        24 210
 3  24  -4  10 -19  55   0    T    T    2  5.7 15 300   M    M   4        18 280
 4  18   4  11 -18  54   0    T  0.9    2 15.6 30 300   M    M   8 18     39 300
 5   9  -1   4 -24  61   0 0.00  0.0    2 15.5 28 300   M    M   4        33 300
 6  11  -3   4 -24  61   0    T  0.1    2  9.3 23 300   M    M   4 8      32 310
 7  30  -6  12 -16  53   0 0.00  0.0    2  5.2 13 170   M    M   6        15 160
 8  34  28  31   3  34   0 0.24  2.0    2  9.9 20 210   M    M  10 146    27 220
 9  36  26  31   3  34   0 0.00  0.0    3  5.6 15 280   M    M   7 1      18 240
10  47  21  34   6  31   0 0.00  0.0    3  3.9 10 150   M    M   7 1      12 140
11  62  42  52  24  13   0 0.75  0.0    0  5.9 15 160   M    M   9 1      20 180
12  59  21  40  12  25   0 1.99  1.3    0 12.0 29 320   M    M  10 146    35 320
13  21   6  14 -14  51   0 0.30  5.0    6 14.8 30 330   M    M   8 19     38 320
14  16  -4   6 -22  59   0 0.00  0.0    5  2.4  8 100   M    M   4 8      13 120
15  25   5  15 -13  50   0 0.06  1.0    4  5.5 13 170   M    M   9 18     16 170
16  27   6  17 -11  48   0 0.07  2.9    7  6.3 15 290   M    M   9 1      17 290
17  15  -1   7 -21  58   0 0.01  0.1    7  6.6 13 280   M    M   6 1      15 230
================================================================================
SM  460  142       802   0  3.42    13.3 142.3          M      116
================================================================================
AV 27.1  8.4                               8.4 FASTST   M    M   7    MAX(MPH)
                                 MISC ---->  # 30 300               # 39  300
================================================================================
NOTES:
# LAST OF SEVERAL OCCURRENCES

COLUMN 17 PEAK WIND IN M.P.H.

PRELIMINARY LOCAL CLIMATOLOGICAL DATA (WS FORM: F-6) , PAGE 2

                                          STATION:  PITTSBURGH PA
                                          MONTH:    JANUARY
                                          YEAR:     2018
                                          LATITUDE:   40 30 N
                                          LONGITUDE:  80 13 W

[TEMPERATURE DATA]      [PRECIPITATION DATA]       SYMBOLS USED IN COLUMN 16

AVERAGE MONTHLY: 17.7   TOTAL FOR MONTH:   3.42    1 = FOG OR MIST
DPTR FM NORMAL: -10.5   DPTR FM NORMAL:    1.92    2 = FOG REDUCING VISIBILITY
HIGHEST:    62 ON 11    GRTST 24HR  1.99 ON 12-12      TO 1/4 MILE OR LESS
LOWEST:     -6 ON  7                               3 = THUNDER
                        SNOW, ICE PELLETS, HAIL    4 = ICE PELLETS
                        TOTAL MONTH:  13.3 INCHES  5 = HAIL
                        GRTST 24HR   5.0 ON 13-13  6 = FREEZING RAIN OR DRIZZLE
                        GRTST DEPTH:   7 ON 17,16  7 = DUSTSTORM OR SANDSTORM:
                                                       VSBY 1/2 MILE OR LESS
                                                   8 = SMOKE OR HAZE
[NO. OF DAYS WITH]      [WEATHER - DAYS WITH]      9 = BLOWING SNOW
                                                   X = TORNADO
MAX 32 OR BELOW:  12    0.01 INCH OR MORE:   7
MAX 90 OR ABOVE:   0    0.10 INCH OR MORE:   4
MIN 32 OR BELOW:  16    0.50 INCH OR MORE:   2
MIN  0 OR BELOW:   7    1.00 INCH OR MORE:   1

[HDD (BASE 65) ]
TOTAL THIS MO.   802    CLEAR  (SCALE 0-3)   0
DPTR FM NORMAL   177    PTCLDY (SCALE 4-7)  11
TOTAL FM JUL 1  2862    CLOUDY (SCALE 8-10)  6
DPTR FM NORMAL    62

[CDD (BASE 65) ]
TOTAL THIS MO.     0
DPTR FM NORMAL     0    [PRESSURE DATA]
TOTAL FM JAN 1     0    HIGHEST SLP M ON M
DPTR FM NORMAL     0    LOWEST  SLP 29.63 ON 12

[REMARKS]
