000
CXUS51 KRLX 221230
CF6PKB
PRELIMINARY LOCAL CLIMATOLOGICAL DATA (WS FORM: F-6)

                                          STATION:   PARKERSBURG WV
                                          MONTH:     JANUARY
                                          YEAR:      2017
                                          LATITUDE:   39 20 N
                                          LONGITUDE:  81 26 W

  TEMPERATURE IN F:       :PCPN:    SNOW:  WIND      :SUNSHINE: SKY     :PK WND
================================================================================
1   2   3   4   5  6A  6B    7    8   9   10  11  12  13   14  15   16   17  18
                                     12Z  AVG MX 2MIN
DY MAX MIN AVG DEP HDD CDD  WTR  SNW DPTH SPD SPD DIR MIN PSBL S-S WX    SPD DR
================================================================================

 1  49  29  39   7  26   0    T    M    M  3.8 10  80   M    M   4 12     15 220
 2  56  41  49  17  16   0 0.04    M    M  2.1  8  80   M    M   9 1      11  70
 3  56  48  52  20  13   0 0.73    M    M  5.6 18 290   M    M   9 1      25 300
 4  48  23  36   4  29   0    T    M    M 13.0 26 290   M    M   4 1      39 300
 5  25  19  22 -10  43   0 0.07    M    M  5.0 13 310   M    M   8 128    18 310
 6  19   9  14 -18  51   0    T    M    M  4.2 12 290   M    M   4 8      15 300
 7  18   8  13 -19  52   0 0.00    M    M  6.8 15 290   M    M   2        21 280
 8  20   4  12 -20  53   0    T    M    M  7.7 18 280   M    M   6 18     24 280
 9  30   3  17 -14  48   0 0.00    M    M  4.3 14 190   M    M   4 18     19 190
10  53  30  42  11  23   0 0.16    M    M 12.5 28 220   M    M   9 1      37 190
11  59  34  47  16  18   0 0.49    M    M  8.0 20 220   M    M   3 12     24 220
12  67  44  56  25   9   0 0.39    M    M 14.4 25 200   M    M  10 1      38 210
13  44  35  40   9  25   0    T    M    M  6.7 12  50   M    M   8        17 330
14  35  31  33   2  32   0 0.37    M    M  2.8 10  70   M    M  10 1      13  70
15  39  34  37   6  28   0 0.00    M    M  2.3  6  10   M    M   9 18      8 330
16  54  33  44  13  21   0 0.02    M    M  0.7  7  80   M    M   8 18      8 190
17  60  45  53  22  12   0 0.71    M    M  6.9 17 300   M    M   8 1      22 290
18  50  40  45  14  20   0 0.03    M    M  7.1 18 290   M    M  10 18     29 280
19  45  36  41  10  24   0 0.00    M    M  2.4 10  80   M    M   7 1      12  70
20  62  38  50  19  15   0 0.43    M    M  4.8 14 210   M    M   7 12     20 230
21  65  40  53  22  12   0 0.02    M    M  2.8 14 180   M    M   5 12     17 170
================================================================================
SM  954  624       570   0  3.46    M    123.9          M      144
================================================================================
AV 45.4 29.7                               5.9 FASTST   M    M   7    MAX(MPH)
                                 MISC ---->  # 28 220               # 39  300
================================================================================
NOTES:
# LAST OF SEVERAL OCCURRENCES

COLUMN 17 PEAK WIND IN M.P.H.

PRELIMINARY LOCAL CLIMATOLOGICAL DATA (WS FORM: F-6) , PAGE 2

                                          STATION:  PARKERSBURG WV
                                          MONTH:    JANUARY
                                          YEAR:     2017
                                          LATITUDE:   39 20 N
                                          LONGITUDE:  81 26 W

[TEMPERATURE DATA]      [PRECIPITATION DATA]       SYMBOLS USED IN COLUMN 16

AVERAGE MONTHLY: 37.6   TOTAL FOR MONTH:   3.46    1 = FOG OR MIST
DPTR FM NORMAL:   6.2   DPTR FM NORMAL:    1.47    2 = FOG REDUCING VISIBILITY
HIGHEST:    67 ON 12    GRTST 24HR  0.73 ON  3- 3      TO 1/4 MILE OR LESS
LOWEST:      3 ON  9                               3 = THUNDER
                        SNOW, ICE PELLETS, HAIL    4 = ICE PELLETS
                        TOTAL MONTH:    M          5 = HAIL
                        GRTST 24HR    M  ON   M    6 = FREEZING RAIN OR DRIZZLE
                        GRTST DEPTH:  M  ON   M    7 = DUSTSTORM OR SANDSTORM:
                                                       VSBY 1/2 MILE OR LESS
                                                   8 = SMOKE OR HAZE
[NO. OF DAYS WITH]      [WEATHER - DAYS WITH]      9 = BLOWING SNOW
                                                   X = TORNADO
MAX 32 OR BELOW:   5    0.01 INCH OR MORE:  12
MAX 90 OR ABOVE:   0    0.10 INCH OR MORE:   7
MIN 32 OR BELOW:   9    0.50 INCH OR MORE:   2
MIN  0 OR BELOW:   0    1.00 INCH OR MORE:   0

[HDD (BASE 65) ]
TOTAL THIS MO.   570    CLEAR  (SCALE 0-3)   1
DPTR FM NORMAL  -137    PTCLDY (SCALE 4-7)  12
TOTAL FM JUL 1  2184    CLOUDY (SCALE 8-10)  8
DPTR FM NORMAL  -433

[CDD (BASE 65) ]
TOTAL THIS MO.     0
DPTR FM NORMAL     0    [PRESSURE DATA]
TOTAL FM JAN 1     0    HIGHEST SLP M ON M
DPTR FM NORMAL     0    LOWEST  SLP 29.59 ON  3

[REMARKS]
