000
CXUS51 KRLX 291140
CF6PKB
PRELIMINARY LOCAL CLIMATOLOGICAL DATA (WS FORM: F-6)

                                          STATION:   PARKERSBURG WV
                                          MONTH:     SEPTEMBER
                                          YEAR:      2016
                                          LATITUDE:   39 20 N
                                          LONGITUDE:  81 26 W

  TEMPERATURE IN F:       :PCPN:    SNOW:  WIND      :SUNSHINE: SKY     :PK WND
================================================================================
1   2   3   4   5  6A  6B    7    8   9   10  11  12  13   14  15   16   17  18
                                     12Z  AVG MX 2MIN
DY MAX MIN AVG DEP HDD CDD  WTR  SNW DPTH SPD SPD DIR MIN PSBL S-S WX    SPD DR
================================================================================

 1  83  63  73   2   0   8 0.00    M    M  7.2 16  30   M    M   4 1      22  50
 2  81  54  68  -3   0   3 0.00    M    M  6.9 20  40   M    M   1        27  40
 3  83  53  68  -3   0   3 0.00    M    M  3.7 14 100   M    M   2        21  60
 4  86  54  70   0   0   5 0.00    M    M  1.3 12  70   M    M   0 18     15  60
 5  91  58  75   5   0  10 0.00    M    M  1.6  9 290   M    M   2 12     14 290
 6  94  58  76   6   0  11 0.00    M    M  2.9 14 290   M    M   2 1      19 320
 7  94  67  81  12   0  16 0.00    M    M  5.4 16 290   M    M   2        22 290
 8  93  70  82  13   0  17 0.00    M    M  7.8 17 220   M    M   1        26 220
 9  89  70  80  11   0  15    T    M    M  3.4 17 210   M    M   6        24 200
10  94  69  82  14   0  17 0.10    M    M  8.3 25 280   M    M   3 1      36 280
11  83  56  70   2   0   5 0.06    M    M  3.9 15 300   M    M   3 1      23 290
12  86  52  69   1   0   4 0.00    M    M  2.3 12 180   M    M   1 12     15 180
13  91  56  74   7   0   9 0.00    M    M  3.2 14 290   M    M   0 1      20 280
14  90  55  73   6   0   8    T    M    M  2.8 18 310   M    M   1 1      30 330
15  81  61  71   4   0   6 0.00    M    M  4.3 10  60   M    M   5        16  80
16  90  59  75   9   0  10 0.00    M    M  3.8 13 170   M    M   1 18     19 160
17  87  70  79  13   0  14 0.02    M    M  6.9 16 200   M    M   5 3      23 190
18  77  68  73   8   0   8 0.26    M    M  3.9 13 210   M    M   7 13     19 200
19  84  65  75  10   0  10 0.29    M    M  1.3  9  70   M    M   7 13     12 170
20  88  59  74   9   0   9 0.00    M    M  1.0  9  80   M    M   3 12     14 130
21  90  56  73   9   0   8 0.00    M    M  3.0 14  50   M    M   1 12     19  50
22  90  57  74  10   0   9 0.00    M    M  1.3  8 270   M    M   2 12     11 210
23  93  58  76  13   0  11 0.00    M    M  2.5 12 280   M    M   1        16 320
24  85  63  74  11   0   9 0.00    M    M  5.1 13  30   M    M   2 18     17 320
25  86  53  70   7   0   5 0.00    M    M  1.6  7  40   M    M   0        11  50
26  83  55  69   7   0   4 0.00    M    M  5.2 21 310   M    M   3        30 320
27  76  49  63   1   2   0 0.00    M    M  4.5 16 190   M    M   0 1      24 200
28  79  43  61   0   4   0    T    M    M  3.9 21 290   M    M   3 1      32 280
================================================================================
SM 2427 1651         6 234  0.73    M    109.0          M       68
================================================================================
AV 86.7 59.0                               3.9 FASTST   M    M   2    MAX(MPH)
                                 MISC ---->  # 25 280               # 36  280
================================================================================
NOTES:
# LAST OF SEVERAL OCCURRENCES

COLUMN 17 PEAK WIND IN M.P.H.

PRELIMINARY LOCAL CLIMATOLOGICAL DATA (WS FORM: F-6) , PAGE 2

                                          STATION:  PARKERSBURG WV
                                          MONTH:    SEPTEMBER
                                          YEAR:     2016
                                          LATITUDE:   39 20 N
                                          LONGITUDE:  81 26 W

[TEMPERATURE DATA]      [PRECIPITATION DATA]       SYMBOLS USED IN COLUMN 16

AVERAGE MONTHLY: 72.8   TOTAL FOR MONTH:   0.73    1 = FOG OR MIST
DPTR FM NORMAL:   6.2   DPTR FM NORMAL:   -2.15    2 = FOG REDUCING VISIBILITY
HIGHEST:    94 ON 10, 7 GRTST 24HR  0.55 ON 18-19      TO 1/4 MILE OR LESS
LOWEST:     43 ON 28                               3 = THUNDER
                        SNOW, ICE PELLETS, HAIL    4 = ICE PELLETS
                        TOTAL MONTH:    M          5 = HAIL
                        GRTST 24HR    M  ON   M    6 = FREEZING RAIN OR DRIZZLE
                        GRTST DEPTH:  M  ON   M    7 = DUSTSTORM OR SANDSTORM:
                                                       VSBY 1/2 MILE OR LESS
                                                   8 = SMOKE OR HAZE
[NO. OF DAYS WITH]      [WEATHER - DAYS WITH]      9 = BLOWING SNOW
                                                   X = TORNADO
MAX 32 OR BELOW:   0    0.01 INCH OR MORE:   5
MAX 90 OR ABOVE:  11    0.10 INCH OR MORE:   3
MIN 32 OR BELOW:   0    0.50 INCH OR MORE:   0
MIN  0 OR BELOW:   0    1.00 INCH OR MORE:   0

[HDD (BASE 65) ]
TOTAL THIS MO.     6    CLEAR  (SCALE 0-3)  21
DPTR FM NORMAL   -54    PTCLDY (SCALE 4-7)   7
TOTAL FM JUL 1     6    CLOUDY (SCALE 8-10)  0
DPTR FM NORMAL   -59

[CDD (BASE 65) ]
TOTAL THIS MO.   234
DPTR FM NORMAL   130    [PRESSURE DATA]
TOTAL FM JAN 1  1312    HIGHEST SLP M ON M
DPTR FM NORMAL   378    LOWEST  SLP 29.82 ON 28

[REMARKS]
