500
CXUS53 KAPX 200631
CF6PLN
PRELIMINARY LOCAL CLIMATOLOGICAL DATA (WS FORM: F-6)

                                          STATION:   PELLSTON
                                          MONTH:     AUGUST
                                          YEAR:      2017
                                          LATITUDE:   45 34 N
                                          LONGITUDE:  84 48 W

  TEMPERATURE IN F:       :PCPN:    SNOW:  WIND      :SUNSHINE: SKY     :PK WND
================================================================================
1   2   3   4   5  6A  6B    7    8   9   10  11  12  13   14  15   16   17  18
                                     12Z  AVG MX 2MIN
DY MAX MIN AVG DEP HDD CDD  WTR  SNW DPTH SPD SPD DIR MIN PSBL S-S WX    SPD DR
================================================================================

 1  85  58  72   7   0   7 0.00    M    M  5.3 16 280   M    M   0 1      21 260
 2  80  59  70   5   0   5 0.08    M    M  6.0 15  30   M    M   7 13     18  30
 3  70  55  63  -2   2   0 0.90    M    M  6.5 16 100   M    M   9 13     20 100
 4  73  56  65   0   0   0 0.19    M    M 11.3 23 320   M    M   8 1      30 320
 5  73  57  65   0   0   0    T    M    M 11.7 23 320   M    M   4        28 320
 6  77  50  64  -1   1   0 0.00    M    M  4.2 16 320   M    M   2 1      21 270
 7  74  50  62  -3   3   0 0.00    M    M  5.4 15 290   M    M   2        19 280
 8  80  52  66   1   0   1    T    M    M  4.9 18 250   M    M   2        27 250
 9  81  58  70   5   0   5 0.01    M    M  2.6 14 230   M    M   5 1      18 230
10  76  58  67   2   0   2 0.06    M    M  4.0 10 170   M    M   6        14 180
11  75  60  68   3   0   3 0.24    M    M  5.0 14 310   M    M  10 1      19 300
12  76  51  64   0   1   0 0.00    M    M  7.5 17 310   M    M   5        21 300
13  79  46  63  -1   2   0 0.00    M    M  3.8 16 260   M    M   1 12     21 260
14  76  53  65   1   0   0 0.00    M    M  2.1  9 290   M    M   2        11 300
15  77  54  66   2   0   1    T    M    M  3.7 14 310   M    M   4        19 310
16  80  49  65   1   0   0 0.00    M    M  5.8 16  60   M    M   4 12     19  90
17  74  64  69   5   0   4 0.79    M    M  7.4 16 140   M    M   8 1      21 140
18  69  62  66   2   0   1 0.14    M    M 11.6 21 280   M    M   9 1      29 280
19  76  59  68   4   0   3 0.00    M    M  7.7 16 250   M    M   4 1      22 240
================================================================================
SM 1451 1051         9  32  2.41    M    116.5          M       92
================================================================================
AV 76.4 55.3                               6.1 FASTST   M    M   5    MAX(MPH)
                                 MISC ---->  # 23 320               # 30  320
================================================================================
NOTES:
# LAST OF SEVERAL OCCURRENCES

COLUMN 17 PEAK WIND IN M.P.H.

PRELIMINARY LOCAL CLIMATOLOGICAL DATA (WS FORM: F-6) , PAGE 2

                                          STATION:  PELLSTON
                                          MONTH:    AUGUST
                                          YEAR:     2017
                                          LATITUDE:   45 34 N
                                          LONGITUDE:  84 48 W

[TEMPERATURE DATA]      [PRECIPITATION DATA]       SYMBOLS USED IN COLUMN 16

AVERAGE MONTHLY: 65.8   TOTAL FOR MONTH:   2.41    1 = FOG OR MIST
DPTR FM NORMAL:   1.3   DPTR FM NORMAL:    0.49    2 = FOG REDUCING VISIBILITY
HIGHEST:    85 ON  1    GRTST 24HR  0.90 ON  3- 3      TO 1/4 MILE OR LESS
LOWEST:     46 ON 13                               3 = THUNDER
                        SNOW, ICE PELLETS, HAIL    4 = ICE PELLETS
                        TOTAL MONTH:    M          5 = HAIL
                        GRTST 24HR    M  ON   M    6 = FREEZING RAIN OR DRIZZLE
                        GRTST DEPTH:  M  ON   M    7 = DUSTSTORM OR SANDSTORM:
                                                       VSBY 1/2 MILE OR LESS
                                                   8 = SMOKE OR HAZE
[NO. OF DAYS WITH]      [WEATHER - DAYS WITH]      9 = BLOWING SNOW
                                                   X = TORNADO
MAX 32 OR BELOW:   0    0.01 INCH OR MORE:   8
MAX 90 OR ABOVE:   0    0.10 INCH OR MORE:   5
MIN 32 OR BELOW:   0    0.50 INCH OR MORE:   2
MIN  0 OR BELOW:   0    1.00 INCH OR MORE:   0

[HDD (BASE 65) ]
TOTAL THIS MO.     9    CLEAR  (SCALE 0-3)   6
DPTR FM NORMAL   -41    PTCLDY (SCALE 4-7)  10
TOTAL FM JUL 1    45    CLOUDY (SCALE 8-10)  3
DPTR FM NORMAL   -74

[CDD (BASE 65) ]
TOTAL THIS MO.    32
DPTR FM NORMAL    -6    [PRESSURE DATA]
TOTAL FM JAN 1   140    HIGHEST SLP M ON M
DPTR FM NORMAL   -39    LOWEST  SLP 29.55 ON 18

[REMARKS]
