000
CXUS53 KAPX 230631
CF6PLN
PRELIMINARY LOCAL CLIMATOLOGICAL DATA (WS FORM: F-6)

                                          STATION:   PELLSTON
                                          MONTH:     NOVEMBER
                                          YEAR:      2014
                                          LATITUDE:   45 34 N
                                          LONGITUDE:  84 48 W

  TEMPERATURE IN F:       :PCPN:    SNOW:  WIND      :SUNSHINE: SKY     :PK WND
================================================================================
1   2   3   4   5  6A  6B    7    8   9   10  11  12  13   14  15   16   17  18
                                     12Z  AVG MX 2MIN
DY MAX MIN AVG DEP HDD CDD  WTR  SNW DPTH SPD SPD DIR MIN PSBL S-S WX    SPD DR
================================================================================

 1  37  16  27 -13  38   0 0.00    M    M  3.8 10  20   M    M   1         M  M
 2  48  18  33  -6  32   0 0.00    M    M  4.3 13 230   M    M   5        17 230
 3  55  43  49  10  16   0 0.07    M    M  6.8 13 220   M    M   5        18 220
 4  53  42  48  10  17   0 0.47    M    M  9.9 17 280   M    M  10 1      32 290
 5  43  37  40   2  25   0 0.15    M    M  6.8 15 280   M    M   9        25 280
 6  40  32  36  -2  29   0 0.32    M    M 11.6 18 360   M    M  10 1      30 350
 7  39  26  33  -5  32   0    T    M    M  4.9  9 340   M    M   7 1       M  M
 8  40  30  35  -2  30   0 0.27    M    M 12.1 24 320   M    M  10 1      38 320
 9  34  16  25 -12  40   0 0.55    M    M  3.5  9 190   M    M   8 12      M  M
10  37  17  27  -9  38   0 0.26    M    M  6.4 20  70   M    M   8 12     24  70
11  37  29  33  -3  32   0 0.35    M    M 11.9 16  30   M    M  10 16     28  30
12  33  26  30  -6  35   0 0.02    M    M 14.9 18 280   M    M   8 1      32 280
13  31  26  29  -7  36   0 0.11    M    M  9.9 16 270   M    M   8        23 270
14  32  23  28  -7  37   0 0.01    M    M  7.1 14 310   M    M   7 1       M  M
15  30  25  28  -7  37   0 0.03    M    M  9.9 17 240   M    M   8 1      22 240
16  29  23  26  -8  39   0 0.51    M    M  4.7 12 250   M    M  10 12     20 250
17  28  20  24 -10  41   0 0.09    M    M  8.5 15 270   M    M  10        21 270
18  25  17  21 -13  44   0 0.05    M    M 16.2 22 300   M    M  10 12     37 300
19  25  17  21 -12  44   0 0.11    M    M  8.9 18 280   M    M  10        37 270
20  24  16  20 -13  45   0 0.02    M    M 17.5 22 280   M    M   7 8      35 300
21  29  10  20 -12  45   0    T    M    M  7.5 13 190   M    M   8 1      21 190
22  41  29  35   3  30   0 0.00    M    M  9.4 20 220   M    M   9 1      33 210
================================================================================
SM  790  538       762   0  3.39    M    196.5          M      178
================================================================================
AV 35.9 24.5                               8.9 FASTST   M    M   8    MAX(MPH)
                                 MISC ---->    24   M               # 38  320
================================================================================
NOTES:
# LAST OF SEVERAL OCCURRENCES

COLUMN 17 PEAK WIND IN M.P.H.

PRELIMINARY LOCAL CLIMATOLOGICAL DATA (WS FORM: F-6) , PAGE 2

                                          STATION:  PELLSTON
                                          MONTH:    NOVEMBER
                                          YEAR:     2014
                                          LATITUDE:   45 34 N
                                          LONGITUDE:  84 48 W

[TEMPERATURE DATA]      [PRECIPITATION DATA]       SYMBOLS USED IN COLUMN 16

AVERAGE MONTHLY: 30.2   TOTAL FOR MONTH:   3.39    1 = FOG OR MIST
DPTR FM NORMAL:  -5.7   DPTR FM NORMAL:    1.30    2 = FOG REDUCING VISIBILITY
HIGHEST:    55 ON  3    GRTST 24HR  0.55 ON  9- 9      TO 1/4 MILE OR LESS
LOWEST:     10 ON 21                               3 = THUNDER
                        SNOW, ICE PELLETS, HAIL    4 = ICE PELLETS
                        TOTAL MONTH:    M          5 = HAIL
                        GRTST 24HR    M  ON   M    6 = FREEZING RAIN OR DRIZZLE
                        GRTST DEPTH:  M  ON   M    7 = DUSTSTORM OR SANDSTORM:
                                                       VSBY 1/2 MILE OR LESS
                                                   8 = SMOKE OR HAZE
[NO. OF DAYS WITH]      [WEATHER - DAYS WITH]      9 = BLOWING SNOW
                                                   X = TORNADO
MAX 32 OR BELOW:   9    0.01 INCH OR MORE:  17
MAX 90 OR ABOVE:   0    0.10 INCH OR MORE:  10
MIN 32 OR BELOW:  19    0.50 INCH OR MORE:   2
MIN  0 OR BELOW:   0    1.00 INCH OR MORE:   0

[HDD (BASE 65) ]
TOTAL THIS MO.   762    CLEAR  (SCALE 0-3)   1
DPTR FM NORMAL   123    PTCLDY (SCALE 4-7)  10
TOTAL FM JUL 1  1817    CLOUDY (SCALE 8-10) 11
DPTR FM NORMAL    98

[CDD (BASE 65) ]
TOTAL THIS MO.     0
DPTR FM NORMAL     0    [PRESSURE DATA]
TOTAL FM JAN 1   148    HIGHEST SLP M ON M
DPTR FM NORMAL   -72    LOWEST  SLP M ON M

[REMARKS]
