000
CXUS52 KMFL 191000
CF6PMP
PRELIMINARY LOCAL CLIMATOLOGICAL DATA (WS FORM: F-6)

                                          STATION:   POMPANO BEACH ARPK
                                          MONTH:     NOVEMBER
                                          YEAR:      2017
                                          LATITUDE:   26 14 N
                                          LONGITUDE:  80  7 W

  TEMPERATURE IN F:       :PCPN:    SNOW:  WIND      :SUNSHINE: SKY     :PK WND
================================================================================
1   2   3   4   5  6A  6B    7    8   9   10  11  12  13   14  15   16   17  18
                                     12Z  AVG MX 2MIN
DY MAX MIN AVG DEP HDD CDD  WTR  SNW DPTH SPD SPD DIR MIN PSBL S-S WX    SPD DR
================================================================================

 1  81  64  73  -3   0   8 0.00  0.0    0  6.9 14  40   M    M   3        20  50
 2  83  66  75  -1   0  10 0.00  0.0    0  9.3 17  80   M    M   4        22  80
 3  85  67  76   0   0  11 0.05  0.0    0  8.6 20  40   M    M   4 1      26  40
 4  84  73  79   4   0  14 0.13  0.0    0 10.3 21  30   M    M   5 1      30  30
 5  84  70  77   2   0  12 0.00  0.0    0  7.3 17  40   M    M   2 1      21  50
 6  84  70  77   2   0  12    T  0.0    0  5.0 13  50   M    M   2 1      19  50
 7  83  71  77   2   0  12 0.00  0.0    0  6.4 13  80   M    M   2        18  80
 8  83  70  77   2   0  12    T  0.0    0  7.2 15  40   M    M   1 1      21  30
 9  85  76  81   7   0  16    T  0.0    0  7.5 14 120   M    M   2        17 100
10  85  71  78   4   0  13 0.42  0.0    0  9.6 22  40   M    M   3 1      27  60
11  82  75  79   5   0  14    T  0.0    0 16.0 23  60   M    M   5 18     29  70
12  84  77  81   7   0  16 0.06  0.0    0 16.7 21  60   M    M   9 138    28  80
13  84  75  80   6   0  15 0.15  0.0    0 13.9 25  30   M    M   5 18     36 130
14  83  74  79   5   0  14 0.02  0.0    0 14.6 24  40   M    M   4 18     37  40
15  81  70  76   2   0  11 0.32  0.0    0 12.5 23  40   M    M   6 18     30  40
16  80  69  75   1   0  10    T  0.0    0  9.5 17  20   M    M   6        21 360
17  80  67  74   1   0   9 0.00  0.0    0 10.6 20  40   M    M   4        24  70
18  81  64  73   0   0   8 0.00  0.0    0  5.6 13  70   M    M   3        19  50
================================================================================
SM 1492 1269         0 217  1.15     0.0 177.5          M       70
================================================================================
AV 82.9 70.5                               9.9 FASTST   M    M   4    MAX(MPH)
                                 MISC ---->  # 25  30               # 37   40
================================================================================
NOTES:
# LAST OF SEVERAL OCCURRENCES

COLUMN 17 PEAK WIND IN M.P.H.

PRELIMINARY LOCAL CLIMATOLOGICAL DATA (WS FORM: F-6) , PAGE 2

                                          STATION:  POMPANO BEACH ARPK
                                          MONTH:    NOVEMBER
                                          YEAR:     2017
                                          LATITUDE:   26 14 N
                                          LONGITUDE:  80  7 W

[TEMPERATURE DATA]      [PRECIPITATION DATA]       SYMBOLS USED IN COLUMN 16

AVERAGE MONTHLY: 76.7   TOTAL FOR MONTH:   1.15    1 = FOG OR MIST
DPTR FM NORMAL:   2.2   DPTR FM NORMAL:   -1.41    2 = FOG REDUCING VISIBILITY
HIGHEST:    85 ON 10, 9 GRTST 24HR  0.42 ON 10-10      TO 1/4 MILE OR LESS
LOWEST:     64 ON 18, 1                            3 = THUNDER
                        SNOW, ICE PELLETS, HAIL    4 = ICE PELLETS
                        TOTAL MONTH:   0.0 INCH    5 = HAIL
                        GRTST 24HR     0.0         6 = FREEZING RAIN OR DRIZZLE
                        GRTST DEPTH:   0           7 = DUSTSTORM OR SANDSTORM:
                                                       VSBY 1/2 MILE OR LESS
                                                   8 = SMOKE OR HAZE
[NO. OF DAYS WITH]      [WEATHER - DAYS WITH]      9 = BLOWING SNOW
                                                   X = TORNADO
MAX 32 OR BELOW:   0    0.01 INCH OR MORE:   7
MAX 90 OR ABOVE:   0    0.10 INCH OR MORE:   4
MIN 32 OR BELOW:   0    0.50 INCH OR MORE:   0
MIN  0 OR BELOW:   0    1.00 INCH OR MORE:   0

[HDD (BASE 65) ]
TOTAL THIS MO.     0    CLEAR  (SCALE 0-3)   7
DPTR FM NORMAL     0    PTCLDY (SCALE 4-7)  10
TOTAL FM JUL 1     2    CLOUDY (SCALE 8-10)  1
DPTR FM NORMAL     2

[CDD (BASE 65) ]
TOTAL THIS MO.   217
DPTR FM NORMAL    43    [PRESSURE DATA]
TOTAL FM JAN 1  4648    HIGHEST SLP M ON M
DPTR FM NORMAL   753    LOWEST  SLP 29.85 ON 15

[REMARKS]
