000
CXUS52 KMFL 271000
CF6PMP
PRELIMINARY LOCAL CLIMATOLOGICAL DATA (WS FORM: F-6)

                                          STATION:   POMPANO BEACH ARPK
                                          MONTH:     FEBRUARY
                                          YEAR:      2017
                                          LATITUDE:   26 14 N
                                          LONGITUDE:  80  7 W

  TEMPERATURE IN F:       :PCPN:    SNOW:  WIND      :SUNSHINE: SKY     :PK WND
================================================================================
1   2   3   4   5  6A  6B    7    8   9   10  11  12  13   14  15   16   17  18
                                     12Z  AVG MX 2MIN
DY MAX MIN AVG DEP HDD CDD  WTR  SNW DPTH SPD SPD DIR MIN PSBL S-S WX    SPD DR
================================================================================

 1  77  54  66  -2   0   1 0.00  0.0    0  5.6 14 100   M    M   1 18     19 120
 2  79  62  71   3   0   6 0.00  0.0    0  7.7 14  80   M    M   4 1      19  40
 3  80  68  74   6   0   9 0.00  0.0    0  6.9 13  80   M    M   3        17  50
 4  79  63  71   3   0   6 0.00  0.0    0  6.6 13  50   M    M   0 18     20  60
 5  80  64  72   4   0   7 0.00  0.0    0  5.5 12 130   M    M   1 18     16 120
 6  81  70  76   8   0  11 0.00  0.0    0  9.9 16  80   M    M   1        20 100
 7  81  73  77   9   0  12 0.00  0.0    0 10.4 16 150   M    M   2        22 130
 8  86  68  77   9   0  12 0.00  0.0    0  6.6 16 140   M    M   2 1      20 240
 9  89  69  79  10   0  14    T  0.0    0  9.2 31 330   M    M   4 138    39 320
10  77  63  70   1   0   5 0.00  0.0    0 11.5 21  40   M    M   1 18     28  40
11  78  69  74   5   0   9 0.00  0.0    0  8.8 16 100   M    M   2        24 130
12  79  65  72   3   0   7 0.00  0.0    0  5.8 13 130   M    M   2        18 120
13  81  60  71   2   0   6 0.00  0.0    0  6.9 14 310   M    M   1 1       M  M
14  82  63  73   4   0   8 0.00  0.0    0  6.2 15 150   M    M   2 1       M  M
15  87  63  75   6   0  10 0.00  0.0    0 12.2 23 250   M    M   2 13     38 230
16  78  62  70   1   0   5 0.00  0.0    0 12.5 20 290   M    M   6        32 280
17  78  57  68  -1   0   3 0.00  0.0    0  8.1 12 100   M    M   0         M  M
18  81  64  73   4   0   8 0.00  0.0    0  8.7 16 170   M    M   3         M  M
19  90  71  81  12   0  16    T  0.0    0  9.2 15  40   M    M   3 18     29 290
20  82  65  74   4   0   9 0.00  0.0    0  7.6 15  90   M    M   2        24  90
21  81  71  76   6   0  11 0.00  0.0    0 10.4 17 140   M    M   4        22 140
22  77  65  71   1   0   6 0.95  0.0    0 12.1 24 130   M    M   7 13     35 130
23  81  63  72   2   0   7    T  0.0    0  7.4 14 250   M    M   4        28 260
24  84  64  74   4   0   9 0.00  0.0    0  6.4 10  30   M    M   3 1       M  M
25  87  65  76   6   0  11 0.00  0.0    0  5.6 14 150   M    M   2 1       M  M
26  82  65  74   4   0   9 0.00  0.0    0 12.6 21  40   M    M   3        27  50
================================================================================
SM 2117 1686         0 217  0.95     0.0 220.4          M       65
================================================================================
AV 81.4 64.9                               8.5 FASTST   M    M   3    MAX(MPH)
                                 MISC ---->  # 31 330               # 39  320
================================================================================
NOTES:
# LAST OF SEVERAL OCCURRENCES

COLUMN 17 PEAK WIND IN M.P.H.

PRELIMINARY LOCAL CLIMATOLOGICAL DATA (WS FORM: F-6) , PAGE 2

                                          STATION:  POMPANO BEACH ARPK
                                          MONTH:    FEBRUARY
                                          YEAR:     2017
                                          LATITUDE:   26 14 N
                                          LONGITUDE:  80  7 W

[TEMPERATURE DATA]      [PRECIPITATION DATA]       SYMBOLS USED IN COLUMN 16

AVERAGE MONTHLY: 73.1   TOTAL FOR MONTH:   0.95    1 = FOG OR MIST
DPTR FM NORMAL:   4.2   DPTR FM NORMAL:   -1.42    2 = FOG REDUCING VISIBILITY
HIGHEST:    90 ON 19    GRTST 24HR  0.95 ON 22-22      TO 1/4 MILE OR LESS
LOWEST:     54 ON  1                               3 = THUNDER
                        SNOW, ICE PELLETS, HAIL    4 = ICE PELLETS
                        TOTAL MONTH:   0.0 INCH    5 = HAIL
                        GRTST 24HR     0.0         6 = FREEZING RAIN OR DRIZZLE
                        GRTST DEPTH:   0           7 = DUSTSTORM OR SANDSTORM:
                                                       VSBY 1/2 MILE OR LESS
                                                   8 = SMOKE OR HAZE
[NO. OF DAYS WITH]      [WEATHER - DAYS WITH]      9 = BLOWING SNOW
                                                   X = TORNADO
MAX 32 OR BELOW:   0    0.01 INCH OR MORE:   1
MAX 90 OR ABOVE:   1    0.10 INCH OR MORE:   1
MIN 32 OR BELOW:   0    0.50 INCH OR MORE:   1
MIN  0 OR BELOW:   0    1.00 INCH OR MORE:   0

[HDD (BASE 65) ]
TOTAL THIS MO.     0    CLEAR  (SCALE 0-3)  19
DPTR FM NORMAL   -26    PTCLDY (SCALE 4-7)   7
TOTAL FM JUL 1    27    CLOUDY (SCALE 8-10)  0
DPTR FM NORMAL  -121

[CDD (BASE 65) ]
TOTAL THIS MO.   217
DPTR FM NORMAL    83    [PRESSURE DATA]
TOTAL FM JAN 1   425    HIGHEST SLP M ON M
DPTR FM NORMAL   163    LOWEST  SLP 29.91 ON 21

[REMARKS]
