000
CXUS52 KMFL 251000
CF6PMP
PRELIMINARY LOCAL CLIMATOLOGICAL DATA (WS FORM: F-6)

                                          STATION:   POMPANO BEACH ARPK
                                          MONTH:     MAY
                                          YEAR:      2017
                                          LATITUDE:   26 14 N
                                          LONGITUDE:  80  7 W

  TEMPERATURE IN F:       :PCPN:    SNOW:  WIND      :SUNSHINE: SKY     :PK WND
================================================================================
1   2   3   4   5  6A  6B    7    8   9   10  11  12  13   14  15   16   17  18
                                     12Z  AVG MX 2MIN
DY MAX MIN AVG DEP HDD CDD  WTR  SNW DPTH SPD SPD DIR MIN PSBL S-S WX    SPD DR
================================================================================

 1  87  78  83   7   0  18    T  0.0    0 16.7 25 130   M    M   6        31 150
 2  86  72  79   3   0  14 0.34  0.0    0 11.5 26 140   M    M   5 13     32 160
 3  85  72  79   2   0  14 0.00  0.0    0  8.6 15 110   M    M   1        20 100
 4  85  74  80   3   0  15 0.14  0.0    0 10.2 18 120   M    M   3 138    22 120
 5  86  70  78   1   0  13 0.28  0.0    0 12.3 23 280   M    M   2 13     28 290
 6  82  70  76  -1   0  11 0.00  0.0    0  8.9 16 310   M    M   0        23 320
 7  83  62  73  -4   0   8 0.00  0.0    0  7.7 15 310   M    M   0        17 320
 8  85  65  75  -2   0  10 0.00  0.0    0  7.1 15 110   M    M   0        19 120
 9  85  67  76  -1   0  11 0.00  0.0    0  6.0 14 110   M    M   0        18 100
10  86  70  78   0   0  13 0.00  0.0    0  6.4 14 100   M    M   0 18     20 110
11  86  71  79   1   0  14 0.00  0.0    0  7.8 17 260   M    M   1        21 140
12  87  72  80   2   0  15 0.00  0.0    0  8.3 21 150   M    M   2        27 150
13  90  74  82   4   0  17 0.00  0.0    0 11.0 23 160   M    M   2 8      31 140
14  91  76  84   6   0  19    T  0.0    0  8.2 21 130   M    M   4 3      25 130
15  89  70  80   2   0  15 0.00  0.0    0  7.7 15  60   M    M   2        18  50
16  88  75  82   4   0  17 0.00  0.0    0 10.9 18 100   M    M   2        23 100
17  88  79  84   5   0  19 0.00  0.0    0 15.5 22  90   M    M   3        29  90
18  87  77  82   3   0  17 0.02  0.0    0 15.3 22 100   M    M   5 1      29  90
19  88  74  81   2   0  16 0.30  0.0    0 14.3 21 120   M    M   6 18     29 120
20  88  80  84   5   0  19 0.00  0.0    0 13.0 22 130   M    M   2        27 130
21  87  79  83   4   0  18 0.00  0.0    0 11.7 18 110   M    M   1        21 110
22  87  74  81   2   0  16 0.00  0.0    0  9.5 20 130   M    M   2        23 150
23  89  79  84   5   0  19 0.00  0.0    0 11.7 24 160   M    M   3 3      32 150
24  91  72  82   2   0  17 1.34  0.0    0 12.1 32 230   M    M   5 138    39 250
================================================================================
SM 2086 1752         0 365  2.42     0.0 252.4          M       57
================================================================================
AV 86.9 73.0                              10.5 FASTST   M    M   2    MAX(MPH)
                                 MISC ---->  # 32 230               # 39  250
================================================================================
NOTES:
# LAST OF SEVERAL OCCURRENCES

COLUMN 17 PEAK WIND IN M.P.H.

PRELIMINARY LOCAL CLIMATOLOGICAL DATA (WS FORM: F-6) , PAGE 2

                                          STATION:  POMPANO BEACH ARPK
                                          MONTH:    MAY
                                          YEAR:     2017
                                          LATITUDE:   26 14 N
                                          LONGITUDE:  80  7 W

[TEMPERATURE DATA]      [PRECIPITATION DATA]       SYMBOLS USED IN COLUMN 16

AVERAGE MONTHLY: 80.0   TOTAL FOR MONTH:   2.42    1 = FOG OR MIST
DPTR FM NORMAL:   2.0   DPTR FM NORMAL:   -0.86    2 = FOG REDUCING VISIBILITY
HIGHEST:    91 ON 24,14 GRTST 24HR  1.34 ON 24-24      TO 1/4 MILE OR LESS
LOWEST:     62 ON  7                               3 = THUNDER
                        SNOW, ICE PELLETS, HAIL    4 = ICE PELLETS
                        TOTAL MONTH:   0.0 INCH    5 = HAIL
                        GRTST 24HR     0.0         6 = FREEZING RAIN OR DRIZZLE
                        GRTST DEPTH:   0           7 = DUSTSTORM OR SANDSTORM:
                                                       VSBY 1/2 MILE OR LESS
                                                   8 = SMOKE OR HAZE
[NO. OF DAYS WITH]      [WEATHER - DAYS WITH]      9 = BLOWING SNOW
                                                   X = TORNADO
MAX 32 OR BELOW:   0    0.01 INCH OR MORE:   6
MAX 90 OR ABOVE:   3    0.10 INCH OR MORE:   5
MIN 32 OR BELOW:   0    0.50 INCH OR MORE:   1
MIN  0 OR BELOW:   0    1.00 INCH OR MORE:   1

[HDD (BASE 65) ]
TOTAL THIS MO.     0    CLEAR  (SCALE 0-3)  17
DPTR FM NORMAL     0    PTCLDY (SCALE 4-7)   7
TOTAL FM JUL 1    34    CLOUDY (SCALE 8-10)  0
DPTR FM NORMAL  -140

[CDD (BASE 65) ]
TOTAL THIS MO.   365
DPTR FM NORMAL    54    [PRESSURE DATA]
TOTAL FM JAN 1  1451    HIGHEST SLP M ON M
DPTR FM NORMAL   364    LOWEST  SLP 29.75 ON  5

[REMARKS]
