000
CXUS54 KOUN 190700
CF6PNC
PRELIMINARY LOCAL CLIMATOLOGICAL DATA (WS FORM: F-6)

                                          STATION:   PONCA CITY
                                          MONTH:     FEBRUARY
                                          YEAR:      2018
                                          LATITUDE:   36 44 N
                                          LONGITUDE:  97  6 W

  TEMPERATURE IN F:       :PCPN:    SNOW:  WIND      :SUNSHINE: SKY     :PK WND
================================================================================
1   2   3   4   5  6A  6B    7    8   9   10  11  12  13   14  15   16   17  18
                                     12Z  AVG MX 2MIN
DY MAX MIN AVG DEP HDD CDD  WTR  SNW DPTH SPD SPD DIR MIN PSBL S-S WX    SPD DR
================================================================================

 1  45  20  33  -3  32   0 0.00  0.0    0 15.0 29  30   M    M   1        37  30
 2  45  17  31  -5  34   0 0.00  0.0    0  7.6 17 160   M    M   0        24 180
 3  55  33  44   7  21   0 0.00  0.0    0  9.6 21 160   M    M   0        28 170
 4  40  13  27 -10  38   0 0.00  0.0    0 14.8 32 360   M    M   3        41  10
 5  41  11  26 -11  39   0 0.00  0.0    0  8.9 22  20   M    M   2        28 210
 6  33  14  24 -13  41   0 0.00  0.0    0  9.1 20  80   M    M   4        24  90
 7  44  13  29  -9  36   0 0.00  0.0    0  5.7 17  10   M    M   1        20  20
 8  61  19  40   2  25   0 0.00  0.0    0  8.1 18 210   M    M   0        26 210
 9  56  24  40   2  25   0 0.00  0.0    0 13.3 23 360   M    M   0        27  30
10  24  18  21 -17  44   0    T  0.0    0 15.3 24 360   M    M  10 18     29  10
11  37  11  24 -14  41   0 0.00  0.0    0  6.5 21 350   M    M   3        24 360
12  46   6  26 -13  39   0 0.00  0.0    0  8.8 20  90   M    M   1 1      24  80
13  56  23  40   1  25   0 0.00  0.0    0  9.2 20 170   M    M   6        26 170
14  76  46  61  22   4   0 0.00  0.0    0 10.4 21 220   M    M   5 18     27 210
15  78  51  65  25   0   0 0.00  0.0    0 15.0 29  10   M    M   1        43 210
16  51  30  41   1  24   0 0.00  0.0    0 14.5 32 360   M    M   1        40 360
17  63  32  48   8  17   0 0.19    M    0  6.2 21 170   M    M   3 1      27 160
18  61  31  46   5  19   0 0.00  0.0    0 15.9 26 160   M    M   6 1      37 160
================================================================================
SM  912  412       504   0  0.19     0.0 193.9          M       47
================================================================================
AV 50.7 22.9                              10.8 FASTST   M    M   3    MAX(MPH)
                                 MISC ---->  # 32 360               # 43  210
================================================================================
NOTES:
# LAST OF SEVERAL OCCURRENCES

COLUMN 17 PEAK WIND IN M.P.H.

PRELIMINARY LOCAL CLIMATOLOGICAL DATA (WS FORM: F-6) , PAGE 2

                                          STATION:  PONCA CITY
                                          MONTH:    FEBRUARY
                                          YEAR:     2018
                                          LATITUDE:   36 44 N
                                          LONGITUDE:  97  6 W

[TEMPERATURE DATA]      [PRECIPITATION DATA]       SYMBOLS USED IN COLUMN 16

AVERAGE MONTHLY: 36.8   TOTAL FOR MONTH:   0.19    1 = FOG OR MIST
DPTR FM NORMAL:  -1.4   DPTR FM NORMAL:   -0.59    2 = FOG REDUCING VISIBILITY
HIGHEST:    78 ON 15    GRTST 24HR  0.19 ON 17-17      TO 1/4 MILE OR LESS
LOWEST:      6 ON 12                               3 = THUNDER
                        SNOW, ICE PELLETS, HAIL    4 = ICE PELLETS
                        TOTAL MONTH:   0.0 INCH    5 = HAIL
                        GRTST 24HR     0.0         6 = FREEZING RAIN OR DRIZZLE
                        GRTST DEPTH:   0           7 = DUSTSTORM OR SANDSTORM:
                                                       VSBY 1/2 MILE OR LESS
                                                   8 = SMOKE OR HAZE
[NO. OF DAYS WITH]      [WEATHER - DAYS WITH]      9 = BLOWING SNOW
                                                   X = TORNADO
MAX 32 OR BELOW:   1    0.01 INCH OR MORE:   1
MAX 90 OR ABOVE:   0    0.10 INCH OR MORE:   1
MIN 32 OR BELOW:  15    0.50 INCH OR MORE:   0
MIN  0 OR BELOW:   0    1.00 INCH OR MORE:   0

[HDD (BASE 65) ]
TOTAL THIS MO.   504    CLEAR  (SCALE 0-3)  12
DPTR FM NORMAL    23    PTCLDY (SCALE 4-7)   5
TOTAL FM JUL 1  2813    CLOUDY (SCALE 8-10)  1
DPTR FM NORMAL  -246

[CDD (BASE 65) ]
TOTAL THIS MO.     0
DPTR FM NORMAL     0    [PRESSURE DATA]
TOTAL FM JAN 1     0    HIGHEST SLP M ON M
DPTR FM NORMAL     0    LOWEST  SLP 29.72 ON 18

[REMARKS]
