000
CXUS56 KFGZ 210900
CF6PRC
PRELIMINARY LOCAL CLIMATOLOGICAL DATA (WS FORM: F-6)

                                          STATION:   PRESCOTT AZ AIRPORT
                                          MONTH:     AUGUST
                                          YEAR:      2017
                                          LATITUDE:   34 39 N
                                          LONGITUDE: 112 26 W

  TEMPERATURE IN F:       :PCPN:    SNOW:  WIND      :SUNSHINE: SKY     :PK WND
================================================================================
1   2   3   4   5  6A  6B    7    8   9   10  11  12  13   14  15   16   17  18
                                     12Z  AVG MX 2MIN
DY MAX MIN AVG DEP HDD CDD  WTR  SNW DPTH SPD SPD DIR MIN PSBL S-S WX    SPD DR
================================================================================

 1  89  60  75   0   0  10 0.63    M    M  7.0 29  60   M    M   4 13     38  60
 2  87  63  75   0   0  10 0.00    M    M  5.8 16 160   M    M   1        21 150
 3  81  66  74  -1   0   9 0.22    M    M  4.0 26 150   M    M   4 38     37 150
 4  85  62  74  -1   0   9 0.00  0.0    0  5.5 23 240   M    M   3 3      29 250
 5  83  63  73  -2   0   8 0.40    M    M  6.2 22 250   M    M   4 13X    26 250
 6  84  60  72  -2   0   7 0.00    M    M  5.9 15 150   M    M   2        19 140
 7  86  60  73  -1   0   8 0.00    M    M  4.9 13 140   M    M   3        18 140
 8  87  58  73  -1   0   8 0.00    M    M  6.3 14 210   M    M   0        20 210
 9  90  58  74   0   0   9 0.00    M    M  6.3 16 210   M    M   1        22 180
10  90  63  77   3   0  12 0.29    M    M  6.2 20 140   M    M   1 3      27 140
11  87  62  75   1   0  10    T    M    M  4.3 10 150   M    M   2        13 200
12  83  64  74   0   0   9 0.60    M    M  5.4 25  30   M    M   5 13     30  30
13  84  63  74   0   0   9 0.00    M    M  5.8 18 250   M    M   3        24 270
14  83  59  71  -3   0   6 0.05    M    M  8.5 26 230   M    M   2 1      31 230
15  81  56  69  -5   0   4 0.00  0.0    0  7.6 18 220   M    M   0        24 200
16  83  53  68  -6   0   3 0.00  0.0    0  8.3 18 150   M    M   0        26 150
17  87  54  71  -3   0   6 0.00  0.0    0  4.9 14 140   M    M   0        17 140
18  90  54  72  -1   0   7 0.00  0.0    0  4.6 12 230   M    M   0        15 200
19  87  56  72  -1   0   7 0.00  0.0    0  7.5 21 220   M    M   1 8      25 220
20  85  63  74   1   0   9    T    M    M  5.7 15  80   M    M   3 3      21  90
================================================================================
SM 1712 1197         0 160  2.19     0.0 120.7          M       39
================================================================================
AV 85.6 59.9                               6.0 FASTST   M    M   2    MAX(MPH)
                                 MISC ---->  # 29  60               # 38   60
================================================================================
NOTES:
# LAST OF SEVERAL OCCURRENCES

COLUMN 17 PEAK WIND IN M.P.H.

PRELIMINARY LOCAL CLIMATOLOGICAL DATA (WS FORM: F-6) , PAGE 2

                                          STATION:  PRESCOTT AZ AIRPORT
                                          MONTH:    AUGUST
                                          YEAR:     2017
                                          LATITUDE:   34 39 N
                                          LONGITUDE: 112 26 W

[TEMPERATURE DATA]      [PRECIPITATION DATA]       SYMBOLS USED IN COLUMN 16

AVERAGE MONTHLY: 72.7   TOTAL FOR MONTH:   2.19    1 = FOG OR MIST
DPTR FM NORMAL:  -1.4   DPTR FM NORMAL:    0.41    2 = FOG REDUCING VISIBILITY
HIGHEST:    90 ON 18,10 GRTST 24HR  0.63 ON  1- 1      TO 1/4 MILE OR LESS
LOWEST:     53 ON 16                               3 = THUNDER
                        SNOW, ICE PELLETS, HAIL    4 = ICE PELLETS
                        TOTAL MONTH:   0.0 INCH    5 = HAIL
                        GRTST 24HR     0.0         6 = FREEZING RAIN OR DRIZZLE
                        GRTST DEPTH:   0           7 = DUSTSTORM OR SANDSTORM:
                                                       VSBY 1/2 MILE OR LESS
                                                   8 = SMOKE OR HAZE
[NO. OF DAYS WITH]      [WEATHER - DAYS WITH]      9 = BLOWING SNOW
                                                   X = TORNADO
MAX 32 OR BELOW:   0    0.01 INCH OR MORE:   6
MAX 90 OR ABOVE:   3    0.10 INCH OR MORE:   5
MIN 32 OR BELOW:   0    0.50 INCH OR MORE:   2
MIN  0 OR BELOW:   0    1.00 INCH OR MORE:   0

[HDD (BASE 65) ]
TOTAL THIS MO.     0    CLEAR  (SCALE 0-3)  15
DPTR FM NORMAL     0    PTCLDY (SCALE 4-7)   5
TOTAL FM JUL 1     0    CLOUDY (SCALE 8-10)  0
DPTR FM NORMAL     0

[CDD (BASE 65) ]
TOTAL THIS MO.   160
DPTR FM NORMAL   -23    [PRESSURE DATA]
TOTAL FM JAN 1   902    HIGHEST SLP M ON M
DPTR FM NORMAL   164    LOWEST  SLP 29.80 ON 15

[REMARKS]
