000
CXUS54 KFWD 230730
CF6PRX
PRELIMINARY LOCAL CLIMATOLOGICAL DATA (WS FORM: F-6)

                                          STATION:   PARIS
                                          MONTH:     OCTOBER
                                          YEAR:      2017
                                          LATITUDE:   33 37 N
                                          LONGITUDE:  95 27 W

  TEMPERATURE IN F:       :PCPN:    SNOW:  WIND      :SUNSHINE: SKY     :PK WND
================================================================================
1   2   3   4   5  6A  6B    7    8   9   10  11  12  13   14  15   16   17  18
                                     12Z  AVG MX 2MIN
DY MAX MIN AVG DEP HDD CDD  WTR  SNW DPTH SPD SPD DIR MIN PSBL S-S WX    SPD DR
================================================================================

 1  86  60  73   2   0   8 0.00  0.0    0  7.0 13 150   M    M   0        17 150
 2  87  66  77   7   0  12 0.00  0.0    0 11.3 18 140   M    M   3 1       M  M
 3  80  71  76   6   0  11 0.89  0.0    0 12.5 18 140   M    M  10 13      M  M
 4  84  70  77   7   0  12 0.06  0.0    0  6.2  9 150   M    M   4 1       M  M
 5  87  65  76   6   0  11 0.00  0.0    0  6.1  8 110   M    M   1         M  M
 6  86  63  75   6   0  10 0.00  0.0    0  7.8 13 160   M    M   0         M  M
 7  82  63  73   4   0   8 0.00  0.0    0  6.1 14 140   M    M   3 1       M  M
 8  87  59  73   5   0   8 0.00  0.0    0  5.6 13 190   M    M   0 18      M  M
 9  92  63  78  10   0  13 0.02  0.0    0  9.2 16 170   M    M   2 38     23 170
10  73  55  64  -4   1   0    T  0.0    0 13.2 18 340   M    M   3        27 340
11  71  46  59  -9   6   0 0.00  0.0    0  4.1 12  10   M    M   0 8       M  M
12  84  53  69   2   0   4 0.00  0.0    0  6.7  9 120   M    M   0         M  M
13  90  62  76   9   0  11 0.00  0.0    0  7.7 13 210   M    M   1         M  M
14  90  66  78  11   0  13 0.00  0.0    0  9.3 16 190   M    M   1 1      20 190
15  75  52  64  -2   1   0 0.03  0.0    0 13.8 22 360   M    M   3        32 360
16  71  45  58  -8   7   0 0.00  0.0    0  7.0 13  80   M    M   0 8      18  80
17  74  43  59  -7   6   0 0.00  0.0    0  5.6 12 130   M    M   0 8       M  M
18  80  43  62  -3   3   0 0.00  0.0    0  7.8 10 160   M    M   0        17 180
19  83  50  67   2   0   2 0.00  0.0    0  7.2 12 140   M    M   0         M  M
20  81  57  69   4   0   4    T  0.0    0 10.3 18 130   M    M   2        23 140
21  85  64  75  11   0  10 0.00  0.0    0 12.8 18 150   M    M   7 3      24 180
22  76  48  62  -2   3   0 1.51  0.0    0  9.4 17 320   M    M   5 13      M  M
================================================================================
SM 1804 1264        27 137  2.51     0.0 186.7          M       45
================================================================================
AV 82.0 57.5                               8.5 FASTST   M    M   2    MAX(MPH)
                                 MISC ---->    22   M                 32    M
================================================================================
NOTES:
# LAST OF SEVERAL OCCURRENCES

COLUMN 17 PEAK WIND IN M.P.H.

PRELIMINARY LOCAL CLIMATOLOGICAL DATA (WS FORM: F-6) , PAGE 2

                                          STATION:  PARIS
                                          MONTH:    OCTOBER
                                          YEAR:     2017
                                          LATITUDE:   33 37 N
                                          LONGITUDE:  95 27 W

[TEMPERATURE DATA]      [PRECIPITATION DATA]       SYMBOLS USED IN COLUMN 16

AVERAGE MONTHLY: 69.7   TOTAL FOR MONTH:   2.51    1 = FOG OR MIST
DPTR FM NORMAL:   2.3   DPTR FM NORMAL:   -0.93    2 = FOG REDUCING VISIBILITY
HIGHEST:    92 ON  9    GRTST 24HR  1.51 ON 22-22      TO 1/4 MILE OR LESS
LOWEST:     43 ON 18,17                            3 = THUNDER
                        SNOW, ICE PELLETS, HAIL    4 = ICE PELLETS
                        TOTAL MONTH:   0.0 INCH    5 = HAIL
                        GRTST 24HR     0.0         6 = FREEZING RAIN OR DRIZZLE
                        GRTST DEPTH:   0           7 = DUSTSTORM OR SANDSTORM:
                                                       VSBY 1/2 MILE OR LESS
                                                   8 = SMOKE OR HAZE
[NO. OF DAYS WITH]      [WEATHER - DAYS WITH]      9 = BLOWING SNOW
                                                   X = TORNADO
MAX 32 OR BELOW:   0    0.01 INCH OR MORE:   5
MAX 90 OR ABOVE:   3    0.10 INCH OR MORE:   2
MIN 32 OR BELOW:   0    0.50 INCH OR MORE:   2
MIN  0 OR BELOW:   0    1.00 INCH OR MORE:   1

[HDD (BASE 65) ]
TOTAL THIS MO.    27    CLEAR  (SCALE 0-3)  17
DPTR FM NORMAL   -20    PTCLDY (SCALE 4-7)   4
TOTAL FM JUL 1    27    CLOUDY (SCALE 8-10)  1
DPTR FM NORMAL   -31

[CDD (BASE 65) ]
TOTAL THIS MO.   137
DPTR FM NORMAL    38    [PRESSURE DATA]
TOTAL FM JAN 1  2039    HIGHEST SLP M ON M
DPTR FM NORMAL  -461    LOWEST  SLP M ON M

[REMARKS]
