000
CXUS54 KFWD 240730
CF6PRX
PRELIMINARY LOCAL CLIMATOLOGICAL DATA (WS FORM: F-6)

                                          STATION:   PARIS
                                          MONTH:     MAY
                                          YEAR:      2017
                                          LATITUDE:   33 37 N
                                          LONGITUDE:  95 27 W

  TEMPERATURE IN F:       :PCPN:    SNOW:  WIND      :SUNSHINE: SKY     :PK WND
================================================================================
1   2   3   4   5  6A  6B    7    8   9   10  11  12  13   14  15   16   17  18
                                     12Z  AVG MX 2MIN
DY MAX MIN AVG DEP HDD CDD  WTR  SNW DPTH SPD SPD DIR MIN PSBL S-S WX    SPD DR
================================================================================

 1  75  45  60  -8   5   0 0.00  0.0    0  9.8 18 260   M    M   0        24 260
 2  82  55  69   1   0   4 0.13  0.0    0 11.2 20 190   M    M   2        24 200
 3  72  54  63  -6   2   0 0.14  0.0    0 13.5 24 340   M    M   6 3      33 330
 4  70  48  59 -10   6   0 0.00  0.0    0 16.6 22 330   M    M   4        33 330
 5  75  48  62  -7   3   0 0.00  0.0    0 10.6 22 320   M    M   0        33 340
 6  81  48  65  -5   0   0 0.00  0.0    0  3.8  8 240   M    M   0         M  M
 7  82  55  69  -1   0   4 0.00  0.0    0  6.5 16 140   M    M   0        18 150
 8  81  57  69  -1   0   4 0.00  0.0    0  8.6 14 140   M    M   0        18 190
 9  81  61  71   1   0   6 0.00  0.0    0  8.2 27 170   M    M   1        21 160
10  81  64  73   2   0   8 0.05  0.0    0 10.3 21 170   M    M   3        27 170
11  81  66  74   3   0   9 0.64  0.0    0  7.8 15 140   M    M   4 3      18 180
12  73  57  65  -6   0   0 0.06  0.0    0 11.7 24 350   M    M   6        30 350
13  79  55  67  -5   0   2 0.00  0.0    0  4.3  7 120   M    M   0         M  M
14  82  55  69  -3   0   4 0.00  0.0    0  6.5 12 140   M    M   0         M  M
15  84  61  73   1   0   8 0.00  0.0    0  9.1 14 160   M    M   1        18 150
16  84  63  74   2   0   9 0.00  0.0    0 13.3 20 190   M    M   5        25 150
17  84  68  76   3   0  11 0.00  0.0    0 15.6 24 190   M    M   5        31 190
18  88  73  81   8   0  16 0.00  0.0    0 14.1 21 160   M    M   6 3      31 160
19  88  72  80   7   0  15 0.00  0.0    0 13.2 18 160   M    M   4        25 160
20  77  63  70  -4   0   5 0.43  0.0    0  8.9 15 150   M    M   6 3      21 150
21  79  59  69  -5   0   4 0.00  0.0    0  7.5 13  30   M    M   1 3      18  30
22  77  61  69  -5   0   4 0.00  0.0    0  7.7 15 140   M    M   2        22 140
23  75  57  66  -8   0   1 0.21  0.0    0  7.4 27 340   M    M   5 3      33 340
================================================================================
SM 1831 1345        16 114  1.66     0.0 226.2          M       61
================================================================================
AV 79.6 58.5                               9.8 FASTST   M    M   3    MAX(MPH)
                                 MISC ---->  # 27 170               # 33  330
================================================================================
NOTES:
# LAST OF SEVERAL OCCURRENCES

COLUMN 17 PEAK WIND IN M.P.H.

PRELIMINARY LOCAL CLIMATOLOGICAL DATA (WS FORM: F-6) , PAGE 2

                                          STATION:  PARIS
                                          MONTH:    MAY
                                          YEAR:     2017
                                          LATITUDE:   33 37 N
                                          LONGITUDE:  95 27 W

[TEMPERATURE DATA]      [PRECIPITATION DATA]       SYMBOLS USED IN COLUMN 16

AVERAGE MONTHLY: 69.0   TOTAL FOR MONTH:   1.66    1 = FOG OR MIST
DPTR FM NORMAL:  -2.2   DPTR FM NORMAL:   -2.37    2 = FOG REDUCING VISIBILITY
HIGHEST:    88 ON 19,18 GRTST 24HR  0.64 ON 11-11      TO 1/4 MILE OR LESS
LOWEST:     45 ON  1                               3 = THUNDER
                        SNOW, ICE PELLETS, HAIL    4 = ICE PELLETS
                        TOTAL MONTH:   0.0 INCH    5 = HAIL
                        GRTST 24HR     0.0         6 = FREEZING RAIN OR DRIZZLE
                        GRTST DEPTH:   0           7 = DUSTSTORM OR SANDSTORM:
                                                       VSBY 1/2 MILE OR LESS
                                                   8 = SMOKE OR HAZE
[NO. OF DAYS WITH]      [WEATHER - DAYS WITH]      9 = BLOWING SNOW
                                                   X = TORNADO
MAX 32 OR BELOW:   0    0.01 INCH OR MORE:   7
MAX 90 OR ABOVE:   0    0.10 INCH OR MORE:   5
MIN 32 OR BELOW:   0    0.50 INCH OR MORE:   1
MIN  0 OR BELOW:   0    1.00 INCH OR MORE:   0

[HDD (BASE 65) ]
TOTAL THIS MO.    16    CLEAR  (SCALE 0-3)  13
DPTR FM NORMAL     1    PTCLDY (SCALE 4-7)  10
TOTAL FM JUL 1  1836    CLOUDY (SCALE 8-10)  0
DPTR FM NORMAL  -851

[CDD (BASE 65) ]
TOTAL THIS MO.   114
DPTR FM NORMAL   -47    [PRESSURE DATA]
TOTAL FM JAN 1   255    HIGHEST SLP M ON M
DPTR FM NORMAL   -17    LOWEST  SLP M ON M

[REMARKS]
