000
CXUS54 KFWD 220730
CF6PRX
PRELIMINARY LOCAL CLIMATOLOGICAL DATA (WS FORM: F-6)

                                          STATION:   PARIS
                                          MONTH:     JANUARY
                                          YEAR:      2018
                                          LATITUDE:   33 37 N
                                          LONGITUDE:  95 27 W

  TEMPERATURE IN F:       :PCPN:    SNOW:  WIND      :SUNSHINE: SKY     :PK WND
================================================================================
1   2   3   4   5  6A  6B    7    8   9   10  11  12  13   14  15   16   17  18
                                     12Z  AVG MX 2MIN
DY MAX MIN AVG DEP HDD CDD  WTR  SNW DPTH SPD SPD DIR MIN PSBL S-S WX    SPD DR
================================================================================

 1  28  13  21 -22  44   0 0.00  0.0    0 10.0 15  10   M    M   0        20 360
 2  24  13  19 -24  46   0 0.00  0.0    0  6.5 10  40   M    M   7         M  M
 3  44  14  29 -14  36   0 0.00  0.0    0  7.7 16 320   M    M   1        20 330
 4  45  21  33 -10  32   0 0.00  0.0    0  3.6  7 330   M    M   0         M  M
 5  57  22  40  -3  25   0 0.00  0.0    0  6.0 10 220   M    M   0         M  M
 6  58  31  45   2  20   0 0.00  0.0    0  9.6 15 130   M    M   1         M  M
 7  57  44  51   8  14   0 0.59  0.0    0 12.8 16 150   M    M  10 1      24 140
 8  57  39  48   5  17   0 0.00  0.0    0 11.7 18 330   M    M   2 1      23 330
 9  45  36  41  -2  24   0    T    M    0  8.5 13 130   M    M   9 1       M  M
10  55  44  50   7  15   0    T    M    0 12.3 18 150   M    M  10 1      23 150
11  66  25  46   3  19   0 0.00  0.0    0 18.9 32 340   M    M   8        44 340
12  39  19  29 -14  36   0 0.00  0.0    0 17.1 33 330   M    M   0        45 340
13  39  24  32 -11  33   0 0.00  0.0    0  8.3 15 330   M    M   4         M  M
14  45  26  36  -7  29   0 0.00  0.0    0  8.5 13 120   M    M   4         M  M
15  47  23  35  -8  30   0    T    M    0 10.9 28 350   M    M   6        37 360
16  24  11  18 -25  47   0    T    M    0 13.4 21 340   M    M   2        30 340
17  34   8  21 -22  44   0 0.00  0.0    0  4.4  8 340   M    M   0         M  M
18  45  12  29 -14  36   0 0.00  0.0    0  6.7 10 160   M    M   1         M  M
19  54  28  41  -2  24   0 0.00  0.0    0 10.1 18 180   M    M   9        21 210
20  66  44  55  12  10   0    T  0.0    0 13.1 18 170   M    M  10 1      30 190
21  74  54  64  21   1   0 1.40  0.0    0 15.2 27 190   M    M  10 13     41 250
================================================================================
SM 1003  551       582   0  1.99     0.0 215.3          M       94
================================================================================
AV 47.8 26.2                              10.3 FASTST   M    M   4    MAX(MPH)
                                 MISC ---->    33   M                 45    M
================================================================================
NOTES:
# LAST OF SEVERAL OCCURRENCES

COLUMN 17 PEAK WIND IN M.P.H.

PRELIMINARY LOCAL CLIMATOLOGICAL DATA (WS FORM: F-6) , PAGE 2

                                          STATION:  PARIS
                                          MONTH:    JANUARY
                                          YEAR:     2018
                                          LATITUDE:   33 37 N
                                          LONGITUDE:  95 27 W

[TEMPERATURE DATA]      [PRECIPITATION DATA]       SYMBOLS USED IN COLUMN 16

AVERAGE MONTHLY: 37.0   TOTAL FOR MONTH:   1.99    1 = FOG OR MIST
DPTR FM NORMAL:  -6.0   DPTR FM NORMAL:    0.18    2 = FOG REDUCING VISIBILITY
HIGHEST:    74 ON 21    GRTST 24HR  1.40 ON 21-21      TO 1/4 MILE OR LESS
LOWEST:      8 ON 17                               3 = THUNDER
                        SNOW, ICE PELLETS, HAIL    4 = ICE PELLETS
                        TOTAL MONTH:   0.0 INCH    5 = HAIL
                        GRTST 24HR     0.0         6 = FREEZING RAIN OR DRIZZLE
                        GRTST DEPTH:   0           7 = DUSTSTORM OR SANDSTORM:
                                                       VSBY 1/2 MILE OR LESS
                                                   8 = SMOKE OR HAZE
[NO. OF DAYS WITH]      [WEATHER - DAYS WITH]      9 = BLOWING SNOW
                                                   X = TORNADO
MAX 32 OR BELOW:   3    0.01 INCH OR MORE:   2
MAX 90 OR ABOVE:   0    0.10 INCH OR MORE:   2
MIN 32 OR BELOW:  15    0.50 INCH OR MORE:   2
MIN  0 OR BELOW:   0    1.00 INCH OR MORE:   1

[HDD (BASE 65) ]
TOTAL THIS MO.   582    CLEAR  (SCALE 0-3)  10
DPTR FM NORMAL   120    PTCLDY (SCALE 4-7)   5
TOTAL FM JUL 1  1540    CLOUDY (SCALE 8-10)  6
DPTR FM NORMAL    13

[CDD (BASE 65) ]
TOTAL THIS MO.     0
DPTR FM NORMAL     0    [PRESSURE DATA]
TOTAL FM JAN 1     0    HIGHEST SLP M ON M
DPTR FM NORMAL     0    LOWEST  SLP M ON M

[REMARKS]
