000
CXUS54 KFWD 290730
CF6PSN
PRELIMINARY LOCAL CLIMATOLOGICAL DATA (WS FORM: F-6)

                                          STATION:   PALESTINE
                                          MONTH:     JUNE
                                          YEAR:      2017
                                          LATITUDE:   31 46 N
                                          LONGITUDE:  95 42 W

  TEMPERATURE IN F:       :PCPN:    SNOW:  WIND      :SUNSHINE: SKY     :PK WND
================================================================================
1   2   3   4   5  6A  6B    7    8   9   10  11  12  13   14  15   16   17  18
                                     12Z  AVG MX 2MIN
DY MAX MIN AVG DEP HDD CDD  WTR  SNW DPTH SPD SPD DIR MIN PSBL S-S WX    SPD DR
================================================================================

 1  84  67  76   0   0  11 0.05  0.0    0  4.8 10 160   M    M   4         M  M
 2  88  71  80   4   0  15 0.00  0.0    0  5.1 13 340   M    M   5 1      22 340
 3  87  70  79   2   0  14 0.13  0.0    0  3.2  9 320   M    M   5 18      M  M
 4  82  70  76  -1   0  11 0.02  0.0    0  3.5  7 130   M    M   6 1       M  M
 5  81  69  75  -2   0  10 0.07  0.0    0  2.2 10 310   M    M   7 18     16 310
 6  88  69  79   2   0  14 0.00  0.0    0  5.5 14 360   M    M   5 1      22 360
 7  89  68  79   2   0  14 0.00  0.0    0  4.7 12  20   M    M   2         M  M
 8  86  67  77  -1   0  12 0.00  0.0    0  3.4  7  40   M    M   2         M  M
 9  77  67  72  -6   0   7 0.15  0.0    0  3.5  7 270   M    M   4         M  M
10  86  69  78   0   0  13 0.00  0.0    0  5.8 13 150   M    M   2         M  M
11  89  71  80   2   0  15 0.00  0.0    0  6.1  9 150   M    M   2         M  M
12  91  75  83   5   0  18 0.00  0.0    0  7.0 13 120   M    M   5        18 120
13  91  77  84   6   0  19 0.00  0.0    0  7.3 12 120   M    M   5        20 120
14  91  76  84   6   0  19 0.00  0.0    0  7.3 14 200   M    M   5 1      18 170
15  92  75  84   5   0  19 0.00  0.0    0  5.6 10 190   M    M   3         9 190
16  91  75  83   4   0  18 0.00  0.0    0  6.2 12 170   M    M   4 1      17 190
17  91  76  84   5   0  19 0.00  0.0    0  7.0 12 130   M    M   4        17 170
18  91  76  84   5   0  19 0.00  0.0    0  7.5 13 140   M    M   3        18 170
19  89  76  83   4   0  18 0.00  0.0    0  3.5  9 170   M    M   3 1       M  M
20  91  74  83   4   0  18 0.00  0.0    0  5.7 10  40   M    M   5 12     17  40
21  89  71  80   0   0  15 0.00  0.0    0  9.1 16  50   M    M   3        22  50
22  81  74  78  -2   0  13 0.03  0.0    0  6.1 10 360   M    M   8         M  M
23  95  76  86   6   0  21 0.00  0.0    0  6.7 13 190   M    M   5 1      16 160
24  83  69  76  -4   0  11 0.78  0.0    0  5.4 16 350   M    M   5        17  10
25  84  73  79  -1   0  14 0.00  0.0    0  7.6 12  70   M    M   6        17  70
26  89  70  80   0   0  15 0.00  0.0    0  4.3  7  60   M    M   6 8       M  M
27  91  73  82   2   0  17 0.00  0.0    0  3.3  8 100   M    M   4         M  M
28  89  70  80   0   0  15 0.00  0.0    0  5.6 10  50   M    M   2         M  M
================================================================================
SM 2456 2014         0 424  1.23     0.0 153.0          M      120
================================================================================
AV 87.7 71.9                               5.5 FASTST   M    M   4    MAX(MPH)
                                 MISC ---->    16   M                 22    M
================================================================================
NOTES:
# LAST OF SEVERAL OCCURRENCES

COLUMN 17 PEAK WIND IN M.P.H.

PRELIMINARY LOCAL CLIMATOLOGICAL DATA (WS FORM: F-6) , PAGE 2

                                          STATION:  PALESTINE
                                          MONTH:    JUNE
                                          YEAR:     2017
                                          LATITUDE:   31 46 N
                                          LONGITUDE:  95 42 W

[TEMPERATURE DATA]      [PRECIPITATION DATA]       SYMBOLS USED IN COLUMN 16

AVERAGE MONTHLY: 79.8   TOTAL FOR MONTH:   1.23    1 = FOG OR MIST
DPTR FM NORMAL:   1.4   DPTR FM NORMAL:   -3.50    2 = FOG REDUCING VISIBILITY
HIGHEST:    95 ON 23    GRTST 24HR  0.78 ON 24-24      TO 1/4 MILE OR LESS
LOWEST:     67 ON  9, 8                            3 = THUNDER
                        SNOW, ICE PELLETS, HAIL    4 = ICE PELLETS
                        TOTAL MONTH:   0.0 INCH    5 = HAIL
                        GRTST 24HR     0.0         6 = FREEZING RAIN OR DRIZZLE
                        GRTST DEPTH:   0           7 = DUSTSTORM OR SANDSTORM:
                                                       VSBY 1/2 MILE OR LESS
                                                   8 = SMOKE OR HAZE
[NO. OF DAYS WITH]      [WEATHER - DAYS WITH]      9 = BLOWING SNOW
                                                   X = TORNADO
MAX 32 OR BELOW:   0    0.01 INCH OR MORE:   7
MAX 90 OR ABOVE:  10    0.10 INCH OR MORE:   3
MIN 32 OR BELOW:   0    0.50 INCH OR MORE:   1
MIN  0 OR BELOW:   0    1.00 INCH OR MORE:   0

[HDD (BASE 65) ]
TOTAL THIS MO.     0    CLEAR  (SCALE 0-3)   7
DPTR FM NORMAL     0    PTCLDY (SCALE 4-7)  21
TOTAL FM JUL 1  1203    CLOUDY (SCALE 8-10)  0
DPTR FM NORMAL -1169

[CDD (BASE 65) ]
TOTAL THIS MO.   424
DPTR FM NORMAL    46    [PRESSURE DATA]
TOTAL FM JAN 1  1001    HIGHEST SLP M ON M
DPTR FM NORMAL   273    LOWEST  SLP M ON M

[REMARKS]
