000
CXUS56 KOTX 010900
CF6PUW
PRELIMINARY LOCAL CLIMATOLOGICAL DATA (WS FORM: F-6)

                                          STATION:   PULLMAN-MOSCOW  AIRPORT
                                          MONTH:     JULY
                                          YEAR:      2015
                                          LATITUDE:   46 44 N
                                          LONGITUDE: 117  7 W

  TEMPERATURE IN F:       :PCPN:    SNOW:  WIND      :SUNSHINE: SKY     :PK WND
================================================================================
1   2   3   4   5  6A  6B    7    8   9   10  11  12  13   14  15   16   17  18
                                     12Z  AVG MX 2MIN
DY MAX MIN AVG DEP HDD CDD  WTR  SNW DPTH SPD SPD DIR MIN PSBL S-S WX    SPD DR
================================================================================

 1  93  53  73  11   0   8 0.00    M    M  3.1 14 250   M    M   0        17 280
 2  96  52  74  12   0   9 0.00    M    M  2.3 12  30   M    M   0        15  20
 3  97  54  76  13   0  11 0.00    M    M  3.7 10 290   0    0   0         M  M
 4  95  53  74  11   0   9 0.00    M    M  3.5 15 270   M    M   0        20 290
 5  91  55  73  10   0   8 0.00    M    M  7.7 18  10   M    M   1 8      25  10
 6  93  52  73   9   0   8 0.00    M    M  3.5 13 110   M    M   0        15 120
 7  91  55  73   9   0   8 0.00    M    M  4.6 17 270   M    M   2        29 270
 8  93  56  75  11   0  10 0.00    M    M  3.8 13  10   M    M   0 8      17  20
 9  95  52  74  10   0   9 0.00    M    M  3.7 13 190   M    M   0        17 190
10  89  67  78  13   0  13 0.50    M    M  5.1 37 360   M    M   1 3      46 360
11  74  62  68   3   0   3 0.04    M    M  4.6 10 170   M    M   6 18     14 160
12  81  59  70   5   0   5 0.00    M    M  5.3 16 210   M    M   6        21 220
13  79  58  69   4   0   4 0.00    M    M  7.1 15 240   M    M   4        19 270
14  84  56  70   4   0   5 0.00    M    M  3.9 14 100   M    M   1        18  90
15  83  52  68   2   0   3 0.00    M    M  6.0 17 260   M    M   0        24 270
16  76  51  64  -2   1   0 0.00    M    M 10.2 22 240   M    M   2        29 250
17  82  42  62  -4   3   0 0.00    M    M  6.7 17 320   M    M   0        25 280
18  87  55  71   5   0   6 0.00    M    M  4.5 13 100   M    M   2        17 100
19  92  48  70   3   0   5 0.00    M    M  3.9 14 230   M    M   0        21 230
20  91  55  73   6   0   8 0.00    M    M  7.9 21 250   M    M   0        29 270
21  85  58  72   5   0   7 0.00    M    M 11.5 23 240   M    M   0        30 250
22  79  54  67   0   0   2    T    M    M  8.2 23 230   M    M   1        27 230
23  81  43  62  -5   3   0 0.00    M    M  5.3 17 270   M    M   0        25 250
24  82  53  68   1   0   3 0.00    M    M  7.2 22 250   M    M   0        27 240
25  79  56  68   1   0   3 0.00    M    M 11.0 24 240   M    M   4        34 240
26  71  50  61  -6   4   0 0.00    M    M  8.4 20 250   M    M   5        26 250
27  68  49  59  -8   6   0    T    M    M 10.5 22 250   M    M   6        29 240
28  78  48  63  -5   2   0 0.00    M    M  3.5 13 230   M    M   1        16 260
29  87  47  67  -1   0   2 0.00    M    M  3.8 14 110   M    M   0        17  90
30  96  51  74   6   0   9 0.00    M    M  3.6 16  90   M    M   0 8      19  90
31 100  52  76   8   0  11 0.00    M    M  4.4 15 280   M    M   0 8      21 260
================================================================================
SM 2668 1648        19 169  0.54    M    178.5            0     42
================================================================================
AV 86.1 53.2                               5.8 FASTST    0   0   1    MAX(MPH)
                                 MISC ---->  # 37 360               # 46  360
================================================================================
NOTES:
# LAST OF SEVERAL OCCURRENCES

COLUMN 17 PEAK WIND IN M.P.H.

PRELIMINARY LOCAL CLIMATOLOGICAL DATA (WS FORM: F-6) , PAGE 2

                                          STATION:  PULLMAN-MOSCOW  AIRPORT
                                          MONTH:    JULY
                                          YEAR:     2015
                                          LATITUDE:   46 44 N
                                          LONGITUDE: 117  7 W

[TEMPERATURE DATA]      [PRECIPITATION DATA]       SYMBOLS USED IN COLUMN 16

AVERAGE MONTHLY: 69.6   TOTAL FOR MONTH:   0.54    1 = FOG OR MIST
DPTR FM NORMAL:   4.0   DPTR FM NORMAL:   -0.15    2 = FOG REDUCING VISIBILITY
HIGHEST:   100 ON 31    GRTST 24HR  0.54 ON 10-11      TO 1/4 MILE OR LESS
LOWEST:     42 ON 17                               3 = THUNDER
                        SNOW, ICE PELLETS, HAIL    4 = ICE PELLETS
                        TOTAL MONTH:    M          5 = HAIL
                        GRTST 24HR    M  ON   M    6 = FREEZING RAIN OR DRIZZLE
                        GRTST DEPTH:  M  ON   M    7 = DUSTSTORM OR SANDSTORM:
                                                       VSBY 1/2 MILE OR LESS
                                                   8 = SMOKE OR HAZE
[NO. OF DAYS WITH]      [WEATHER - DAYS WITH]      9 = BLOWING SNOW
                                                   X = TORNADO
MAX 32 OR BELOW:   0    0.01 INCH OR MORE:   2
MAX 90 OR ABOVE:  13    0.10 INCH OR MORE:   1
MIN 32 OR BELOW:   0    0.50 INCH OR MORE:   1
MIN  0 OR BELOW:   0    1.00 INCH OR MORE:   0

[HDD (BASE 65) ]
TOTAL THIS MO.    19    CLEAR  (SCALE 0-3)  25
DPTR FM NORMAL   -45    PTCLDY (SCALE 4-7)   6
TOTAL FM JUL 1    19    CLOUDY (SCALE 8-10)  0
DPTR FM NORMAL   -45

[CDD (BASE 65) ]
TOTAL THIS MO.   169
DPTR FM NORMAL    87    [PRESSURE DATA]
TOTAL FM JAN 1   274    HIGHEST SLP  0.00 ON  3
DPTR FM NORMAL   174    LOWEST  SLP  0.00 ON M

[REMARKS]
#FINAL-07-15#
