000
CXUS56 KOTX 230944
CF6PUW
PRELIMINARY LOCAL CLIMATOLOGICAL DATA (WS FORM: F-6)

                                          STATION:   PULLMAN-MOSCOW  AIRPORT
                                          MONTH:     JANUARY
                                          YEAR:      2018
                                          LATITUDE:   46 44 N
                                          LONGITUDE: 117  7 W

  TEMPERATURE IN F:       :PCPN:    SNOW:  WIND      :SUNSHINE: SKY     :PK WND
================================================================================
1   2   3   4   5  6A  6B    7    8   9   10  11  12  13   14  15   16   17  18
                                     12Z  AVG MX 2MIN
DY MAX MIN AVG DEP HDD CDD  WTR  SNW DPTH SPD SPD DIR MIN PSBL S-S WX    SPD DR
================================================================================

 1  26  22  24  -6  41   0    T    M    M  2.4  8  90   M    M  10 12     10  10
 2  31  20  26  -4  39   0 0.00    M    M  4.1  9  80   M    M   5 1      11  80
 3  32  25  29  -1  36   0 0.00    M    M  3.4  9 350   M    M   8 12     11  80
 4  38  23  31   1  34   0 0.02    M    M  6.0 14 100   M    M   6 12     17 100
 5  42  31  37   7  28   0 0.15    M    M  9.0 16 270   M    M  10 126    21 100
 6  39  33  36   5  29   0    T    M    M  5.8 18 250   M    M   8 1      25 240
 7  41  32  37   6  28   0    T    M    M  8.1 16  90   M    M   9        18  90
 8  48  37  43  12  22   0 0.02    M    M 10.5 15 100   M    M   5        18  90
 9  43  36  40   9  25   0 0.36    M    M  9.6 18 250   M    M  10 12     26 250
10  40  31  36   5  29   0    T    M    M 11.5 22 240   M    M   6        29 240
11  43  33  38   7  27   0 0.80    M    M  9.1 21 250   M    M  10 1      28 250
12  46  37  42  11  23   0 0.05    M    M  8.6 17 240   M    M   9 1      23 250
13  44  38  41  10  24   0 0.02    M    M 10.0 18 100   M    M   8        21 100
14  51  39  45  13  20   0 0.00    M    M 13.0 21 100   M    M   0        24 100
15  50  37  44  12  21   0 0.00    M    M 15.2 24 120   M    M   0        29 120
16  43  34  39   7  26   0 0.25    M    M 10.2 18 100   M    M   2 1      23 100
17  47  35  41   9  24   0    T    M    M 15.6 23 100   M    M   3        26 100
18  47  32  40   8  25   0 0.15    M    M  8.3 21 270   M    M   9 1      26 260
19  41  32  37   5  28   0    T    M    M  6.5 20 250   M    M   6        25 250
20  41  33  37   5  28   0    T    M    M  7.4 21 230   M    M   8 1      26 230
21  39  31  35   3  30   0    T    M    M 12.5 20 160   M    M   5        28 180
22  43  31  37   5  28   0    T    M    M  6.3 23 230   M    M   6        29 240
================================================================================
SM  915  702       615   0  1.82    M    193.1          M      143
================================================================================
AV 41.6 31.9                               8.8 FASTST   M    M   7    MAX(MPH)
                                 MISC ---->  # 24 120               # 29  240
================================================================================
NOTES:
# LAST OF SEVERAL OCCURRENCES

COLUMN 17 PEAK WIND IN M.P.H.

PRELIMINARY LOCAL CLIMATOLOGICAL DATA (WS FORM: F-6) , PAGE 2

                                          STATION:  PULLMAN-MOSCOW  AIRPORT
                                          MONTH:    JANUARY
                                          YEAR:     2018
                                          LATITUDE:   46 44 N
                                          LONGITUDE: 117  7 W

[TEMPERATURE DATA]      [PRECIPITATION DATA]       SYMBOLS USED IN COLUMN 16

AVERAGE MONTHLY: 36.8   TOTAL FOR MONTH:   1.82    1 = FOG OR MIST
DPTR FM NORMAL:   5.6   DPTR FM NORMAL:    0.62    2 = FOG REDUCING VISIBILITY
HIGHEST:    51 ON 14    GRTST 24HR  0.80 ON 11-11      TO 1/4 MILE OR LESS
LOWEST:     20 ON  2                               3 = THUNDER
                        SNOW, ICE PELLETS, HAIL    4 = ICE PELLETS
                        TOTAL MONTH:    M          5 = HAIL
                        GRTST 24HR    M  ON   M    6 = FREEZING RAIN OR DRIZZLE
                        GRTST DEPTH:  M  ON   M    7 = DUSTSTORM OR SANDSTORM:
                                                       VSBY 1/2 MILE OR LESS
                                                   8 = SMOKE OR HAZE
[NO. OF DAYS WITH]      [WEATHER - DAYS WITH]      9 = BLOWING SNOW
                                                   X = TORNADO
MAX 32 OR BELOW:   3    0.01 INCH OR MORE:   9
MAX 90 OR ABOVE:   0    0.10 INCH OR MORE:   5
MIN 32 OR BELOW:  11    0.50 INCH OR MORE:   1
MIN  0 OR BELOW:   0    1.00 INCH OR MORE:   0

[HDD (BASE 65) ]
TOTAL THIS MO.   615    CLEAR  (SCALE 0-3)   3
DPTR FM NORMAL  -130    PTCLDY (SCALE 4-7)  10
TOTAL FM JUL 1  3220    CLOUDY (SCALE 8-10)  9
DPTR FM NORMAL  -349

[CDD (BASE 65) ]
TOTAL THIS MO.     0
DPTR FM NORMAL     0    [PRESSURE DATA]
TOTAL FM JAN 1     0    HIGHEST SLP M ON M
DPTR FM NORMAL     0    LOWEST  SLP 29.56 ON  9

[REMARKS]
