000
CXUS51 KBOX 271046
CF6PVD
PRELIMINARY LOCAL CLIMATOLOGICAL DATA (WS FORM: F-6)

                                          STATION:   PROVIDENCE RI
                                          MONTH:     JUNE
                                          YEAR:      2017
                                          LATITUDE:   41 43 N
                                          LONGITUDE:  71 26 W

  TEMPERATURE IN F:       :PCPN:    SNOW:  WIND      :SUNSHINE: SKY     :PK WND
================================================================================
1   2   3   4   5  6A  6B    7    8   9   10  11  12  13   14  15   16   17  18
                                     12Z  AVG MX 2MIN
DY MAX MIN AVG DEP HDD CDD  WTR  SNW DPTH SPD SPD DIR MIN PSBL S-S WX    SPD DR
================================================================================

 1  78  56  67   4   0   2 0.13  0.0    0  7.5 18 260   M    M   3 3      28 270
 2  73  50  62  -2   3   0 0.03  0.0    0  7.7 22 250   M    M   4 3      35 240
 3  70  48  59  -5   6   0    T  0.0    0  9.3 20 280   M    M   6 3      26 290
 4  73  50  62  -2   3   0 0.30  0.0    0  7.7 15 220   M    M   6 1      24 190
 5  60  53  57  -8   8   0 0.22  0.0    0  9.6 16  30   M    M  10 1      21  30
 6  53  49  51 -14  14   0 0.27  0.0    0 14.3 25  40   M    M  10 1      32  30
 7  72  49  61  -4   4   0 0.02    M    0  7.6 18  40   M    M   5 1      24  40
 8  69  47  58  -8   7   0    T  0.0    0  5.2 17 150   M    M   6 8      21 170
 9  80  54  67   1   0   2 0.01  0.0    0  8.9 24 350   M    M   4        29 360
10  84  59  72   6   0   7 0.00  0.0    0 10.0 22 200   M    M   5        27 200
11  89  63  76   9   0  11 0.00  0.0    0  9.9 21 220   M    M   3        28 220
12  95  66  81  14   0  16 0.00  0.0    0  8.4 21 210   M    M   1        26 200
13  95  72  84  17   0  19 0.01  0.0    0 10.4 20 240   M    M   5 3      24 250
14  82  57  70   2   0   5 0.00  0.0    0  9.2 18 160   M    M   6        23 150
15  69  52  61  -7   4   0 0.00  0.0    0  8.3 20 150   M    M   5        24 150
16  70  60  65  -3   0   0 2.21  0.0    0  9.4 20 160   M    M   9 1      23 170
17  75  63  69   0   0   4 0.01  0.0    0  6.6 14 160   M    M   9 1      16 160
18  81  65  73   4   0   8 0.01  0.0    0  9.8 15 200   M    M   9 13     24 200
19  80  68  74   5   0   9 0.05  0.0    0 14.2 26 200   M    M   9 13     34 210
20  83  65  74   5   0   9 0.07  0.0    0 12.8 24 210   M    M   5 1      32 220
21  85  63  74   4   0   9 0.00  0.0    0  9.9 23 240   M    M   5 3      30 260
22  85  60  73   3   0   8 0.00  0.0    0  7.0 18 200   M    M   4        23 270
23  86  67  77   7   0  12    T  0.0    0 11.4 24 200   M    M   6 1      30 190
24  87  67  77   6   0  12 0.66  0.0    0  9.1 21 290   M    M   4 18     28 300
25  85  64  75   4   0  10 0.00  0.0    0  8.2 23 220   M    M   3        29 290
26  79  60  70  -1   0   5 0.00  0.0    0  8.2 21 210   M    M   3        27 190
================================================================================
SM 2038 1527        49 148  4.00     0.0 240.6          M      145
================================================================================
AV 78.4 58.7                               9.3 FASTST   M    M   6    MAX(MPH)
                                 MISC ---->  # 26 200               # 35  240
================================================================================
NOTES:
# LAST OF SEVERAL OCCURRENCES

COLUMN 17 PEAK WIND IN M.P.H.

PRELIMINARY LOCAL CLIMATOLOGICAL DATA (WS FORM: F-6) , PAGE 2

                                          STATION:  PROVIDENCE RI
                                          MONTH:    JUNE
                                          YEAR:     2017
                                          LATITUDE:   41 43 N
                                          LONGITUDE:  71 26 W

[TEMPERATURE DATA]      [PRECIPITATION DATA]       SYMBOLS USED IN COLUMN 16

AVERAGE MONTHLY: 68.6   TOTAL FOR MONTH:   4.00    1 = FOG OR MIST
DPTR FM NORMAL:   1.2   DPTR FM NORMAL:    0.72    2 = FOG REDUCING VISIBILITY
HIGHEST:    95 ON 13,12 GRTST 24HR  2.21 ON 16-16      TO 1/4 MILE OR LESS
LOWEST:     47 ON  8                               3 = THUNDER
                        SNOW, ICE PELLETS, HAIL    4 = ICE PELLETS
                        TOTAL MONTH:   0.0 INCH    5 = HAIL
                        GRTST 24HR     0.0         6 = FREEZING RAIN OR DRIZZLE
                        GRTST DEPTH:   0           7 = DUSTSTORM OR SANDSTORM:
                                                       VSBY 1/2 MILE OR LESS
                                                   8 = SMOKE OR HAZE
[NO. OF DAYS WITH]      [WEATHER - DAYS WITH]      9 = BLOWING SNOW
                                                   X = TORNADO
MAX 32 OR BELOW:   0    0.01 INCH OR MORE:  14
MAX 90 OR ABOVE:   2    0.10 INCH OR MORE:   6
MIN 32 OR BELOW:   0    0.50 INCH OR MORE:   2
MIN  0 OR BELOW:   0    1.00 INCH OR MORE:   1

[HDD (BASE 65) ]
TOTAL THIS MO.    49    CLEAR  (SCALE 0-3)   4
DPTR FM NORMAL     8    PTCLDY (SCALE 4-7)  16
TOTAL FM JUL 1  5157    CLOUDY (SCALE 8-10)  6
DPTR FM NORMAL  -459

[CDD (BASE 65) ]
TOTAL THIS MO.   148
DPTR FM NORMAL    43    [PRESSURE DATA]
TOTAL FM JAN 1   206    HIGHEST SLP M ON M
DPTR FM NORMAL    75    LOWEST  SLP 29.52 ON 24

[REMARKS]
