000
CXUS53 KUNR 270945
CF6RAP
PRELIMINARY LOCAL CLIMATOLOGICAL DATA (WS FORM: F-6)

                                          STATION:   RAPID CITY AIRPORT SD
                                          MONTH:     SEPTEMBER
                                          YEAR:      2016
                                          LATITUDE:   44  2 N
                                          LONGITUDE: 103  4 W

  TEMPERATURE IN F:       :PCPN:    SNOW:  WIND      :SUNSHINE: SKY     :PK WND
================================================================================
1   2   3   4   5  6A  6B    7    8   9   10  11  12  13   14  15   16   17  18
                                     12Z  AVG MX 2MIN
DY MAX MIN AVG DEP HDD CDD  WTR  SNW DPTH SPD SPD DIR MIN PSBL S-S WX    SPD DR
================================================================================

 1  82  60  71   4   0   6 0.00  0.0    0 17.4 32 180   M    M   1        39 180
 2  84  62  73   6   0   8 0.00  0.0    0 16.8 28 170   M    M   0        36 190
 3  86  57  72   6   0   7 0.06  0.0    0  8.4 36 180   M    M   0 3      43 180
 4  71  54  63  -3   2   0 0.11  0.0    0 12.7 23 330   M    M   6 13     30 340
 5  77  53  65  -1   0   0    T  0.0    0 10.4 22  30   M    M   6 12     26  20
 6  72  49  61  -4   4   0 0.06  0.0    0  7.8 17 330   M    M   6 1      22 330
 7  79  47  63  -2   2   0 0.00  0.0    0 13.2 35 340   M    M   1 1      43 350
 8  86  46  66   2   0   1 0.00  0.0    0 13.2 28 180   M    M   0        32 180
 9  65  39  52 -12  13   0 0.02  0.0    0 14.8 32 320   M    M   5        40 330
10  80  36  58  -5   7   0 0.00  0.0    0  8.0 23 190   M    M   0        31 180
11  90  42  66   3   0   1 0.00  0.0    0  9.5 37 340   M    M   0        47 340
12  61  46  54  -8  11   0 0.02  0.0    0 19.1 33 340   M    M   8        44 330
13  53  39  46 -16  19   0 0.09  0.0    0  7.2 14 140   M    M   9 1      17 130
14  77  36  57  -5   8   0    T  0.0    0 15.6 32 180   M    M   1 3      40 180
15  73  46  60  -1   5   0 0.02  0.0    0 10.0 22 350   M    M   4 3      26 330
16  75  45  60  -1   5   0 0.00  0.0    0 14.5 32 320   M    M   3        40 340
17  84  44  64   4   1   0 0.00  0.0    0  5.0 13 340   M    M   1        20 180
18  85  45  65   5   0   0 0.00  0.0    0  8.6 16  20   M    M   1        24 300
19  82  55  69  10   0   4 0.00  0.0    0  8.6 20 340   M    M   2        26 150
20  83  53  68   9   0   3 0.00  0.0    0  9.8 31 340   M    M   0        38 340
21  75  50  63   5   2   0 0.00  0.0    0 11.3 20 340   M    M   4        24  10
22  60  52  56  -2   9   0 0.01  0.0    0  7.0 13  90   M    M  10 1      15  50
23  74  52  63   6   2   0 0.41  0.0    0  6.5 33 350   M    M   7 13     42 350
24  67  50  59   2   6   0 0.04  0.0    0 14.7 36 320   M    M   5 1      49 310
25  66  41  54  -2  11   0    T    M    0 19.5 38 320   M    M   1        47 320
26  74  38  56   0   9   0 0.00  0.0    0 10.8 28 330   M    M   0        37 350
================================================================================
SM 1961 1237       116  30  0.84     0.0 300.4          M       81
================================================================================
AV 75.4 47.6                              11.6 FASTST   M    M   3    MAX(MPH)
                                 MISC ---->  # 38 320               # 49  310
================================================================================
NOTES:
# LAST OF SEVERAL OCCURRENCES

COLUMN 17 PEAK WIND IN M.P.H.

PRELIMINARY LOCAL CLIMATOLOGICAL DATA (WS FORM: F-6) , PAGE 2

                                          STATION:  RAPID CITY AIRPORT SD
                                          MONTH:    SEPTEMBER
                                          YEAR:     2016
                                          LATITUDE:   44  2 N
                                          LONGITUDE: 103  4 W

[TEMPERATURE DATA]      [PRECIPITATION DATA]       SYMBOLS USED IN COLUMN 16

AVERAGE MONTHLY: 61.5   TOTAL FOR MONTH:   0.84    1 = FOG OR MIST
DPTR FM NORMAL:  -0.2   DPTR FM NORMAL:   -0.28    2 = FOG REDUCING VISIBILITY
HIGHEST:    90 ON 11    GRTST 24HR  0.41 ON 22-23      TO 1/4 MILE OR LESS
LOWEST:     36 ON 14,10                            3 = THUNDER
                        SNOW, ICE PELLETS, HAIL    4 = ICE PELLETS
                        TOTAL MONTH:   0.0 INCH    5 = HAIL
                        GRTST 24HR     0.0         6 = FREEZING RAIN OR DRIZZLE
                        GRTST DEPTH:   0           7 = DUSTSTORM OR SANDSTORM:
                                                       VSBY 1/2 MILE OR LESS
                                                   8 = SMOKE OR HAZE
[NO. OF DAYS WITH]      [WEATHER - DAYS WITH]      9 = BLOWING SNOW
                                                   X = TORNADO
MAX 32 OR BELOW:   0    0.01 INCH OR MORE:  10
MAX 90 OR ABOVE:   1    0.10 INCH OR MORE:   2
MIN 32 OR BELOW:   0    0.50 INCH OR MORE:   0
MIN  0 OR BELOW:   0    1.00 INCH OR MORE:   0

[HDD (BASE 65) ]
TOTAL THIS MO.   116    CLEAR  (SCALE 0-3)  15
DPTR FM NORMAL   -28    PTCLDY (SCALE 4-7)   9
TOTAL FM JUL 1   148    CLOUDY (SCALE 8-10)  2
DPTR FM NORMAL   -33

[CDD (BASE 65) ]
TOTAL THIS MO.    30
DPTR FM NORMAL   -29    [PRESSURE DATA]
TOTAL FM JAN 1   646    HIGHEST SLP M ON M
DPTR FM NORMAL    15    LOWEST  SLP 29.65 ON 23

[REMARKS]
