000
CXUS56 KMFR 241000
CF6RBG
PRELIMINARY LOCAL CLIMATOLOGICAL DATA (WS FORM: F-6)

                                          STATION:   ROSEBURG OR
                                          MONTH:     MAY
                                          YEAR:      2017
                                          LATITUDE:   43 13 N
                                          LONGITUDE: 123 22 W

  TEMPERATURE IN F:       :PCPN:    SNOW:  WIND      :SUNSHINE: SKY     :PK WND
================================================================================
1   2   3   4   5  6A  6B    7    8   9   10  11  12  13   14  15   16   17  18
                                     12Z  AVG MX 2MIN
DY MAX MIN AVG DEP HDD CDD  WTR  SNW DPTH SPD SPD DIR MIN PSBL S-S WX    SPD DR
================================================================================

 1  70  42  56   1   9   0    T    M    M  2.6 13 350   M    M   5        16 340
 2  76  54  65   9   0   0    T    M    M  3.3 12  10   M    M   8        14 330
 3  89  55  72  16   0   7 0.00    M    M  2.9 15 360   M    M   3 1      18  10
 4  85  57  71  15   0   6 0.11    M    M  2.6 10 310   M    M   1 13     15 320
 5  57  44  51  -5  14   0 0.12    M    M  3.6 16  10   M    M   8 1      20 320
 6  62  42  52  -5  13   0    T    M    M  8.2 22  20   M    M   3        29  30
 7  67  40  54  -3  11   0 0.00    M    M  7.9 20 360   M    M   0        29 360
 8  76  41  59   2   6   0 0.00    M    M  3.5 14  10   M    M   0        20 310
 9  80  45  63   6   2   0 0.00    M    M  3.7 14 320   M    M   0        19 320
10  80  47  64   6   1   0 0.00    M    M  3.3 14 310   M    M   0        19 300
11  61  48  55  -3  10   0 0.19    M    M  5.0 16 240   M    M   7 1      26 260
12  58  43  51  -7  14   0 0.12    M    M  3.9 18 220   M    M   7 1      29 220
13  53  47  50  -8  15   0 0.24    M    M  2.5 10 230   M    M   9 1      14 220
14  62  46  54  -4  11   0 0.00    M    M  4.1 15 340   M    M   9        20 330
15  65  47  56  -2   9   0 0.08    M    M  4.0 12 230   M    M   8 1      15 220
16  57  47  52  -7  13   0 0.27    M    M  5.5 18 340   M    M   9 1      30 300
17  64  46  55  -4  10   0 0.01    M    M  2.9 12 340   M    M   6 1      15 350
18  78  41  60   1   5   0 0.00    M    M  2.2 12 330   M    M   1 1      16 320
19  81  46  64   5   1   0 0.00    M    M  4.4 14 320   M    M   0        20 330
20  77  50  64   5   1   0 0.00    M    M  4.2 16  10   M    M   3        21  10
21  85  48  67   7   0   2 0.00    M    M  4.1 17  10   M    M   0        24  10
22  94  56  75  15   0  10 0.00    M    M  2.4 13  10   M    M   0 18     15  20
23  93  59  76  16   0  11 0.00    M    M  5.0 17 340   M    M   0        25 290
================================================================================
SM 1670 1091       145  36  1.14    M     91.8          M       87
================================================================================
AV 72.6 47.4                               4.0 FASTST   M    M   4    MAX(MPH)
                                 MISC ---->  # 22  20               # 30  300
================================================================================
NOTES:
# LAST OF SEVERAL OCCURRENCES

COLUMN 17 PEAK WIND IN M.P.H.

PRELIMINARY LOCAL CLIMATOLOGICAL DATA (WS FORM: F-6) , PAGE 2

                                          STATION:  ROSEBURG OR
                                          MONTH:    MAY
                                          YEAR:     2017
                                          LATITUDE:   43 13 N
                                          LONGITUDE: 123 22 W

[TEMPERATURE DATA]      [PRECIPITATION DATA]       SYMBOLS USED IN COLUMN 16

AVERAGE MONTHLY: 60.0   TOTAL FOR MONTH:   1.14    1 = FOG OR MIST
DPTR FM NORMAL:   2.2   DPTR FM NORMAL:   -0.62    2 = FOG REDUCING VISIBILITY
HIGHEST:    94 ON 22    GRTST 24HR  0.27 ON 16-16      TO 1/4 MILE OR LESS
LOWEST:     40 ON  7                               3 = THUNDER
                        SNOW, ICE PELLETS, HAIL    4 = ICE PELLETS
                        TOTAL MONTH:    M          5 = HAIL
                        GRTST 24HR    M  ON   M    6 = FREEZING RAIN OR DRIZZLE
                        GRTST DEPTH:  M  ON   M    7 = DUSTSTORM OR SANDSTORM:
                                                       VSBY 1/2 MILE OR LESS
                                                   8 = SMOKE OR HAZE
[NO. OF DAYS WITH]      [WEATHER - DAYS WITH]      9 = BLOWING SNOW
                                                   X = TORNADO
MAX 32 OR BELOW:   0    0.01 INCH OR MORE:   8
MAX 90 OR ABOVE:   2    0.10 INCH OR MORE:   6
MIN 32 OR BELOW:   0    0.50 INCH OR MORE:   0
MIN  0 OR BELOW:   0    1.00 INCH OR MORE:   0

[HDD (BASE 65) ]
TOTAL THIS MO.   145    CLEAR  (SCALE 0-3)  12
DPTR FM NORMAL   -30    PTCLDY (SCALE 4-7)   7
TOTAL FM JUL 1  3674    CLOUDY (SCALE 8-10)  4
DPTR FM NORMAL  -265

[CDD (BASE 65) ]
TOTAL THIS MO.    36
DPTR FM NORMAL    25    [PRESSURE DATA]
TOTAL FM JAN 1    36    HIGHEST SLP M ON M
DPTR FM NORMAL    24    LOWEST  SLP  0.00 ON 15

[REMARKS]
