000
CXUS56 KMFR 221000
CF6RBG
PRELIMINARY LOCAL CLIMATOLOGICAL DATA (WS FORM: F-6)

                                          STATION:   ROSEBURG OR
                                          MONTH:     FEBRUARY
                                          YEAR:      2017
                                          LATITUDE:   43 13 N
                                          LONGITUDE: 123 22 W

  TEMPERATURE IN F:       :PCPN:    SNOW:  WIND      :SUNSHINE: SKY     :PK WND
================================================================================
1   2   3   4   5  6A  6B    7    8   9   10  11  12  13   14  15   16   17  18
                                     12Z  AVG MX 2MIN
DY MAX MIN AVG DEP HDD CDD  WTR  SNW DPTH SPD SPD DIR MIN PSBL S-S WX    SPD DR
================================================================================

 1  44  38  41  -3  24   0 0.01    M    M  4.9 12  20   M    M   9 18     15  40
 2  52  37  45   1  20   0    T    M    M  2.3  8 320   M    M   6        10 240
 3  56  36  46   2  19   0 0.50    M    M  3.9 15 160   M    M   9 1      20 180
 4  54  46  50   6  15   0 0.38    M    M  3.1  9 170   M    M  10 1      14 160
 5  63  46  55  11  10   0 0.10    M    M  8.2 20 160   M    M   9 1      31 230
 6  47  38  43  -1  22   0 0.02    M    M  4.3 16 220   M    M   9 1      24 210
 7  54  39  47   2  18   0 0.72    M    M  1.4  7  10   M    M   9 1       9 210
 8  61  44  53   8  12   0 0.23    M    M  1.5 12 170   M    M  10 12     15 170
 9  61  47  54   9  11   0 0.66    M    M  5.1 14 240   M    M   8 1      23 220
10  53  37  45   0  20   0 0.14    M    M  3.1 15 240   M    M   8 1      22 240
11  49  35  42  -3  23   0    T    M    M  1.4  7 290   M    M   6 12     10 240
12  48  34  41  -4  24   0 0.00    M    M  1.0  7 240   M    M   6 12      9 240
13  53  36  45   0  20   0 0.00    M    M  1.0  7 230   M    M   4 12      9 230
14  62  37  50   5  15   0 0.01    M    M  1.3  6 360   M    M   6 12      8 360
15  67  53  60  15   5   0 0.82    M    M  6.7 16 170   M    M   9 1      27 220
16  54  46  50   5  15   0 0.99    M    M  4.8 15 180   M    M  10 1      21 180
17  51  45  48   2  17   0 0.09    M    M  2.7  9  10   M    M  10 1      11  10
18  52  43  48   2  17   0 0.23    M    M  2.4 13 250   M    M   9 1      15 260
19  54  40  47   1  18   0 0.59    M    M  5.8 20 160   M    M   6 1      28 160
20  56  43  50   4  15   0 0.92    M    M  4.5 22 220   M    M   8 1      42 170
21  51  43  47   1  18   0 0.47    M    M  4.1 12 230   M    M   9 1      20 210
================================================================================
SM 1142  863       358   0  6.88    M     73.5          M      170
================================================================================
AV 54.4 41.1                               3.5 FASTST   M    M   8    MAX(MPH)
                                 MISC ---->  # 22 220               # 42  170
================================================================================
NOTES:
# LAST OF SEVERAL OCCURRENCES

COLUMN 17 PEAK WIND IN M.P.H.

PRELIMINARY LOCAL CLIMATOLOGICAL DATA (WS FORM: F-6) , PAGE 2

                                          STATION:  ROSEBURG OR
                                          MONTH:    FEBRUARY
                                          YEAR:     2017
                                          LATITUDE:   43 13 N
                                          LONGITUDE: 123 22 W

[TEMPERATURE DATA]      [PRECIPITATION DATA]       SYMBOLS USED IN COLUMN 16

AVERAGE MONTHLY: 47.7   TOTAL FOR MONTH:   6.88    1 = FOG OR MIST
DPTR FM NORMAL:   2.8   DPTR FM NORMAL:    3.80    2 = FOG REDUCING VISIBILITY
HIGHEST:    67 ON 15    GRTST 24HR  1.67 ON 15-16      TO 1/4 MILE OR LESS
LOWEST:     34 ON 12                               3 = THUNDER
                        SNOW, ICE PELLETS, HAIL    4 = ICE PELLETS
                        TOTAL MONTH:    M          5 = HAIL
                        GRTST 24HR    M  ON   M    6 = FREEZING RAIN OR DRIZZLE
                        GRTST DEPTH:  M  ON   M    7 = DUSTSTORM OR SANDSTORM:
                                                       VSBY 1/2 MILE OR LESS
                                                   8 = SMOKE OR HAZE
[NO. OF DAYS WITH]      [WEATHER - DAYS WITH]      9 = BLOWING SNOW
                                                   X = TORNADO
MAX 32 OR BELOW:   0    0.01 INCH OR MORE:  17
MAX 90 OR ABOVE:   0    0.10 INCH OR MORE:  13
MIN 32 OR BELOW:   0    0.50 INCH OR MORE:   7
MIN  0 OR BELOW:   0    1.00 INCH OR MORE:   0

[HDD (BASE 65) ]
TOTAL THIS MO.   358    CLEAR  (SCALE 0-3)   0
DPTR FM NORMAL   -63    PTCLDY (SCALE 4-7)   6
TOTAL FM JUL 1  2539    CLOUDY (SCALE 8-10) 15
DPTR FM NORMAL  -201

[CDD (BASE 65) ]
TOTAL THIS MO.     0
DPTR FM NORMAL     0    [PRESSURE DATA]
TOTAL FM JAN 1     0    HIGHEST SLP M ON M
DPTR FM NORMAL     0    LOWEST  SLP  0.00 ON 17

[REMARKS]
