000
CXUS56 KPDT 261832
CF6RDM
PRELIMINARY LOCAL CLIMATOLOGICAL DATA (WS FORM: F-6)

                                          STATION:   REDMOND OR
                                          MONTH:     JUNE
                                          YEAR:      2017
                                          LATITUDE:   44 16 N
                                          LONGITUDE: 121  9 W

  TEMPERATURE IN F:       :PCPN:    SNOW:  WIND      :SUNSHINE: SKY     :PK WND
================================================================================
1   2   3   4   5  6A  6B    7    8   9   10  11  12  13   14  15   16   17  18
                                     12Z  AVG MX 2MIN
DY MAX MIN AVG DEP HDD CDD  WTR  SNW DPTH SPD SPD DIR MIN PSBL S-S WX    SPD DR
================================================================================

 1  75  44  60   5   5   0    T    M    0  7.2 21 340   M    M   5        25 290
 2  82  35  59   3   6   0 0.00  0.0    0  5.9 17 350   M    M   0        22 360
 3  82  45  64   8   1   0 0.00  0.0    0  7.7 22 310   M    M   0        28 330
 4  70  37  54  -2  11   0 0.00  0.0    0  7.9 21 300   M    M   1        27 310
 5  79  32  56   0   9   0 0.00  0.0    0  8.2 21 350   M    M   0        26 330
 6  85  45  65   9   0   0 0.00  0.0    0  7.6 18 350   M    M   0        23 330
 7  87  50  69  13   0   4    T  0.0    0  7.1 20 300   M    M   3        27 290
 8  66  34  50  -7  15   0 0.07    M    0  9.5 23 290   M    M   6 3      30 200
 9  65  30  48  -9  17   0    T    M    0  8.2 33 270   M    M   4        38 290
10  60  31  46 -11  19   0 0.29    M    0  7.5 30 270   M    M   7 3      37 280
11  63  41  52  -5  13   0    T    M    0  9.3 21 340   M    M   8        28 360
12  64  43  54  -4  11   0 0.00  0.0    0 14.5 28 290   M    M   5        36 280
13  64  35  50  -8  15   0 0.00  0.0    0 10.1 20 290   M    M   0        28 270
14  75  36  56  -2   9   0    T    M    0  4.4 15 340   M    M   4        18  20
15  71  51  61   3   4   0    T  0.0    0  8.9 26 220   M    M   8        35 230
16  65  50  58   0   7   0    T  0.0    0  6.5 21 280   M    M   9        26 290
17  80  36  58  -1   7   0 0.00  0.0    0  6.1 21 320   M    M   2 1      27 310
18  88  46  67   8   0   2 0.00  0.0    0  6.1 15 330   M    M   0 8      19 320
19  97  53  75  16   0  10 0.00  0.0    0  6.8 24 320   M    M   0        32 310
20  87  49  68   8   0   3 0.00  0.0    0  8.8 23 320   M    M   0 8      28 330
21  83  42  63   3   2   0 0.00  0.0    0  7.6 18 360   M    M   0        23 340
22  81  36  59  -1   6   0 0.00  0.0    0  6.8 21 330   M    M   0        26 340
23  87  40  64   4   1   0 0.00  0.0    0  6.7 20 320   M    M   0        24 340
24  92  37  65   4   0   0 0.00  0.0    0  6.7 18 330   M    M   0        23 340
25 102  43  73  12   0   8    T    M    0  8.0 30 230   M    M   0        38 230
================================================================================
SM 1950 1021       158  27  0.36     0.0 194.1          M       62
================================================================================
AV 78.0 40.8                               7.8 FASTST   M    M   2    MAX(MPH)
                                 MISC ---->  # 33 270               # 38  290
================================================================================
NOTES:
# LAST OF SEVERAL OCCURRENCES

COLUMN 17 PEAK WIND IN M.P.H.

PRELIMINARY LOCAL CLIMATOLOGICAL DATA (WS FORM: F-6) , PAGE 2

                                          STATION:  REDMOND OR
                                          MONTH:    JUNE
                                          YEAR:     2017
                                          LATITUDE:   44 16 N
                                          LONGITUDE: 121  9 W

[TEMPERATURE DATA]      [PRECIPITATION DATA]       SYMBOLS USED IN COLUMN 16

AVERAGE MONTHLY: 59.4   TOTAL FOR MONTH:   0.36    1 = FOG OR MIST
DPTR FM NORMAL:   1.5   DPTR FM NORMAL:   -0.20    2 = FOG REDUCING VISIBILITY
HIGHEST:   102 ON 25    GRTST 24HR  0.29 ON 10-10      TO 1/4 MILE OR LESS
LOWEST:     30 ON  9                               3 = THUNDER
                        SNOW, ICE PELLETS, HAIL    4 = ICE PELLETS
                        TOTAL MONTH:   0.0 INCH    5 = HAIL
                        GRTST 24HR     0.0         6 = FREEZING RAIN OR DRIZZLE
                        GRTST DEPTH:   0           7 = DUSTSTORM OR SANDSTORM:
                                                       VSBY 1/2 MILE OR LESS
                                                   8 = SMOKE OR HAZE
[NO. OF DAYS WITH]      [WEATHER - DAYS WITH]      9 = BLOWING SNOW
                                                   X = TORNADO
MAX 32 OR BELOW:   0    0.01 INCH OR MORE:   2
MAX 90 OR ABOVE:   3    0.10 INCH OR MORE:   1
MIN 32 OR BELOW:   3    0.50 INCH OR MORE:   0
MIN  0 OR BELOW:   0    1.00 INCH OR MORE:   0

[HDD (BASE 65) ]
TOTAL THIS MO.   158    CLEAR  (SCALE 0-3)  16
DPTR FM NORMAL   -36    PTCLDY (SCALE 4-7)   7
TOTAL FM JUL 1  6708    CLOUDY (SCALE 8-10)  2
DPTR FM NORMAL    18

[CDD (BASE 65) ]
TOTAL THIS MO.    27
DPTR FM NORMAL    12    [PRESSURE DATA]
TOTAL FM JAN 1    37    HIGHEST SLP M ON M
DPTR FM NORMAL    17    LOWEST  SLP 29.54 ON  8

[REMARKS]
