000
CXUS56 KBOI 231002
CF6REO
PRELIMINARY LOCAL CLIMATOLOGICAL DATA (WS FORM: F-6)

                                          STATION:   ROME OR
                                          MONTH:     JANUARY
                                          YEAR:      2017
                                          LATITUDE:   42 35 N
                                          LONGITUDE: 117 52 W

  TEMPERATURE IN F:       :PCPN:    SNOW:  WIND      :SUNSHINE: SKY     :PK WND
================================================================================
1   2   3   4   5  6A  6B    7    8   9   10  11  12  13   14  15   16   17  18
                                     12Z  AVG MX 2MIN
DY MAX MIN AVG DEP HDD CDD  WTR  SNW DPTH SPD SPD DIR MIN PSBL S-S WX    SPD DR
================================================================================

 1   M   M   M   M   M   M    M    M    M  8.4 22 220   M    M   0        28 230
 2   M   M   M   M   M   M    M    M    M   M   M   M   M    M   0         M  M
 3  24  15  20  -8  45   0 0.37    M    M  5.9 10  20   M    M   0        12  20
 4  26  16  21  -7  44   0 0.48    M    M  5.1 12  70   M    M   0        16  30
 5  17 -17   0 -29  65   0 0.00    M    M  6.9 15 130   M    M   0        17 140
 6   1 -23 -11 -40  76   0 0.00    M    M  3.5 14 140   M    M   0        14 140
 7   6 -20  -7 -36  72   0 0.23    M    M  2.3  9  30   M    M   0        11  40
 8  43   2  23  -6  42   0 0.36    M    M  9.5 35 140   M    M   0        41 140
 9  44  32  38   9  27   0 0.01    M    M 14.1 33 240   M    M   0        40 240
10  43  36  40  11  25   0 0.09    M    M 17.3 31 210   M    M   0        42 210
11  41  15  28  -1  37   0 0.00    M    M 12.5 28 200   M    M   0        34 200
12  31  11  21  -8  44   0 0.00    M    M  6.6 15  20   M    M   0        18  10
13  19   1  10 -19  55   0 0.00    M    M  4.0  9  50   M    M   0        11  30
14  18   6  12 -17  53   0 0.00    M    M  4.3  8  60   M    M   0        10  30
15  17  -2   8 -21  57   0 0.00    M    M  3.2  8 150   M    M   0         9  30
16  25  -2  12 -17  53   0 0.00    M    M  3.5 12  30   M    M   0        13  30
17  31  -2  15 -15  50   0 0.00    M    M  5.7 14 140   M    M   0        17 140
18  41  18  30   0  35   0 0.20    M    M  6.4 22 140   M    M   0        29 140
19  43  32  38   8  27   0 0.01    M    M 11.1 21 220   M    M   0        26 230
20  38  23  31   1  34   0 0.00    M    M 10.1 21 130   M    M   0        26 130
21  42  24  33   3  32   0 0.01    M    M 11.0 24 210   M    M   0        29 220
22  39  27  33   3  32   0 0.06    M    M  9.7 25 230   M    M   0        32 230
================================================================================
SM  589  192       905   0  1.82    M    161.1          M        0
================================================================================
AV 29.5  9.6                               7.7 FASTST   M    M   0    MAX(MPH)
                                 MISC ---->  # 35 140               # 42  210
================================================================================
NOTES:
# LAST OF SEVERAL OCCURRENCES

COLUMN 17 PEAK WIND IN M.P.H.

PRELIMINARY LOCAL CLIMATOLOGICAL DATA (WS FORM: F-6) , PAGE 2

                                          STATION:  ROME OR
                                          MONTH:    JANUARY
                                          YEAR:     2017
                                          LATITUDE:   42 35 N
                                          LONGITUDE: 117 52 W

[TEMPERATURE DATA]      [PRECIPITATION DATA]       SYMBOLS USED IN COLUMN 16

AVERAGE MONTHLY: 19.5   TOTAL FOR MONTH:   1.82    1 = FOG OR MIST
DPTR FM NORMAL:  -9.6   DPTR FM NORMAL:    1.34    2 = FOG REDUCING VISIBILITY
HIGHEST:    44 ON  9    GRTST 24HR  0.81 ON  3- 4      TO 1/4 MILE OR LESS
LOWEST:    -23 ON  6                               3 = THUNDER
                        SNOW, ICE PELLETS, HAIL    4 = ICE PELLETS
                        TOTAL MONTH:    M          5 = HAIL
                        GRTST 24HR    M  ON   M    6 = FREEZING RAIN OR DRIZZLE
                        GRTST DEPTH:  M  ON   M    7 = DUSTSTORM OR SANDSTORM:
                                                       VSBY 1/2 MILE OR LESS
                                                   8 = SMOKE OR HAZE
[NO. OF DAYS WITH]      [WEATHER - DAYS WITH]      9 = BLOWING SNOW
                                                   X = TORNADO
MAX 32 OR BELOW:  11    0.01 INCH OR MORE:  10
MAX 90 OR ABOVE:   0    0.10 INCH OR MORE:   5
MIN 32 OR BELOW:  19    0.50 INCH OR MORE:   0
MIN  0 OR BELOW:   6    1.00 INCH OR MORE:   0

[HDD (BASE 65) ]
TOTAL THIS MO.   905    CLEAR  (SCALE 0-3)  22
DPTR FM NORMAL   115    PTCLDY (SCALE 4-7)   0
TOTAL FM JUL 1  3429    CLOUDY (SCALE 8-10)  0
DPTR FM NORMAL  -108

[CDD (BASE 65) ]
TOTAL THIS MO.     0
DPTR FM NORMAL     0    [PRESSURE DATA]
TOTAL FM JAN 1     0    HIGHEST SLP M ON M
DPTR FM NORMAL     0    LOWEST  SLP 29.25 ON 20

[REMARKS]
