000
CXUS55 KLOT 210700
CF6RFD
PRELIMINARY LOCAL CLIMATOLOGICAL DATA (WS FORM: F-6)

                                          STATION:   ROCKFORD IL
                                          MONTH:     APRIL
                                          YEAR:      2014
                                          LATITUDE:   42 12 N
                                          LONGITUDE:  89  6 W

  TEMPERATURE IN F:       :PCPN:    SNOW:  WIND      :SUNSHINE: SKY     :PK WND
================================================================================
1   2   3   4   5  6A  6B    7    8   9   10  11  12  13   14  15   16   17  18
                                     12Z  AVG MX 2MIN
DY MAX MIN AVG DEP HDD CDD  WTR  SNW DPTH SPD SPD DIR MIN PSBL S-S WX    SPD DR
================================================================================

 1  54  28  41  -3  24   0 0.00  0.0    0 16.1 29 260   M    M   8        37 240
 2  55  28  42  -2  23   0    T  0.0    0 10.4 21  70   M    M   8        26  70
 3  42  36  39  -5  26   0 0.01  0.0    0 15.8 26  90   M    M  10 13     35  80
 4  44  37  41  -4  24   0 0.01  0.0    0 17.0 30 290   M    M   8 1      38 290
 5  52  28  40  -5  25   0 0.00  0.0    0  5.4 15 210   M    M   3        19 210
 6  58  29  44  -2  21   0 0.00  0.0    0  7.8 17 170   M    M   6        22 190
 7  61  37  49   3  16   0 0.01  0.0    0  6.0 20  30   M    M  10        26  50
 8  62  39  51   5  14   0 0.00  0.0    0 10.4 21 350   M    M   7        26 340
 9  63  32  48   1  17   0 0.00  0.0    0  9.0 23 200   M    M   3        29 210
10  68  45  57  10   8   0 0.00  0.0    0 10.9 21 300   M    M   6 8      30 290
11  70  33  52   4  13   0 0.00  0.0    0  7.0 22 270   M    M   5        33 270
12  79  44  62  14   3   0 0.25    T    0 15.0 29 210   M    M   9 35     48 270
13  65  47  56   8   9   0 1.21  0.0    0 10.2 23 210   M    M  10 138    35 210
14  47  28  38 -11  27   0 0.22  0.3    0 15.8 30 350   M    M   9 1      39 360
15  40  23  32 -17  33   0    T    T    0  6.0 16 280   M    M   3        22 260
16  54  27  41  -9  24   0 0.00  0.0    0 17.3 35 180   M    M   7        40 160
17  58  40  49  -1  16   0 0.00  0.0    0 10.2 24 150   M    M  10        31 150
18  61  34  48  -2  17   0 0.00  0.0    0  8.0 18  70   M    M   2        23  70
19  69  35  52   1  13   0 0.00  0.0    0 10.8 20 170   M    M   5        23 180
20  80  47  64  13   1   0 0.00  0.0    0 11.4 21 230   M    M   7        26 220
================================================================================
SM 1182  697       354   0  1.71     0.3 220.5          M      136
================================================================================
AV 59.1 34.8                              11.0 FASTST   M    M   7    MAX(MPH)
                                 MISC ---->  # 35 180               # 48  270
================================================================================
NOTES:
# LAST OF SEVERAL OCCURRENCES

COLUMN 17 PEAK WIND IN M.P.H.

PRELIMINARY LOCAL CLIMATOLOGICAL DATA (WS FORM: F-6) , PAGE 2

                                          STATION:  ROCKFORD IL
                                          MONTH:    APRIL
                                          YEAR:     2014
                                          LATITUDE:   42 12 N
                                          LONGITUDE:  89  6 W

[TEMPERATURE DATA]      [PRECIPITATION DATA]       SYMBOLS USED IN COLUMN 16

AVERAGE MONTHLY: 47.0   TOTAL FOR MONTH:   1.71    1 = FOG OR MIST
DPTR FM NORMAL:  -0.4   DPTR FM NORMAL:   -0.51    2 = FOG REDUCING VISIBILITY
HIGHEST:    80 ON 20    GRTST 24HR  1.27 ON 13-14      TO 1/4 MILE OR LESS
LOWEST:     23 ON 15                               3 = THUNDER
                        SNOW, ICE PELLETS, HAIL    4 = ICE PELLETS
                        TOTAL MONTH:   0.3 INCH    5 = HAIL
                        GRTST 24HR   0.3 ON   M    6 = FREEZING RAIN OR DRIZZLE
                        GRTST DEPTH:   0           7 = DUSTSTORM OR SANDSTORM:
                                                       VSBY 1/2 MILE OR LESS
                                                   8 = SMOKE OR HAZE
[NO. OF DAYS WITH]      [WEATHER - DAYS WITH]      9 = BLOWING SNOW
                                                   X = TORNADO
MAX 32 OR BELOW:   0    0.01 INCH OR MORE:   6
MAX 90 OR ABOVE:   0    0.10 INCH OR MORE:   3
MIN 32 OR BELOW:   8    0.50 INCH OR MORE:   1
MIN  0 OR BELOW:   0    1.00 INCH OR MORE:   1

[HDD (BASE 65) ]
TOTAL THIS MO.   354    CLEAR  (SCALE 0-3)   2
DPTR FM NORMAL     0    PTCLDY (SCALE 4-7)  12
TOTAL FM JUL 1  7338    CLOUDY (SCALE 8-10)  6
DPTR FM NORMAL  1120

[CDD (BASE 65) ]
TOTAL THIS MO.     0
DPTR FM NORMAL     0    [PRESSURE DATA]
TOTAL FM JAN 1     0    HIGHEST SLP M ON M
DPTR FM NORMAL     0    LOWEST  SLP 29.37 ON 14

[REMARKS]
