000
CXUS53 KMPX 011000
CF6RGK
PRELIMINARY LOCAL CLIMATOLOGICAL DATA (WS FORM: F-6)

                                          STATION:   RED_WING MN
                                          MONTH:     JANUARY
                                          YEAR:      2015
                                          LATITUDE:   44 34 N
                                          LONGITUDE:  92 29 W

  TEMPERATURE IN F:       :PCPN:    SNOW:  WIND      :SUNSHINE: SKY     :PK WND
================================================================================
1   2   3   4   5  6A  6B    7    8   9   10  11  12  13   14  15   16   17  18
                                     12Z  AVG MX 2MIN
DY MAX MIN AVG DEP HDD CDD  WTR  SNW DPTH SPD SPD DIR MIN PSBL S-S WX    SPD DR
================================================================================

 1  30  10  20   M  45   0    M    M    M  6.0 12 280   M    M   6        16 250
 2  27   0  14   M  51   0    M    M    M  3.4  9 180   M    M   6         M  M
 3  36  14  25   M  40   0    M    M    M  6.9 15 360   M    M   6        25 360
 4  12  -8   2   M  63   0    M    M    M  9.7 15 300   M    M   2        23 320
 5   1 -18  -8   M  73   0    M    M    M  4.7  9 230   M    M   3         M  M
 6   9 -13  -2   M  67   0    M    M    M  7.1 16 290   M    M   2        22 280
 7   1  -8  -3   M  68   0    M    M    M  9.8 14 320   M    M   0        22 310
 8  18  -8   5   M  60   0    M    M    M 10.0 18 320   M    M   6 8      30 320
 9   7  -2   3   M  62   0    M    M    M 11.0 18 300   M    M   1        28 300
10  21 -11   5   M  60   0    M    M    M  2.7  8 230   M    M   4         M  M
11  19   0  10   M  55   0    M    M    M  2.0  7 360   M    M   4         M  M
12   7 -15  -4   M  69   0    M    M    M  2.7  6 350   M    M   0         M  M
13  16 -20  -2   M  67   0    M    M    M  3.2 12 190   M    M   2         M  M
14  25  16  21   M  44   0    M    M    M  4.1  8 230   M    M   8         M  M
15  36  18  27   M  38   0    M    M    M  3.8 14 290   M    M   5        18 290
16  34  27  31   M  34   0    M    M    M  7.7 14 130   M    M   9        20 110
17  39  23  31   M  34   0    M    M    M  8.1 16 280   M    M   6 1      25 290
18  37  25  31   M  34   0    M    M    M  4.9 10 280   M    M   3         M  M
19  36  18  27   M  38   0    M    M    M  5.6 13 120   M    M   8         M  M
20  34  28  31   M  34   0    M    M    M  3.8  7  90   M    M  10 18      M  M
21  30  27  29   M  36   0    M    M    M  3.0  7 330   M    M  10 1       M  M
22  30  23  27   M  38   0    M    M    M  5.9 14 230   M    M   9        16 220
23  37  25  31   M  34   0    M    M    M  6.0 12 250   M    M   4 1      18 260
24  43  25  34   M  31   0    M    M    M  1.4  8  80   M    M   4 1       M  M
25  36  16  26   M  39   0    M    M    M  4.8  9  60   M    M   7        20  50
26  43  18  31   M  34   0    M    M    M  3.2  7 340   M    M  10         M  M
27  37  30  34   M  31   0    M    M    M  5.3  8 160   M    M  10        16 160
28  34  27  31   M  34   0    M    M    M  9.0 16 130   M    M  10 18     21 160
29  36  14  25   M  40   0    M    M    M 10.6 20 320   M    M   8 1      27 320
30  27   7  17   M  48   0    M    M    M  3.3  8 140   M    M   1         M  M
31  30  16  23   M  42   0    M    M    M  3.3 13  80   M    M  10        20  80
================================================================================
SM  828  304      1443   0    M     M    173.0          M      174
================================================================================
AV 26.7  9.8                               5.6 FASTST   M    M   6    MAX(MPH)
                                 MISC ---->    20   M                 30    M
================================================================================
NOTES:
# LAST OF SEVERAL OCCURRENCES

COLUMN 17 PEAK WIND IN M.P.H.

PRELIMINARY LOCAL CLIMATOLOGICAL DATA (WS FORM: F-6) , PAGE 2

                                          STATION:  RED_WING MN
                                          MONTH:    JANUARY
                                          YEAR:     2015
                                          LATITUDE:   44 34 N
                                          LONGITUDE:  92 29 W

[TEMPERATURE DATA]      [PRECIPITATION DATA]       SYMBOLS USED IN COLUMN 16

AVERAGE MONTHLY: 18.3   TOTAL FOR MONTH:      M    1 = FOG OR MIST
DPTR FM NORMAL:     M   DPTR FM NORMAL:       M    2 = FOG REDUCING VISIBILITY
HIGHEST:    43 ON 26,24 GRTST 24HR    M  ON   M        TO 1/4 MILE OR LESS
LOWEST:    -20 ON 13                               3 = THUNDER
                        SNOW, ICE PELLETS, HAIL    4 = ICE PELLETS
                        TOTAL MONTH:    M          5 = HAIL
                        GRTST 24HR    M  ON   M    6 = FREEZING RAIN OR DRIZZLE
                        GRTST DEPTH:  M  ON   M    7 = DUSTSTORM OR SANDSTORM:
                                                       VSBY 1/2 MILE OR LESS
                                                   8 = SMOKE OR HAZE
[NO. OF DAYS WITH]      [WEATHER - DAYS WITH]      9 = BLOWING SNOW
                                                   X = TORNADO
MAX 32 OR BELOW:  17    0.01 INCH OR MORE:   0
MAX 90 OR ABOVE:   0    0.10 INCH OR MORE:   0
MIN 32 OR BELOW:  31    0.50 INCH OR MORE:   0
MIN  0 OR BELOW:  11    1.00 INCH OR MORE:   0

[HDD (BASE 65) ]
TOTAL THIS MO.  1443    CLEAR  (SCALE 0-3)   8
DPTR FM NORMAL     M    PTCLDY (SCALE 4-7)  15
TOTAL FM JUL 1  4493    CLOUDY (SCALE 8-10)  8
DPTR FM NORMAL     M

[CDD (BASE 65) ]
TOTAL THIS MO.     0
DPTR FM NORMAL     M    [PRESSURE DATA]
TOTAL FM JAN 1     0    HIGHEST SLP M ON M
DPTR FM NORMAL     M    LOWEST  SLP M ON M

[REMARKS]
#FINAL-01-15#
