000
CXUS51 KAKQ 271010
CF6RIC
PRELIMINARY LOCAL CLIMATOLOGICAL DATA (WS FORM: F-6)

                                          STATION:   RICHMOND VA
                                          MONTH:     JULY
                                          YEAR:      2016
                                          LATITUDE:   37 30 N
                                          LONGITUDE:  77 20 W

  TEMPERATURE IN F:       :PCPN:    SNOW:  WIND      :SUNSHINE: SKY     :PK WND
================================================================================
1   2   3   4   5  6A  6B    7    8   9   10  11  12  13   14  15   16   17  18
                                     12Z  AVG MX 2MIN
DY MAX MIN AVG DEP HDD CDD  WTR  SNW DPTH SPD SPD DIR MIN PSBL S-S WX    SPD DR
================================================================================

 1  84  66  75  -4   0  10 0.03  0.0    0  4.7 14 280   M    M   7 138    15 280
 2  83  68  76  -3   0  11 0.00  0.0    0  6.2 15  30   M    M   6 8      21  20
 3  71  63  67 -12   0   2 0.33  0.0    0  5.7 15  10   M    M  10 1      18  10
 4  76  65  71  -8   0   6 0.13  0.0    0  5.6 14 170   M    M  10 1      18 170
 5  90  73  82   3   0  17 0.06  0.0    0  9.7 17 260   M    M   9 13     23 250
 6  91  73  82   3   0  17 0.45  0.0    0  4.2 20  80   M    M   6 13     25  70
 7  93  72  83   4   0  18 0.11  0.0    0  6.8 20 240   M    M   7 1      25 250
 8  92  73  83   4   0  18    T  0.0    0  8.0 17 270   M    M   7        23 280
 9  91  72  82   2   0  17 0.00  0.0    0  8.6 20 260   M    M   7        23 260
10  87  67  77  -3   0  12 0.00  0.0    0  4.6 14 260   M    M   5        18 280
11  87  70  79  -1   0  14 0.00  0.0    0  4.6 10  40   M    M   7        13  40
12  87  69  78  -2   0  13    T  0.0    0  7.1 18 130   M    M   5        22  80
13  91  72  82   2   0  17    T  0.0    0  5.6 15 260   M    M   6 1      18 250
14  96  71  84   4   0  19 0.00  0.0    0  8.3 17 230   M    M   3        22 230
15  93  72  83   3   0  18 0.00  0.0    0  7.5 18 210   M    M   6 3      24 200
16  87  69  78  -2   0  13 0.38  0.0    0  6.8 32 350   M    M   8 13     36 340
17  88  68  78  -2   0  13 0.00  0.0    0  6.5 13 180   M    M   3        16 190
18  93  72  83   3   0  18 0.89  0.0    0  8.5 23 350   M    M   5 13     29 360
19  89  68  79  -1   0  14 0.91  0.0    0  4.1 40 310   M    M   6 13     57 300
20  88  66  77  -2   0  12 0.00  0.0    0  4.7 12  20   M    M   5        17  30
21  87  67  77  -2   0  12 0.00  0.0    0  3.2 10 140   M    M   4 1      14 110
22  93  71  82   3   0  17 0.00  0.0    0  6.6 15 200   M    M   7        20 200
23  93  73  83   4   0  18 0.00  0.0    0  6.0 15 220   M    M   2 1      17 220
24  96  76  86   7   0  21 0.00  0.0    0  5.8 10 210   M    M   5 1      14 190
25  96  74  85   6   0  20 0.00  0.0    0  8.5 18 200   M    M   7        23 220
26  95  74  85   6   0  20 0.47  0.0    0  5.3 18 240   M    M   7 13     23 240
================================================================================
SM 2317 1824         0 387  3.76     0.0 163.2          M      160
================================================================================
AV 89.1 70.2                               6.3 FASTST   M    M   6    MAX(MPH)
                                 MISC ---->  # 40 310               # 57  300
================================================================================
NOTES:
# LAST OF SEVERAL OCCURRENCES

COLUMN 17 PEAK WIND IN M.P.H.

PRELIMINARY LOCAL CLIMATOLOGICAL DATA (WS FORM: F-6) , PAGE 2

                                          STATION:  RICHMOND VA
                                          MONTH:    JULY
                                          YEAR:     2016
                                          LATITUDE:   37 30 N
                                          LONGITUDE:  77 20 W

[TEMPERATURE DATA]      [PRECIPITATION DATA]       SYMBOLS USED IN COLUMN 16

AVERAGE MONTHLY: 79.6   TOTAL FOR MONTH:   3.76    1 = FOG OR MIST
DPTR FM NORMAL:   0.2   DPTR FM NORMAL:    0.02    2 = FOG REDUCING VISIBILITY
HIGHEST:    96 ON 25,24 GRTST 24HR  1.80 ON 18-19      TO 1/4 MILE OR LESS
LOWEST:     63 ON  3                               3 = THUNDER
                        SNOW, ICE PELLETS, HAIL    4 = ICE PELLETS
                        TOTAL MONTH:   0.0 INCH    5 = HAIL
                        GRTST 24HR     0.0         6 = FREEZING RAIN OR DRIZZLE
                        GRTST DEPTH:   0           7 = DUSTSTORM OR SANDSTORM:
                                                       VSBY 1/2 MILE OR LESS
                                                   8 = SMOKE OR HAZE
[NO. OF DAYS WITH]      [WEATHER - DAYS WITH]      9 = BLOWING SNOW
                                                   X = TORNADO
MAX 32 OR BELOW:   0    0.01 INCH OR MORE:  10
MAX 90 OR ABOVE:  14    0.10 INCH OR MORE:   8
MIN 32 OR BELOW:   0    0.50 INCH OR MORE:   2
MIN  0 OR BELOW:   0    1.00 INCH OR MORE:   0

[HDD (BASE 65) ]
TOTAL THIS MO.     0    CLEAR  (SCALE 0-3)   2
DPTR FM NORMAL     0    PTCLDY (SCALE 4-7)  20
TOTAL FM JUL 1     0    CLOUDY (SCALE 8-10)  4
DPTR FM NORMAL     0

[CDD (BASE 65) ]
TOTAL THIS MO.   387
DPTR FM NORMAL    14    [PRESSURE DATA]
TOTAL FM JAN 1   791    HIGHEST SLP M ON M
DPTR FM NORMAL   -58    LOWEST  SLP 29.78 ON M

[REMARKS]
