000
CXUS56 KSGX 191445
CF6RIV
PRELIMINARY LOCAL CLIMATOLOGICAL DATA (WS FORM: F-6)

                                          STATION:   RIVERSIDE/MARCH FIELD CA
                                          MONTH:     APRIL
                                          YEAR:      2014
                                          LATITUDE:   33 54 N
                                          LONGITUDE: 117 15 W

  TEMPERATURE IN F:       :PCPN:    SNOW:  WIND      :SUNSHINE: SKY     :PK WND
================================================================================
1   2   3   4   5  6A  6B    7    8   9   10  11  12  13   14  15   16   17  18
                                     12Z  AVG MX 2MIN
DY MAX MIN AVG DEP HDD CDD  WTR  SNW DPTH SPD SPD DIR MIN PSBL S-S WX    SPD DR
================================================================================

 1  62  46  54   M  11   0 0.04  0.0    0  8.8 18 270   M    M   4        30 280
 2  60  40  50   M  15   0 0.11  0.0    0  7.0 14 270   M    M   5 3      21 240
 3  68  35  52   M  13   0 0.00  0.0    0  4.2 13 290   M    M   0        17 310
 4  64  45  55   M  10   0 0.00  0.0    0  4.5 13 290   M    M   5         M  M
 5  67  37  52   M  13   0 0.00  0.0    0  5.4 15 300   M    M   1        17 300
 6  81  38  60   M   5   0 0.00  0.0    0  7.6 25 320   M    M   0        33 300
 7  88  40  64   M   1   0 0.00  0.0    0  4.4 15 290   M    M   0         M  M
 8  90  46  68   M   0   3 0.00  0.0    0  3.8 12 300   M    M   2         M  M
 9  91  48  70   M   0   5 0.00  0.0    0  4.8 15 300   M    M   2        22 290
10  89  41  65   M   0   0 0.00  0.0    0  4.3 12 300   M    M   1         M  M
11  85  50  68   M   0   3 0.00  0.0    0  6.0 14 300   M    M   1         M  M
12  71  47  59   M   6   0 0.00  0.0    0  6.0 13 310   M    M   5 1      17 330
13  70  50  60   M   5   0 0.00  0.0    0  5.0 10 290   M    M   5        16 310
14  85  42  64   M   1   0 0.00  0.0    0  7.1 21  70   M    M   0        31  80
15  85  48  67   M   0   2 0.00  0.0    0  5.3 17 310   M    M   1        25 310
16  80  45  63   M   2   0 0.00  0.0    0  3.9 14 310   M    M   0         M  M
17  80  48  64   M   1   0 0.00  0.0    0  5.0 13 300   M    M   5 18      M  M
18  72  54  63   M   2   0 0.00  0.0    0  4.5 12 310   M    M   6         M  M
================================================================================
SM 1388  800        85  13  0.15     0.0  97.6          M       43
================================================================================
AV 77.1 44.4                               5.4 FASTST   M    M   2    MAX(MPH)
                                 MISC ---->    25   M                 33    M
================================================================================
NOTES:
# LAST OF SEVERAL OCCURRENCES

COLUMN 17 PEAK WIND IN M.P.H.

PRELIMINARY LOCAL CLIMATOLOGICAL DATA (WS FORM: F-6) , PAGE 2

                                          STATION:  RIVERSIDE/MARCH FIELD CA
                                          MONTH:    APRIL
                                          YEAR:     2014
                                          LATITUDE:   33 54 N
                                          LONGITUDE: 117 15 W

[TEMPERATURE DATA]      [PRECIPITATION DATA]       SYMBOLS USED IN COLUMN 16

AVERAGE MONTHLY: 60.8   TOTAL FOR MONTH:   0.15    1 = FOG OR MIST
DPTR FM NORMAL:     M   DPTR FM NORMAL:       M    2 = FOG REDUCING VISIBILITY
HIGHEST:    91 ON  9    GRTST 24HR  0.11 ON  2- 2      TO 1/4 MILE OR LESS
LOWEST:     35 ON  3                               3 = THUNDER
                        SNOW, ICE PELLETS, HAIL    4 = ICE PELLETS
                        TOTAL MONTH:   0.0 INCH    5 = HAIL
                        GRTST 24HR     0.0         6 = FREEZING RAIN OR DRIZZLE
                        GRTST DEPTH:   0           7 = DUSTSTORM OR SANDSTORM:
                                                       VSBY 1/2 MILE OR LESS
                                                   8 = SMOKE OR HAZE
[NO. OF DAYS WITH]      [WEATHER - DAYS WITH]      9 = BLOWING SNOW
                                                   X = TORNADO
MAX 32 OR BELOW:   0    0.01 INCH OR MORE:   2
MAX 90 OR ABOVE:   2    0.10 INCH OR MORE:   1
MIN 32 OR BELOW:   0    0.50 INCH OR MORE:   0
MIN  0 OR BELOW:   0    1.00 INCH OR MORE:   0

[HDD (BASE 65) ]
TOTAL THIS MO.    85    CLEAR  (SCALE 0-3)  11
DPTR FM NORMAL     M    PTCLDY (SCALE 4-7)   7
TOTAL FM JUL 1  1504    CLOUDY (SCALE 8-10)  0
DPTR FM NORMAL     M

[CDD (BASE 65) ]
TOTAL THIS MO.    13
DPTR FM NORMAL     M    [PRESSURE DATA]
TOTAL FM JAN 1    13    HIGHEST SLP M ON M
DPTR FM NORMAL     M    LOWEST  SLP M ON M

[REMARKS]
