000
CXUS56 KSGX 191046
CF6RIV
PRELIMINARY LOCAL CLIMATOLOGICAL DATA (WS FORM: F-6)
STATION: RIVERSIDE/MARCH ARB CA
MONTH: MARCH
YEAR: 2024
LATITUDE: 33 53 N
LONGITUDE: 117-15 E
TEMPERATURE IN F: :PCPN: SNOW: WIND :SUNSHINE: SKY :PK WND
================================================================================
1 2 3 4 5 6A 6B 7 8 9 10 11 12 13 14 15 16 17 18
12Z AVG MX 2MIN
DY MAX MIN AVG DEP HDD CDD WTR SNW DPTH SPD SPD DIR MIN PSBL S-S WX SPD DR
================================================================================
1 63 48 56 2 9 0 T M M 3.8 10 290 M M 7 M M
2 61 50 56 2 9 0 0.22 M M 6.3 13 200 M M 8 1 18 180
3 58 43 51 -3 14 0 0.03 M M 4.2 13 260 M M 7 1 17 280
4 61 42 52 -2 13 0 0.00 M M 3.8 9 320 M M 6 M M
5 63 40 52 -2 13 0 0.00 M M 3.5 9 310 M M 5 M M
6 60 42 51 -3 14 0 0.79 M M 3.1 9 210 M M 8 1 16 210
7 61 42 52 -3 13 0 T M M 4.1 12 310 M M 7 3 17 260
8 68 41 55 0 10 0 0.00 M M 2.0 16 320 M M 2 1 23 320
9 69 38 54 -1 11 0 0.00 M M 2.0 9 320 M M 1 1 M M
10 67 37 52 -3 13 0 0.00 M M 3.1 12 330 M M 1 M M
11 64 40 52 -3 13 0 0.00 M M 4.4 13 320 M M 3 12 16 300
12 59 42 51 -4 14 0 0.00 M M 2.8 8 320 M M 7 M M
13 66 44 55 0 10 0 0.00 M M 3.5 10 350 M M 6 M M
14 63 41 52 -4 13 0 0.00 M M 14.0 27 10 M M 1 43 30
15 63 43 53 -3 12 0 0.00 M M 10.2 23 340 M M 5 32 330
16 60 41 51 -5 14 0 T M M 2.8 12 20 M M 5 M M
17 68 42 55 -1 10 0 0.00 M M 2.2 9 260 M M 3 123 M M
18 71 40 56 0 9 0 0.10 M M 2.5 15 40 M M 2 3 30 20
================================================================================
SM 1145 756 214 0 1.14 M 78.4 M 84
================================================================================
AV 63.6 42.0 4.4 FASTST M M 5 MAX(MPH)
MISC ----> 27 10 43 30
================================================================================
NOTES:
# LAST OF SEVERAL OCCURRENCES
COLUMN 17 PEAK WIND IN M.P.H.
PRELIMINARY LOCAL CLIMATOLOGICAL DATA (WS FORM: F-6) , PAGE 2
STATION: RIVERSIDE/MARCH ARB CA
MONTH: MARCH
YEAR: 2024
LATITUDE: 33 53 N
LONGITUDE: 117-15 E
[TEMPERATURE DATA] [PRECIPITATION DATA] SYMBOLS USED IN COLUMN 16
AVERAGE MONTHLY: 52.8 TOTAL FOR MONTH: 1.14 1 = FOG OR MIST
DPTR FM NORMAL: -2.1 DPTR FM NORMAL: 0.16 2 = FOG REDUCING VISIBILITY
HIGHEST: 71 ON 18 GRTST 24HR 0.79 ON 6- 6 TO 1/4 MILE OR LESS
LOWEST: 37 ON 10 3 = THUNDER
SNOW, ICE PELLETS, HAIL 4 = ICE PELLETS
TOTAL MONTH: M 5 = HAIL
GRTST 24HR M ON M 6 = FREEZING RAIN OR DRIZZLE
GRTST DEPTH: M ON M 7 = DUSTSTORM OR SANDSTORM:
VSBY 1/2 MILE OR LESS
8 = SMOKE OR HAZE
[NO. OF DAYS WITH] [WEATHER - DAYS WITH] 9 = BLOWING SNOW
X = TORNADO
MAX 32 OR BELOW: 0 0.01 INCH OR MORE: 4
MAX 90 OR ABOVE: 0 0.10 INCH OR MORE: 3
MIN 32 OR BELOW: 0 0.50 INCH OR MORE: 1
MIN 0 OR BELOW: 0 1.00 INCH OR MORE: 0
[HDD (BASE 65) ]
TOTAL THIS MO. 214 CLEAR (SCALE 0-3) 6
DPTR FM NORMAL 33 PTCLDY (SCALE 4-7) 11
TOTAL FM JUL 1 1541 CLOUDY (SCALE 8-10) 1
DPTR FM NORMAL -184
[CDD (BASE 65) ]
TOTAL THIS MO. 0
DPTR FM NORMAL 0 [PRESSURE DATA]
TOTAL FM JAN 1 0 HIGHEST SLP M ON M
DPTR FM NORMAL 0 LOWEST SLP M ON M
[REMARKS]