000
CXUS55 KRIW 280901
CF6RIW
PRELIMINARY LOCAL CLIMATOLOGICAL DATA (WS FORM: F-6)

                                          STATION:   RIVERTON WY
                                          MONTH:     JULY
                                          YEAR:      2014
                                          LATITUDE:   43  2 N
                                          LONGITUDE: 108 27 W

  TEMPERATURE IN F:       :PCPN:    SNOW:  WIND      :SUNSHINE: SKY     :PK WND
================================================================================
1   2   3   4   5  6A  6B    7    8   9   10  11  12  13   14  15   16   17  18
                                     12Z  AVG MX 2MIN
DY MAX MIN AVG DEP HDD CDD  WTR  SNW DPTH SPD SPD DIR MIN PSBL S-S WX    SPD DR
================================================================================

 1  74  47  61  -7   4   0 0.00  0.0    0  8.8 17  90   M    M   2        22  40
 2  82  48  65  -4   0   0 0.00  0.0    0  5.8 14  40   M    M   0        18  70
 3  90  53  72   3   0   7 0.00  0.0    0  9.8 36 320   M    M   0        48 310
 4  91  60  76   6   0  11 0.16  0.0    0  8.6 35 340   M    M   0 3      43 350
 5  97  57  77   7   0  12 0.00  0.0    0  9.7 26 310   M    M   0        32 310
 6  92  58  75   5   0  10 0.00  0.0    0  7.1 14  40   M    M   0        19  70
 7  86  59  73   3   0   8 0.00  0.0    0 12.1 25  20   M    M   1        32  50
 8  86  55  71   0   0   6 0.00  0.0    0  6.8 17  50   M    M   2 8      23  40
 9  95  57  76   5   0  11 0.00  0.0    0  8.9 21 360   M    M   0        27 360
10  86  65  76   5   0  11    T  0.0    0  8.2 21 320   M    M   3 3      26 310
11  80  60  70  -1   0   5 0.22  0.0    0  7.3 24  50   M    M   4 1      28  50
12  84  58  71  -1   0   6 0.06  0.0    0  6.1 16 280   M    M   1 3      17  90
13  86  56  71  -1   0   6 0.00  0.0    0  6.0 15  50   M    M   1        20  50
14  82  61  72   0   0   7 0.01  0.0    0  7.4 23 250   M    M   2        26 250
15  88  53  71  -1   0   6    T  0.0    0 10.2 43  10   M    M   1 3      51  20
16  76  57  67  -5   0   2 0.02  0.0    0  8.2 17  40   M    M   7        23 360
17  84  50  67  -5   0   2    T  0.0    0  7.6 24  20   M    M   1        31  10
18  90  59  75   2   0  10 0.00  0.0    0  8.0 20 310   M    M   0        25 300
19  94  59  77   4   0  12 0.00  0.0    0 10.6 25 300   M    M   0        33 300
20  93  61  77   4   0  12 0.00  0.0    0 12.0 30 250   M    M   0        37 250
21  93  63  78   5   0  13    T  0.0    0 11.3 44 320   M    M   0        56 330
22  93  56  75   2   0  10 0.00  0.0    0  4.8 14  40   M    M   0        22  50
23  98  62  80   7   0  15 0.00  0.0    0  8.0 31 220   M    M   0        44 230
24  96  64  80   7   0  15 0.00  0.0    0 17.1 31 220   M    M   0 3      39 240
25  94  59  77   4   0  12 0.00  0.0    0 11.2 29 280   M    M   1        35 300
26  89  57  73   0   0   8 0.00  0.0    0  9.5 17  40   M    M   0        22  20
27  87  57  72  -1   0   7 0.00  0.0    0  7.1 15  40   M    M   0        21  50
================================================================================
SM 2386 1551         4 224  0.47     0.0 238.2          M       26
================================================================================
AV 88.4 57.4                               8.8 FASTST   M    M   1    MAX(MPH)
                                 MISC ---->  # 44 320               # 56  330
================================================================================
NOTES:
# LAST OF SEVERAL OCCURRENCES

COLUMN 17 PEAK WIND IN M.P.H.

PRELIMINARY LOCAL CLIMATOLOGICAL DATA (WS FORM: F-6) , PAGE 2

                                          STATION:  RIVERTON WY
                                          MONTH:    JULY
                                          YEAR:     2014
                                          LATITUDE:   43  2 N
                                          LONGITUDE: 108 27 W

[TEMPERATURE DATA]      [PRECIPITATION DATA]       SYMBOLS USED IN COLUMN 16

AVERAGE MONTHLY: 72.9   TOTAL FOR MONTH:   0.47    1 = FOG OR MIST
DPTR FM NORMAL:   1.4   DPTR FM NORMAL:   -0.33    2 = FOG REDUCING VISIBILITY
HIGHEST:    98 ON 23    GRTST 24HR  0.22 ON 11-11      TO 1/4 MILE OR LESS
LOWEST:     47 ON  1                               3 = THUNDER
                        SNOW, ICE PELLETS, HAIL    4 = ICE PELLETS
                        TOTAL MONTH:   0.0 INCH    5 = HAIL
                        GRTST 24HR     0.0         6 = FREEZING RAIN OR DRIZZLE
                        GRTST DEPTH:   0           7 = DUSTSTORM OR SANDSTORM:
                                                       VSBY 1/2 MILE OR LESS
                                                   8 = SMOKE OR HAZE
[NO. OF DAYS WITH]      [WEATHER - DAYS WITH]      9 = BLOWING SNOW
                                                   X = TORNADO
MAX 32 OR BELOW:   0    0.01 INCH OR MORE:   5
MAX 90 OR ABOVE:  13    0.10 INCH OR MORE:   2
MIN 32 OR BELOW:   0    0.50 INCH OR MORE:   0
MIN  0 OR BELOW:   0    1.00 INCH OR MORE:   0

[HDD (BASE 65) ]
TOTAL THIS MO.     4    CLEAR  (SCALE 0-3)  25
DPTR FM NORMAL    -4    PTCLDY (SCALE 4-7)   2
TOTAL FM JUL 1     4    CLOUDY (SCALE 8-10)  0
DPTR FM NORMAL    -4

[CDD (BASE 65) ]
TOTAL THIS MO.   224
DPTR FM NORMAL    38    [PRESSURE DATA]
TOTAL FM JAN 1   262    HIGHEST SLP M ON M
DPTR FM NORMAL     1    LOWEST  SLP 29.90 ON 24

[REMARKS]
