000
CXUS55 KRIW 190945
CF6RIW
PRELIMINARY LOCAL CLIMATOLOGICAL DATA (WS FORM: F-6)

                                          STATION:   RIVERTON WY
                                          MONTH:     NOVEMBER
                                          YEAR:      2017
                                          LATITUDE:   43  2 N
                                          LONGITUDE: 108 27 W

  TEMPERATURE IN F:       :PCPN:    SNOW:  WIND      :SUNSHINE: SKY     :PK WND
================================================================================
1   2   3   4   5  6A  6B    7    8   9   10  11  12  13   14  15   16   17  18
                                     12Z  AVG MX 2MIN
DY MAX MIN AVG DEP HDD CDD  WTR  SNW DPTH SPD SPD DIR MIN PSBL S-S WX    SPD DR
================================================================================

 1  62  30  46   8  19   0 0.15  1.8    0 13.3 39 260   M    M   3 1      50 260
 2  32  26  29  -9  36   0 0.13  1.6    3  5.7 16  60   M    M  10 1      20  70
 3  37  26  32  -5  33   0 0.04    T    T  3.5 13 220   M    M   8 12     15 310
 4  42  24  33  -4  32   0 0.01  0.1    0  7.3 22 360   M    M   5 12     26 350
 5  40  23  32  -4  33   0 0.00  0.0    0  4.8 13  40   M    M   6        17  30
 6  43  17  30  -6  35   0 0.03  0.3    0  6.3 16  50   M    M   4 1      20  30
 7  32  14  23 -12  42   0    T    T    T  3.4  8 320   M    M   6        10 120
 8  37  13  25  -9  40   0 0.00  0.0    0  3.4  9 310   M    M   1 12     10 310
 9  44  21  33  -1  32   0 0.00  0.0    0  4.3 12 320   M    M   1        13 320
10  49  25  37   4  28   0 0.00  0.0    0  6.7 15 290   M    M   1        16 280
11  46  21  34   1  31   0 0.00  0.0    0  8.7 26  20   M    M   0        32  20
12  44  18  31  -1  34   0 0.00  0.0    0  4.4 10 310   M    M   0        11 310
13  51  21  36   4  29   0 0.00  0.0    0  4.0 12 310   M    M   0        14 320
14  54  27  41  10  24   0 0.00  0.0    0  8.9 33 270   M    M   0        41 270
15  44  19  32   1  33   0 0.00  0.0    0  6.0 13 300   M    M   0        13 300
16  58  25  42  12  23   0 0.00  0.0    0 10.5 36 240   M    M   0        45 240
17  48  25  37   7  28   0 0.07  0.4    0 10.0 37 320   M    M   5 1      47 320
18  39  21  30   1  35   0 0.00  0.0    0 11.1 29 300   M    M   0        37 290
================================================================================
SM  802  396       567   0  0.43     4.2 122.3          M       50
================================================================================
AV 44.6 22.0                               6.8 FASTST   M    M   3    MAX(MPH)
                                 MISC ---->  # 39 260               # 50  260
================================================================================
NOTES:
# LAST OF SEVERAL OCCURRENCES

COLUMN 17 PEAK WIND IN M.P.H.

PRELIMINARY LOCAL CLIMATOLOGICAL DATA (WS FORM: F-6) , PAGE 2

                                          STATION:  RIVERTON WY
                                          MONTH:    NOVEMBER
                                          YEAR:     2017
                                          LATITUDE:   43  2 N
                                          LONGITUDE: 108 27 W

[TEMPERATURE DATA]      [PRECIPITATION DATA]       SYMBOLS USED IN COLUMN 16

AVERAGE MONTHLY: 33.3   TOTAL FOR MONTH:   0.43    1 = FOG OR MIST
DPTR FM NORMAL:  -0.4   DPTR FM NORMAL:    0.12    2 = FOG REDUCING VISIBILITY
HIGHEST:    62 ON  1    GRTST 24HR  0.15 ON  1- 1      TO 1/4 MILE OR LESS
LOWEST:     13 ON  8                               3 = THUNDER
                        SNOW, ICE PELLETS, HAIL    4 = ICE PELLETS
                        TOTAL MONTH:   4.2 INCHES  5 = HAIL
                        GRTST 24HR   1.8 ON  1- 1  6 = FREEZING RAIN OR DRIZZLE
                        GRTST DEPTH:   3 ON  2     7 = DUSTSTORM OR SANDSTORM:
                                                       VSBY 1/2 MILE OR LESS
                                                   8 = SMOKE OR HAZE
[NO. OF DAYS WITH]      [WEATHER - DAYS WITH]      9 = BLOWING SNOW
                                                   X = TORNADO
MAX 32 OR BELOW:   2    0.01 INCH OR MORE:   6
MAX 90 OR ABOVE:   0    0.10 INCH OR MORE:   2
MIN 32 OR BELOW:  18    0.50 INCH OR MORE:   0
MIN  0 OR BELOW:   0    1.00 INCH OR MORE:   0

[HDD (BASE 65) ]
TOTAL THIS MO.   567    CLEAR  (SCALE 0-3)  10
DPTR FM NORMAL     3    PTCLDY (SCALE 4-7)   6
TOTAL FM JUL 1  1523    CLOUDY (SCALE 8-10)  2
DPTR FM NORMAL    79

[CDD (BASE 65) ]
TOTAL THIS MO.     0
DPTR FM NORMAL     0    [PRESSURE DATA]
TOTAL FM JAN 1   547    HIGHEST SLP M ON M
DPTR FM NORMAL    53    LOWEST  SLP 29.53 ON  1

[REMARKS]
