000
CXUS54 KCRP 271300
CF6RKP
PRELIMINARY LOCAL CLIMATOLOGICAL DATA (WS FORM: F-6)

                                          STATION:   ROCKPORT
                                          MONTH:     JULY
                                          YEAR:      2016
                                          LATITUDE:   28  4 N
                                          LONGITUDE:  97  3 W

  TEMPERATURE IN F:       :PCPN:    SNOW:  WIND      :SUNSHINE: SKY     :PK WND
================================================================================
1   2   3   4   5  6A  6B    7    8   9   10  11  12  13   14  15   16   17  18
                                     12Z  AVG MX 2MIN
DY MAX MIN AVG DEP HDD CDD  WTR  SNW DPTH SPD SPD DIR MIN PSBL S-S WX    SPD DR
================================================================================

 1  92  78  85   0   0  20 0.04  0.0    0  7.9 18 140   M    M   2 8      22 140
 2  93  82  88   3   0  23 0.00  0.0    0 11.8 22 140   M    M   2        28 140
 3  91  84  88   3   0  23 0.00  0.0    0 14.5 23 150   M    M   3        30 150
 4  91  83  87   2   0  22 0.00  0.0    0 14.5 22 150   M    M   3        32 140
 5  92  83  88   3   0  23 0.00  0.0    0 13.3 23 140   M    M   4 8      31 150
 6  91  82  87   2   0  22 0.00  0.0    0 12.7 22 160   M    M   4        30 140
 7  92  82  87   2   0  22 0.00  0.0    0 12.3 22 150   M    M   2        30 140
 8  92  83  88   3   0  23 0.00  0.0    0 12.3 23 150   M    M   4 8      31 140
 9  92  83  88   3   0  23 0.00  0.0    0 12.1 20 140   M    M   4 18     26 140
10  90  82  86   1   0  21 0.00  0.0    0 12.8 23 150   M    M   4        32 150
11  91  82  87   2   0  22 0.00  0.0    0 13.9 23 140   M    M   3 18     31 150
12  93  81  87   2   0  22 0.00  0.0    0 12.5 21 140   M    M   1        27 150
13  92  82  87   2   0  22 0.00  0.0    0 12.6 21 150   M    M   2        30 140
14  92  82  87   2   0  22 0.00  0.0    0 13.1 22 140   M    M   3        31 140
15  92  82  87   2   0  22 0.00  0.0    0 11.9 21 140   M    M   2        27 140
16  92  80  86   1   0  21 0.00  0.0    0 10.4 17 130   M    M   1        21 130
17  92  81  87   2   0  22 0.00  0.0    0 10.6 18 130   M    M   2        21 140
18  93  83  88   3   0  23 0.00  0.0    0 11.7 18 130   M    M   2        22 120
19  92  82  87   2   0  22 0.00  0.0    0 11.1 18 110   M    M   1        23 110
20  93  82  88   3   0  23 0.00  0.0    0 10.5 17 130   M    M   1        21 120
21  94  78  86   1   0  21 0.00  0.0    0  8.7 17 130   M    M   1 8      20 130
22  94  79  87   2   0  22 0.00  0.0    0  8.4 17 130   M    M   1        22 120
23  94  79  87   2   0  22 0.00  0.0    0  9.1 17 140   M    M   2        23 150
24  93  81  87   2   0  22    T  0.0    0  9.6 17 140   M    M   2        22 140
25  94  81  88   3   0  23 0.00  0.0    0  8.7 17 140   M    M   2 3      23 150
26  85  74  80  -5   0  15 0.60  0.0    0  6.9 16 340   M    M   3 138    21 150
================================================================================
SM 2392 2111         0 568  0.64     0.0 293.9          M       61
================================================================================
AV 92.0 81.2                              11.3 FASTST   M    M   2    MAX(MPH)
                                 MISC ---->  # 23 150               # 32  140
================================================================================
NOTES:
# LAST OF SEVERAL OCCURRENCES

COLUMN 17 PEAK WIND IN M.P.H.

PRELIMINARY LOCAL CLIMATOLOGICAL DATA (WS FORM: F-6) , PAGE 2

                                          STATION:  ROCKPORT
                                          MONTH:    JULY
                                          YEAR:     2016
                                          LATITUDE:   28  4 N
                                          LONGITUDE:  97  3 W

[TEMPERATURE DATA]      [PRECIPITATION DATA]       SYMBOLS USED IN COLUMN 16

AVERAGE MONTHLY: 86.6   TOTAL FOR MONTH:   0.64    1 = FOG OR MIST
DPTR FM NORMAL:   1.6   DPTR FM NORMAL:   -2.35    2 = FOG REDUCING VISIBILITY
HIGHEST:    94 ON 25,23 GRTST 24HR  0.60 ON 26-26      TO 1/4 MILE OR LESS
LOWEST:     74 ON 26                               3 = THUNDER
                        SNOW, ICE PELLETS, HAIL    4 = ICE PELLETS
                        TOTAL MONTH:   0.0 INCH    5 = HAIL
                        GRTST 24HR     0.0         6 = FREEZING RAIN OR DRIZZLE
                        GRTST DEPTH:   0           7 = DUSTSTORM OR SANDSTORM:
                                                       VSBY 1/2 MILE OR LESS
                                                   8 = SMOKE OR HAZE
[NO. OF DAYS WITH]      [WEATHER - DAYS WITH]      9 = BLOWING SNOW
                                                   X = TORNADO
MAX 32 OR BELOW:   0    0.01 INCH OR MORE:   2
MAX 90 OR ABOVE:  25    0.10 INCH OR MORE:   1
MIN 32 OR BELOW:   0    0.50 INCH OR MORE:   1
MIN  0 OR BELOW:   0    1.00 INCH OR MORE:   0

[HDD (BASE 65) ]
TOTAL THIS MO.     0    CLEAR  (SCALE 0-3)  20
DPTR FM NORMAL     0    PTCLDY (SCALE 4-7)   6
TOTAL FM JUL 1     0    CLOUDY (SCALE 8-10)  0
DPTR FM NORMAL     0

[CDD (BASE 65) ]
TOTAL THIS MO.   568
DPTR FM NORMAL    48    [PRESSURE DATA]
TOTAL FM JAN 1  2204    HIGHEST SLP M ON M
DPTR FM NORMAL   307    LOWEST  SLP 29.74 ON 11

[REMARKS]
