000
CXUS55 KRIW 280945
CF6RKS
PRELIMINARY LOCAL CLIMATOLOGICAL DATA (WS FORM: F-6)

                                          STATION:   ROCK SPRINGS WY
                                          MONTH:     MAY
                                          YEAR:      2017
                                          LATITUDE:   41 35 N
                                          LONGITUDE: 109  4 W

  TEMPERATURE IN F:       :PCPN:    SNOW:  WIND      :SUNSHINE: SKY     :PK WND
================================================================================
1   2   3   4   5  6A  6B    7    8   9   10  11  12  13   14  15   16   17  18
                                     12Z  AVG MX 2MIN
DY MAX MIN AVG DEP HDD CDD  WTR  SNW DPTH SPD SPD DIR MIN PSBL S-S WX    SPD DR
================================================================================

 1  59  36  48   2  17   0 0.00    M    M 19.4 31 270   M    M   4        43 260
 2  59  42  51   5  14   0    T    M    M 15.8 29 250   M    M   7        38 270
 3  65  34  50   3  15   0 0.00    M    M  7.8 16 310   M    M   0        25 320
 4  70  40  55   8  10   0 0.00    M    M  6.2 13 100   M    M   0        15 100
 5  76  44  60  13   5   0 0.00    M    M  6.6 15 210   M    M   1        20 210
 6  71  44  58  10   7   0    T    M    M 10.4 35 220   M    M   3        41 220
 7  73  47  60  12   5   0    T    M    M 10.2 28 200   M    M   2        33 190
 8  68  43  56   8   9   0 0.15    M    M 12.3 32  60   M    M   3 13     43  50
 9  66  40  53   4  12   0    T    M    M  8.8 23 340   M    M   4        29 350
10  62  39  51   2  14   0 0.00  0.0    M  9.2 21  70   M    M   5        26  50
11  71  36  54   5  11   0 0.00  0.0    M  4.7 13 280   M    M   0        17 280
12  74  46  60  10   5   0 0.00  0.0    M 14.1 33 210   M    M   0        40 200
13  73  36  55   5  10   0    T    M    M 19.2 39 210   M    M   4        50 210
14  67  30  49  -1  16   0 0.00  0.0    M  8.1 31 230   M    M   0        39 230
15  68  37  53   3  12   0    T    M    M 11.3 37 230   M    M   2        43 220
16  55  36  46  -5  19   0    T    M    M  9.9 32 270   M    M   3 3      39 270
17  45  30  38 -13  27   0 0.03    M    M 16.6 36 250   M    M   6 12     43 250
18  32  28  30 -21  35   0 0.44    M    M 18.9 38  50   M    M  10 12     50  50
19  42  27  35 -17  30   0    T    M    M  9.8 21  60   M    M   9        26  60
20  53  32  43  -9  22   0    T    M    M  6.7 15  40   M    M   5        22  50
21  58  36  47  -5  18   0    T    M    M  7.5 25  40   M    M   4 3      32  40
22  65  35  50  -3  15   0    T    M    M 12.7 39  50   M    M   5        50  50
23  68  34  51  -2  14   0 0.00    M    M  6.4 16 330   M    M   1 12     20 310
24  76  49  63  10   2   0    T    M    M 21.2 39 260   M    M   4        49 250
25  60  40  50  -4  15   0    T    M    M 14.5 25 270   M    M   4        37 290
26  58  36  47  -7  18   0 0.02    M    M 11.9 30 260   M    M   6 3      38 280
27  62  36  49  -5  16   0 0.00  0.0    M  5.2 20  70   M    M   5        25  70
================================================================================
SM 1696 1013       393   0  0.64     0.0 305.4          M       97
================================================================================
AV 62.8 37.5                              11.3 FASTST   M    M   4    MAX(MPH)
                                 MISC ---->  # 39 210               # 50  210
================================================================================
NOTES:
# LAST OF SEVERAL OCCURRENCES

COLUMN 17 PEAK WIND IN M.P.H.

PRELIMINARY LOCAL CLIMATOLOGICAL DATA (WS FORM: F-6) , PAGE 2

                                          STATION:  ROCK SPRINGS WY
                                          MONTH:    MAY
                                          YEAR:     2017
                                          LATITUDE:   41 35 N
                                          LONGITUDE: 109  4 W

[TEMPERATURE DATA]      [PRECIPITATION DATA]       SYMBOLS USED IN COLUMN 16

AVERAGE MONTHLY: 50.2   TOTAL FOR MONTH:   0.64    1 = FOG OR MIST
DPTR FM NORMAL:   0.0   DPTR FM NORMAL:   -0.42    2 = FOG REDUCING VISIBILITY
HIGHEST:    76 ON 24, 5 GRTST 24HR  0.44 ON 18-18      TO 1/4 MILE OR LESS
LOWEST:     27 ON 19                               3 = THUNDER
                        SNOW, ICE PELLETS, HAIL    4 = ICE PELLETS
                        TOTAL MONTH:   0.0 INCH    5 = HAIL
                        GRTST 24HR     0.0         6 = FREEZING RAIN OR DRIZZLE
                        GRTST DEPTH:  M  ON   M    7 = DUSTSTORM OR SANDSTORM:
                                                       VSBY 1/2 MILE OR LESS
                                                   8 = SMOKE OR HAZE
[NO. OF DAYS WITH]      [WEATHER - DAYS WITH]      9 = BLOWING SNOW
                                                   X = TORNADO
MAX 32 OR BELOW:   1    0.01 INCH OR MORE:   4
MAX 90 OR ABOVE:   0    0.10 INCH OR MORE:   2
MIN 32 OR BELOW:   5    0.50 INCH OR MORE:   0
MIN  0 OR BELOW:   0    1.00 INCH OR MORE:   0

[HDD (BASE 65) ]
TOTAL THIS MO.   393    CLEAR  (SCALE 0-3)  12
DPTR FM NORMAL    -9    PTCLDY (SCALE 4-7)  13
TOTAL FM JUL 1  7585    CLOUDY (SCALE 8-10)  2
DPTR FM NORMAL  -349

[CDD (BASE 65) ]
TOTAL THIS MO.     0
DPTR FM NORMAL     0    [PRESSURE DATA]
TOTAL FM JAN 1     0    HIGHEST SLP M ON M
DPTR FM NORMAL     0    LOWEST  SLP 29.41 ON 24

[REMARKS]
