000
CXUS55 KRIW 290901
CF6RKS
PRELIMINARY LOCAL CLIMATOLOGICAL DATA (WS FORM: F-6)

                                          STATION:   ROCK SPRINGS WY
                                          MONTH:     JANUARY
                                          YEAR:      2015
                                          LATITUDE:   41 35 N
                                          LONGITUDE: 109  4 W

  TEMPERATURE IN F:       :PCPN:    SNOW:  WIND      :SUNSHINE: SKY     :PK WND
================================================================================
1   2   3   4   5  6A  6B    7    8   9   10  11  12  13   14  15   16   17  18
                                     12Z  AVG MX 2MIN
DY MAX MIN AVG DEP HDD CDD  WTR  SNW DPTH SPD SPD DIR MIN PSBL S-S WX    SPD DR
================================================================================

 1  12 -16  -2 -23  67   0    T    M    M  5.5 14 250   M    M   4 8      15 260
 2  27   8  18  -3  47   0 0.00  0.0    M  9.2 29 250   M    M   4        32 250
 3  27  17  22   1  43   0 0.00  0.0    M 20.4 37 260   M    M   4        42 250
 4  32  18  25   4  40   0 0.00  0.0    M 21.5 43 270   M    M   4        50 260
 5  39  29  34  13  31   0 0.00  0.0    M 28.5 49 260   M    M   7        59 260
 6  42  33  38  17  27   0 0.00  0.0    M 17.1 29 260   M    M   0        39 270
 7  37  26  32  11  33   0 0.00  0.0    M  5.7 16 250   M    M   0 1      18 250
 8  46  19  33  12  32   0 0.00  0.0    M 13.9 26  70   M    M   2 1      32  70
 9  27  14  21   0  44   0 0.00  0.0    M  6.9 24  70   M    M   8 12     28  70
10  35  22  29   7  36   0 0.00  0.0    M  6.0 14 250   M    M   8 12     16 240
11  39  29  34  12  31   0    T    M    M 11.1 20 250   M    M   8 1      22 260
12  38  29  34  12  31   0 0.01    M    M  4.6 13 170   M    M   9 12     16 170
13  34  21  28   6  37   0 0.00  0.0    M  9.3 16  60   M    M   7 1      20  60
14  31  18  25   3  40   0 0.00  0.0    M  9.2 17 240   M    M   6 12     21 260
15  41  17  29   7  36   0 0.00  0.0    M  7.7 23 230   M    M   0        26 230
16  42  25  34  12  31   0 0.00  0.0    M 16.4 36 250   M    M   6        43 260
17  37  24  31   9  34   0 0.00  0.0    M 16.1 30 250   M    M   1        39 280
18  48  28  38  16  27   0 0.00  0.0    M 17.6 35 260   M    M   3        43 270
19  41  23  32  10  33   0 0.00  0.0    M 17.1 39 270   M    M   3        45 270
20  31  16  24   2  41   0 0.00  0.0    M  6.2 16 250   M    M   2        19 270
21  25   9  17  -4  48   0    T    M    M  4.9 12 270   M    M   3        13 270
22  35  10  23   2  42   0 0.00  0.0    M 13.9 23 240   M    M   0        28 240
23  35  22  29   8  36   0 0.00  0.0    M 15.3 22 250   M    M   4        26 260
24  38  21  30   9  35   0 0.00  0.0    M 26.4 39 270   M    M   1        46 260
25  47  30  39  18  26   0 0.00  0.0    M 20.6 33 270   M    M   0        39 270
26  53  28  41  20  24   0 0.00  0.0    M  5.3 15 150   M    M   0        18 150
27  50  24  37  16  28   0 0.00  0.0    M  5.8 13 270   M    M   3        15 270
28  43  31  37  16  28   0    T    M    M 14.2 30 260   M    M   7        35 250
================================================================================
SM 1032  575      1008   0  0.01     0.0 356.4          M      104
================================================================================
AV 36.9 20.5                              12.7 FASTST   M    M   4    MAX(MPH)
                                 MISC ---->  # 49 260               # 59  260
================================================================================
NOTES:
# LAST OF SEVERAL OCCURRENCES

COLUMN 17 PEAK WIND IN M.P.H.

PRELIMINARY LOCAL CLIMATOLOGICAL DATA (WS FORM: F-6) , PAGE 2

                                          STATION:  ROCK SPRINGS WY
                                          MONTH:    JANUARY
                                          YEAR:     2015
                                          LATITUDE:   41 35 N
                                          LONGITUDE: 109  4 W

[TEMPERATURE DATA]      [PRECIPITATION DATA]       SYMBOLS USED IN COLUMN 16

AVERAGE MONTHLY: 28.7   TOTAL FOR MONTH:   0.01    1 = FOG OR MIST
DPTR FM NORMAL:   7.3   DPTR FM NORMAL:   -0.39    2 = FOG REDUCING VISIBILITY
HIGHEST:    53 ON 26    GRTST 24HR  0.01 ON 12-12      TO 1/4 MILE OR LESS
LOWEST:    -16 ON  1                               3 = THUNDER
                        SNOW, ICE PELLETS, HAIL    4 = ICE PELLETS
                        TOTAL MONTH:   0.0 INCH    5 = HAIL
                        GRTST 24HR     0.0         6 = FREEZING RAIN OR DRIZZLE
                        GRTST DEPTH:  M  ON   M    7 = DUSTSTORM OR SANDSTORM:
                                                       VSBY 1/2 MILE OR LESS
                                                   8 = SMOKE OR HAZE
[NO. OF DAYS WITH]      [WEATHER - DAYS WITH]      9 = BLOWING SNOW
                                                   X = TORNADO
MAX 32 OR BELOW:   8    0.01 INCH OR MORE:   1
MAX 90 OR ABOVE:   0    0.10 INCH OR MORE:   0
MIN 32 OR BELOW:  27    0.50 INCH OR MORE:   0
MIN  0 OR BELOW:   1    1.00 INCH OR MORE:   0

[HDD (BASE 65) ]
TOTAL THIS MO.  1008    CLEAR  (SCALE 0-3)  14
DPTR FM NORMAL  -219    PTCLDY (SCALE 4-7)  10
TOTAL FM JUL 1  4080    CLOUDY (SCALE 8-10)  4
DPTR FM NORMAL  -499

[CDD (BASE 65) ]
TOTAL THIS MO.     0
DPTR FM NORMAL     0    [PRESSURE DATA]
TOTAL FM JAN 1     0    HIGHEST SLP M ON M
DPTR FM NORMAL     0    LOWEST  SLP 30.00 ON 11

[REMARKS]
