000
CXUS52 KFFC 191110
CF6RMG
PRELIMINARY LOCAL CLIMATOLOGICAL DATA (WS FORM: F-6)

                                          STATION:   ROME
                                          MONTH:     FEBRUARY
                                          YEAR:      2017
                                          LATITUDE:   34 20 N
                                          LONGITUDE:  85 10 W

  TEMPERATURE IN F:       :PCPN:    SNOW:  WIND      :SUNSHINE: SKY     :PK WND
================================================================================
1   2   3   4   5  6A  6B    7    8   9   10  11  12  13   14  15   16   17  18
                                     12Z  AVG MX 2MIN
DY MAX MIN AVG DEP HDD CDD  WTR  SNW DPTH SPD SPD DIR MIN PSBL S-S WX    SPD DR
================================================================================

 1  72  40  56  14   9   0 0.00  0.0    0  5.3 17 270   M    M   2        28 280
 2  56  40  48   6  17   0 0.01    M    0  5.0 14  10   M    M   7 1      18  10
 3  55  34  45   3  20   0 0.00  0.0    0  9.4 21  10   M    M   6        28  10
 4  52  25  39  -3  26   0 0.00  0.0    0  5.9 14 150   M    M   1        17 120
 5  52  37  45   3  20   0 0.10    M    0  2.2 10 150   M    M  10 1      13 270
 6  53  48  51   8  14   0 0.08    M    0  0.9  6  80   M    M  10 128     7  60
 7  64  44  54  11  11   0 0.32    M    0  3.0 14 140   M    M   9 12     19 180
 8  67  52  60  17   5   0 0.57  0.0    0  3.0 20 320   M    M   9 123    29 310
 9  58  35  47   4  18   0 0.00  0.0    0 11.0 24 320   M    M   4        30 330
10  67  27  47   4  18   0 0.00  0.0    0  2.4 12 190   M    M   0        15 180
11  67  39  53  10  12   0 0.00  0.0    0  2.4  9 190   M    M   8        16 230
12  74  56  65  21   0   0 0.04  0.0    0  7.7 22 360   M    M   9 3      27  10
13  63  37  50   6  15   0 0.00  0.0    0  9.0 21  10   M    M   0        26  10
14  67  30  49   5  16   0 0.00  0.0    0  1.6  9 220   M    M   4        13 340
15  59  42  51   7  14   0 0.66  0.0    0  9.5 21 360   M    M   4 13     29 360
16  60  30  45   1  20   0 0.00  0.0    0  3.4 14 310   M    M   0        25  80
17  68  30  49   4  16   0 0.00  0.0    0  2.7 14 210   M    M   0 8      19 220
18  54  45  50   5  15   0 0.30  0.0    0  1.4  9 350   M    M   8 18     10 360
================================================================================
SM 1108  691       266   0  2.08     0.0  85.8          M       91
================================================================================
AV 61.6 38.4                               4.8 FASTST   M    M   5    MAX(MPH)
                                 MISC ---->  # 24 320               # 30  330
================================================================================
NOTES:
# LAST OF SEVERAL OCCURRENCES

COLUMN 17 PEAK WIND IN M.P.H.

PRELIMINARY LOCAL CLIMATOLOGICAL DATA (WS FORM: F-6) , PAGE 2

                                          STATION:  ROME
                                          MONTH:    FEBRUARY
                                          YEAR:     2017
                                          LATITUDE:   34 20 N
                                          LONGITUDE:  85 10 W

[TEMPERATURE DATA]      [PRECIPITATION DATA]       SYMBOLS USED IN COLUMN 16

AVERAGE MONTHLY: 50.0   TOTAL FOR MONTH:   2.08    1 = FOG OR MIST
DPTR FM NORMAL:   6.8   DPTR FM NORMAL:   -0.87    2 = FOG REDUCING VISIBILITY
HIGHEST:    74 ON 12    GRTST 24HR  0.66 ON 15-15      TO 1/4 MILE OR LESS
LOWEST:     25 ON  4                               3 = THUNDER
                        SNOW, ICE PELLETS, HAIL    4 = ICE PELLETS
                        TOTAL MONTH:   0.0 INCH    5 = HAIL
                        GRTST 24HR     0.0         6 = FREEZING RAIN OR DRIZZLE
                        GRTST DEPTH:   0           7 = DUSTSTORM OR SANDSTORM:
                                                       VSBY 1/2 MILE OR LESS
                                                   8 = SMOKE OR HAZE
[NO. OF DAYS WITH]      [WEATHER - DAYS WITH]      9 = BLOWING SNOW
                                                   X = TORNADO
MAX 32 OR BELOW:   0    0.01 INCH OR MORE:   8
MAX 90 OR ABOVE:   0    0.10 INCH OR MORE:   5
MIN 32 OR BELOW:   5    0.50 INCH OR MORE:   2
MIN  0 OR BELOW:   0    1.00 INCH OR MORE:   0

[HDD (BASE 65) ]
TOTAL THIS MO.   266    CLEAR  (SCALE 0-3)   6
DPTR FM NORMAL  -126    PTCLDY (SCALE 4-7)   6
TOTAL FM JUL 1  1623    CLOUDY (SCALE 8-10)  6
DPTR FM NORMAL  -811

[CDD (BASE 65) ]
TOTAL THIS MO.     0
DPTR FM NORMAL     0    [PRESSURE DATA]
TOTAL FM JAN 1     0    HIGHEST SLP M ON M
DPTR FM NORMAL     0    LOWEST  SLP 29.54 ON 15

[REMARKS]
