000
CXUS52 KFFC 211110
CF6RMG
PRELIMINARY LOCAL CLIMATOLOGICAL DATA (WS FORM: F-6)

                                          STATION:   ROME
                                          MONTH:     NOVEMBER
                                          YEAR:      2017
                                          LATITUDE:   34 20 N
                                          LONGITUDE:  85 10 W

  TEMPERATURE IN F:       :PCPN:    SNOW:  WIND      :SUNSHINE: SKY     :PK WND
================================================================================
1   2   3   4   5  6A  6B    7    8   9   10  11  12  13   14  15   16   17  18
                                     12Z  AVG MX 2MIN
DY MAX MIN AVG DEP HDD CDD  WTR  SNW DPTH SPD SPD DIR MIN PSBL S-S WX    SPD DR
================================================================================

 1  71  43  57   1   8   0 0.00  0.0    0  2.0 12 190   M    M   1        17 180
 2  76  52  64   9   1   0    T  0.0    0  3.2 14 190   M    M   8        19 170
 3  77  58  68  13   0   3    T  0.0    0  1.8  9 230   M    M   7 12     13 260
 4  81  59  70  15   0   5    T  0.0    0  1.7  8 280   M    M   6 128    13 240
 5  78  57  68  14   0   3 0.00  0.0    0  2.4 10 140   M    M   6 12     15 160
 6  73  58  66  12   0   1    T  0.0    0  3.0 14 230   M    M   7 12     16 230
 7  76  61  69  15   0   4    T  0.0    0  4.4 14 260   M    M   9 1      19 230
 8  64  53  59   6   6   0 0.26  0.0    0  5.8 13  10   M    M  10 1      15 290
 9  58  40  49  -4  16   0 0.24    M    0  3.4 12  10   M    M   8 1      39 330
10  62  38  50  -3  15   0 0.00  0.0    0  6.2 18 360   M    M   0 1      22  20
11  60  34  47  -5  18   0 0.00  0.0    0  5.6 16 110   M    M   4        30 100
12  52  45  49  -3  16   0    T    M    0  2.9 10 120   M    M   9 1      20 140
13  63  43  53   1  12   0 0.00  0.0    0  5.5 15  10   M    M   4 12     21 360
14  64  36  50  -1  15   0 0.00  0.0    0  1.8  9 130   M    M   2        13 110
15  61  34  48  -3  17   0    T    M    0  2.2 13 160   M    M   3 12     15 170
16  68  38  53   2  12   0 0.00  0.0    0  3.2 12  10   M    M   4 1      16 290
17  68  33  51   1  14   0 0.00  0.0    0  2.3 12 130   M    M   0        15 140
18  70  41  56   6   9   0 0.26  0.0    0  6.2 26 300   M    M   8 1      38 280
19  54  38  46  -4  19   0 0.00  0.0    0  8.1 24 330   M    M   5        32 350
20  58  27  43  -6  22   0 0.00  0.0    0  2.2  9 340   M    M   0        11 340
================================================================================
SM 1334  888       200  16  0.76     0.0  73.9          M      101
================================================================================
AV 66.7 44.4                               3.7 FASTST   M    M   5    MAX(MPH)
                                 MISC ---->  # 26 300               # 39  330
================================================================================
NOTES:
# LAST OF SEVERAL OCCURRENCES

COLUMN 17 PEAK WIND IN M.P.H.

PRELIMINARY LOCAL CLIMATOLOGICAL DATA (WS FORM: F-6) , PAGE 2

                                          STATION:  ROME
                                          MONTH:    NOVEMBER
                                          YEAR:     2017
                                          LATITUDE:   34 20 N
                                          LONGITUDE:  85 10 W

[TEMPERATURE DATA]      [PRECIPITATION DATA]       SYMBOLS USED IN COLUMN 16

AVERAGE MONTHLY: 55.6   TOTAL FOR MONTH:   0.76    1 = FOG OR MIST
DPTR FM NORMAL:   3.0   DPTR FM NORMAL:   -2.22    2 = FOG REDUCING VISIBILITY
HIGHEST:    81 ON  4    GRTST 24HR  0.26 ON 18-18      TO 1/4 MILE OR LESS
LOWEST:     27 ON 20                               3 = THUNDER
                        SNOW, ICE PELLETS, HAIL    4 = ICE PELLETS
                        TOTAL MONTH:   0.0 INCH    5 = HAIL
                        GRTST 24HR     0.0         6 = FREEZING RAIN OR DRIZZLE
                        GRTST DEPTH:   0           7 = DUSTSTORM OR SANDSTORM:
                                                       VSBY 1/2 MILE OR LESS
                                                   8 = SMOKE OR HAZE
[NO. OF DAYS WITH]      [WEATHER - DAYS WITH]      9 = BLOWING SNOW
                                                   X = TORNADO
MAX 32 OR BELOW:   0    0.01 INCH OR MORE:   3
MAX 90 OR ABOVE:   0    0.10 INCH OR MORE:   3
MIN 32 OR BELOW:   1    0.50 INCH OR MORE:   0
MIN  0 OR BELOW:   0    1.00 INCH OR MORE:   0

[HDD (BASE 65) ]
TOTAL THIS MO.   200    CLEAR  (SCALE 0-3)   6
DPTR FM NORMAL   -54    PTCLDY (SCALE 4-7)  11
TOTAL FM JUL 1   360    CLOUDY (SCALE 8-10)  3
DPTR FM NORMAL   -71

[CDD (BASE 65) ]
TOTAL THIS MO.    16
DPTR FM NORMAL    13    [PRESSURE DATA]
TOTAL FM JAN 1  1971    HIGHEST SLP M ON M
DPTR FM NORMAL   335    LOWEST  SLP 29.62 ON 18

[REMARKS]
