000
CXUS51 KRNK 281033
CF6RNK

PRELIMINARY LOCAL CLIMATOLOGICAL DATA (WS FORM: F-6)

                                          STATION:   BLACKSBURG VA
                                          MONTH:     NOVEMBER
                                          YEAR:      2014
                                          LATITUDE:   37 13 N
                                          LONGITUDE:  80 25 W

  TEMPERATURE IN F:       :PCPN:    SNOW:  WIND      :SUNSHINE: SKY     :PK WND
================================================================================
1   2   3   4   5  6A  6B    7    8   9   10  11  12  13   14  15   16   17  18
                                     12Z  AVG MX 2MIN
DY MAX MIN AVG DEP HDD CDD  WTR  SNW DPTH SPD SPD DIR MIN PSBL S-S WX    SPD DR
================================================================================

 1  44  34  39  -9  26   0 0.33    T    0  8.2 21 330   M    M  10        28 330
 2  44  31  38 -10  27   0    T    T    0 11.5 25 320   M    M   4        32 310
 3  62  29  46  -1  19   0 0.00  0.0    0  3.3 10 260   M    M   0         M  M
 4  66  33  50   3  15   0 0.00  0.0    0  0.8  6 270   M    M   0         M  M
 5  59  40  50   3  15   0    T  0.0    0  1.0  9 250   M    M   5         M  M
 6  63  42  53   6  12   0 0.16  0.0    0  7.7 21 290   M    M   8 1      29 290
 7  46  31  39  -7  26   0    T  0.0    0 11.2 18 290   M    M   7        30 280
 8  52  25  39  -7  26   0 0.00  0.0    0  0.5  7 190   M    M   2         M  M
 9  58  32  45  -1  20   0 0.00  0.0    0  2.2  8 270   M    M   1         M  M
10  64  29  47   2  18   0 0.00  0.0    0  2.9 13 160   M    M   0         M  M
11  71  30  51   6  14   0 0.00  0.0    0  1.1  6 120   M    M   1 1       M  M
12  55  35  45   0  20   0 0.00  0.0    0  4.7 14 290   M    M   3        20 280
13  39  29  34 -10  31   0    T    T    0  5.8 15 310   M    M  10        22 310
14  30  15  23 -21  42   0    T    T    0 10.3 18 320   M    M   6        24 320
15  38  12  25 -19  40   0 0.00  0.0    0  1.2  5 110   M    M   1         M  M
16  44  28  36  -7  29   0 0.05  0.0    0  0.3  5 110   M    M  10         M  M
17  48  26  37  -6  28   0 0.81    T    0  7.0 20 300   M    M   9        33 300
18  26  15  21 -21  44   0    T    T    0 10.9 24 300   M    M   3        31 300
19  39  13  26 -16  39   0 0.00  0.0    0  5.1 14 180   M    M   0        18 180
20  47  29  38  -4  27   0 0.00  0.0    0  8.4 17 250   M    M   3        26 260
21  39  18  29 -12  36   0 0.00  0.0    0  8.2 17 280   M    M   0        38 290
22  54  15  35  -6  30   0 0.00  0.0    0  1.2  7 190   M    M   0         M  M
23  51  26  39  -2  26   0 0.38  0.0    0  3.3 10 110   M    M   6        17 120
24  67  47  57  17   8   0    T  0.0    0  5.8 15 200   M    M   3        23 200
25  54  39  47   7  18   0 0.00  0.0    0  4.1  9 270   M    M   0        16 270
26  44  32  38  -2  27   0 0.99  2.4    1  1.3  7 140   M    M   9 1       M  M
27  38  27  33  -6  32   0 0.01    T    T  7.0 20 300   M    M  10 12     33 300
================================================================================
SM 1342  762       695   0  2.73     2.4 135.0          M      111
================================================================================
AV 49.7 28.2                               5.0 FASTST   M    M   4    MAX(MPH)
                                 MISC ---->  # 25 320               # 38  290
================================================================================
NOTES:
# LAST OF SEVERAL OCCURRENCES

COLUMN 17 PEAK WIND IN M.P.H.

PRELIMINARY LOCAL CLIMATOLOGICAL DATA (WS FORM: F-6) , PAGE 2

                                          STATION:  BLACKSBURG VA
                                          MONTH:    NOVEMBER
                                          YEAR:     2014
                                          LATITUDE:   37 13 N
                                          LONGITUDE:  80 25 W

[TEMPERATURE DATA]      [PRECIPITATION DATA]       SYMBOLS USED IN COLUMN 16

AVERAGE MONTHLY: 39.0   TOTAL FOR MONTH:   2.73    1 = FOG OR MIST
DPTR FM NORMAL:  -4.9   DPTR FM NORMAL:    0.16    2 = FOG REDUCING VISIBILITY
HIGHEST:    71 ON 11    GRTST 24HR  0.99 ON 26-26      TO 1/4 MILE OR LESS
LOWEST:     12 ON 15                               3 = THUNDER
                        SNOW, ICE PELLETS, HAIL    4 = ICE PELLETS
                        TOTAL MONTH:   2.4 INCHES  5 = HAIL
                        GRTST 24HR   2.4 ON   M    6 = FREEZING RAIN OR DRIZZLE
                        GRTST DEPTH:   1 ON 26     7 = DUSTSTORM OR SANDSTORM:
                                                       VSBY 1/2 MILE OR LESS
                                                   8 = SMOKE OR HAZE
[NO. OF DAYS WITH]      [WEATHER - DAYS WITH]      9 = BLOWING SNOW
                                                   X = TORNADO
MAX 32 OR BELOW:   2    0.01 INCH OR MORE:   7
MAX 90 OR ABOVE:   0    0.10 INCH OR MORE:   5
MIN 32 OR BELOW:  20    0.50 INCH OR MORE:   2
MIN  0 OR BELOW:   0    1.00 INCH OR MORE:   0

[HDD (BASE 65) ]
TOTAL THIS MO.   695    CLEAR  (SCALE 0-3)  14
DPTR FM NORMAL   122    PTCLDY (SCALE 4-7)   6
TOTAL FM JUL 1  1105    CLOUDY (SCALE 8-10)  7
DPTR FM NORMAL     5

[CDD (BASE 65) ]
TOTAL THIS MO.     0
DPTR FM NORMAL     0    [PRESSURE DATA]
TOTAL FM JAN 1   609    HIGHEST SLP M ON M
DPTR FM NORMAL    36    LOWEST  SLP M ON M

[REMARKS]
