000
CXUS55 KREV 170836
CF6RNO
PRELIMINARY LOCAL CLIMATOLOGICAL DATA (WS FORM: F-6)

                                          STATION:   RENO-TAHOE INTL AIRPORT NV
                                          MONTH:     FEBRUARY
                                          YEAR:      2018
                                          LATITUDE:   39 30 N
                                          LONGITUDE: 119 47 W

  TEMPERATURE IN F:       :PCPN:    SNOW:  WIND      :SUNSHINE: SKY     :PK WND
================================================================================
1   2   3   4   5  6A  6B    7    8   9   10  11  12  13   14  15   16   17  18
                                     12Z  AVG MX 2MIN
DY MAX MIN AVG DEP HDD CDD  WTR  SNW DPTH SPD SPD DIR MIN PSBL S-S WX    SPD DR
================================================================================

 1  64  37  51  14  14   0 0.00  0.0    0  2.0 13  10   M    M   6        16 360
 2  65  31  48  10  17   0 0.00  0.0    0  2.8 13 360   M    M   3        19  10
 3  65  30  48  10  17   0 0.00  0.0    0  2.3 15  40   M    M   4        19  50
 4  65  30  48  10  17   0 0.00  0.0    0  1.1  9  10   M    M   5        10  20
 5  64  31  48  10  17   0 0.00  0.0    0  4.5 20  10   M    M   3        23  20
 6  59  28  44   6  21   0 0.00  0.0    0  3.2 10  20   M    M   3        14  40
 7  63  27  45   7  20   0 0.00  0.0    0  1.9 12  90   M    M   2        15 100
 8  67  28  48  10  17   0 0.00  0.0    0  1.3  7 260   M    M   5 8      14 280
 9  66  30  48   9  17   0 0.00  0.0    0  2.1 13 350   M    M   5        18 360
10  48  30  39   0  26   0 0.00  0.0    0  8.1 25 360   M    M   4        31  10
11  58  21  40   1  25   0    T    T    0  8.4 32 200   M    M   6        42 280
12  36  28  32  -7  33   0 0.06  1.5    0  5.5 18  50   M    M   9 18     23  60
13  45  21  33  -7  32   0 0.00  0.0    0  3.7 10 130   M    M   3        13  70
14  51  20  36  -4  29   0 0.00  0.0    0  7.0 24 250   M    M   4        34 260
15  48  23  36  -4  29   0 0.00  0.0    0  3.6 13 100   M    M   2        16  10
16  57  22  40   0  25   0 0.00  0.0    0  2.9 13  10   M    M   2        15  20
================================================================================
SM  921  437       356   0  0.06     1.5  60.4          M       66
================================================================================
AV 57.6 27.3                               3.8 FASTST   M    M   4    MAX(MPH)
                                 MISC ---->  # 32 200               # 42  280
================================================================================
NOTES:
# LAST OF SEVERAL OCCURRENCES

COLUMN 17 PEAK WIND IN M.P.H.

PRELIMINARY LOCAL CLIMATOLOGICAL DATA (WS FORM: F-6) , PAGE 2

                                          STATION:  RENO-TAHOE INTL AIRPORT NV
                                          MONTH:    FEBRUARY
                                          YEAR:     2018
                                          LATITUDE:   39 30 N
                                          LONGITUDE: 119 47 W

[TEMPERATURE DATA]      [PRECIPITATION DATA]       SYMBOLS USED IN COLUMN 16

AVERAGE MONTHLY: 42.4   TOTAL FOR MONTH:   0.06    1 = FOG OR MIST
DPTR FM NORMAL:   3.8   DPTR FM NORMAL:   -0.48    2 = FOG REDUCING VISIBILITY
HIGHEST:    67 ON  8    GRTST 24HR  0.06 ON 12-12      TO 1/4 MILE OR LESS
LOWEST:     20 ON 14                               3 = THUNDER
                        SNOW, ICE PELLETS, HAIL    4 = ICE PELLETS
                        TOTAL MONTH:   1.5 INCHES  5 = HAIL
                        GRTST 24HR   1.5 ON 12-12  6 = FREEZING RAIN OR DRIZZLE
                        GRTST DEPTH:   0           7 = DUSTSTORM OR SANDSTORM:
                                                       VSBY 1/2 MILE OR LESS
                                                   8 = SMOKE OR HAZE
[NO. OF DAYS WITH]      [WEATHER - DAYS WITH]      9 = BLOWING SNOW
                                                   X = TORNADO
MAX 32 OR BELOW:   0    0.01 INCH OR MORE:   1
MAX 90 OR ABOVE:   0    0.10 INCH OR MORE:   0
MIN 32 OR BELOW:  15    0.50 INCH OR MORE:   0
MIN  0 OR BELOW:   0    1.00 INCH OR MORE:   0

[HDD (BASE 65) ]
TOTAL THIS MO.   356    CLEAR  (SCALE 0-3)   7
DPTR FM NORMAL   -65    PTCLDY (SCALE 4-7)   8
TOTAL FM JUL 1  2868    CLOUDY (SCALE 8-10)  1
DPTR FM NORMAL  -490

[CDD (BASE 65) ]
TOTAL THIS MO.     0
DPTR FM NORMAL     0    [PRESSURE DATA]
TOTAL FM JAN 1     0    HIGHEST SLP M ON M
DPTR FM NORMAL     0    LOWEST  SLP 29.64 ON 11

[REMARKS]
