000
CXUS55 KREV 010910
CF6RNO

PRELIMINARY LOCAL CLIMATOLOGICAL DATA (WS FORM: F-6)

                                          STATION:   RENO TAHOE AIRPORT NV
                                          MONTH:     JULY
                                          YEAR:      2014
                                          LATITUDE:   39 30 N
                                          LONGITUDE: 119 47 W

  TEMPERATURE IN F:       :PCPN:    SNOW:  WIND      :SUNSHINE: SKY     :PK WND
================================================================================
1   2   3   4   5  6A  6B    7    8   9   10  11  12  13   14  15   16   17  18
                                     12Z  AVG MX 2MIN
DY MAX MIN AVG DEP HDD CDD  WTR  SNW DPTH SPD SPD DIR MIN PSBL S-S WX    SPD DR
================================================================================

 1 102  65  84  12   0  19 0.00  0.0    0  7.5 51 170   M    M   M 3      68 200
 2  99  60  80   8   0  15 0.00  0.0    0  9.1 26 300   M    M   M        33 300
 3  97  61  79   6   0  14 0.00  0.0    0  7.1 24 290   M    M   M        29 280
 4  96  60  78   5   0  13 0.00  0.0    0  7.7 26 300   M    M   M        37 270
 5  97  60  79   6   0  14 0.00  0.0    0  5.8 23 290   M    M   M        30 330
 6 101  62  82   8   0  17 0.00  0.0    0  5.0 18 290   M    M   M        23 290
 7 102  66  84  10   0  19 0.00  0.0    0  6.8 23 180   M    M   M        28 130
 8  98  71  85  11   0  20 0.05  0.0    0  5.5 28  10   M    M   M 3      35 360
 9  97  63  80   6   0  15 0.00  0.0    0  6.9 22 300   M    M   M        28 270
10  97  65  81   7   0  16    T  0.0    0  7.0 35 200   M    M   M        40 190
11  91  74  83   8   0  18 0.00  0.0    0  9.6 20  50   M    M   M 3      26  70
12  97  66  82   7   0  17 0.00  0.0    0  5.4 15 300   M    M   M        22 310
13 103  70  87  12   0  22 0.00  0.0    0  7.1 26 300   M    M   M        31 300
14 105  68  87  12   0  22    T  0.0    0  6.8 36 310   M    M   M 3      54 320
15 102  71  87  12   0  22 0.00  0.0    0  6.2 31 200   M    M   M        35 200
16  98  68  83   7   0  18    T  0.0    0  5.2 28 220   M    M   M 3      37 220
17  94  69  82   6   0  17 0.00  0.0    0  6.8 25 180   M    M   M 3      30 170
18  98  66  82   6   0  17 0.00  0.0    0  5.6 21 300   M    M   M 3      26 310
19  99  68  84   8   0  19 0.00  0.0    0  6.9 26 280   M    M   M 3      32 280
20  93  62  78   2   0  13 0.12  0.0    0  8.3 39 210   M    M   M 13     49 210
21  82  61  72  -4   0   7 0.03  0.0    0  6.1 20  90   M    M   M        24  90
22  90  63  77   1   0  12 0.00  0.0    0  6.2 18 300   M    M   M        25 290
23  88  62  75  -1   0  10 0.00  0.0    0 10.7 28 290   M    M   M 8      35 290
24  90  57  74  -2   0   9 0.00  0.0    0  5.8 16  20   M    M   M        21  50
25  94  61  78   2   0  13 0.00  0.0    0  6.4 22 280   M    M   M        28 300
26  98  60  79   3   0  14 0.00  0.0    0  5.4 20 280   M    M   M        25 290
27  99  64  82   6   0  17 0.00  0.0    0  5.4 20 300   M    M   M        26 260
28  98  65  82   6   0  17    T  0.0    0  5.4 31 300   M    M   M 3      38 300
29  94  71  83   7   0  18 0.00  0.0    0  6.9 28 200   M    M   M        33 200
30  90  65  78   2   0  13    T  0.0    0  4.3 18 250   M    M   M 3      23 250
31  92  63  78   2   0  13 0.00  0.0    0  5.5 17 300   M    M   M        23 300
================================================================================
SM 2981 2007         0 490  0.20     0.0 204.4          M        M
================================================================================
AV 96.2 64.7                               6.6 FASTST   M    M   0    MAX(MPH)
                                 MISC ---->  # 51 170               # 68  200
================================================================================
NOTES:
# LAST OF SEVERAL OCCURRENCES

COLUMN 17 PEAK WIND IN M.P.H.

PRELIMINARY LOCAL CLIMATOLOGICAL DATA (WS FORM: F-6) , PAGE 2

                                          STATION:  RENO TAHOE AIRPORT NV
                                          MONTH:    JULY
                                          YEAR:     2014
                                          LATITUDE:   39 30 N
                                          LONGITUDE: 119 47 W

[TEMPERATURE DATA]      [PRECIPITATION DATA]       SYMBOLS USED IN COLUMN 16

AVERAGE MONTHLY: 80.5   TOTAL FOR MONTH:   0.20    1 = FOG OR MIST
DPTR FM NORMAL:   5.6   DPTR FM NORMAL:    0.02    2 = FOG REDUCING VISIBILITY
HIGHEST:   105 ON 14    GRTST 24HR  0.15 ON 20-21      TO 1/4 MILE OR LESS
LOWEST:     57 ON 24                               3 = THUNDER
                        SNOW, ICE PELLETS, HAIL    4 = ICE PELLETS
                        TOTAL MONTH:   0.0 INCH    5 = HAIL
                        GRTST 24HR     0.0         6 = FREEZING RAIN OR DRIZZLE
                        GRTST DEPTH:   0           7 = DUSTSTORM OR SANDSTORM:
                                                       VSBY 1/2 MILE OR LESS
                                                   8 = SMOKE OR HAZE
[NO. OF DAYS WITH]      [WEATHER - DAYS WITH]      9 = BLOWING SNOW
                                                   X = TORNADO
MAX 32 OR BELOW:   0    0.01 INCH OR MORE:   3
MAX 90 OR ABOVE:  29    0.10 INCH OR MORE:   1
MIN 32 OR BELOW:   0    0.50 INCH OR MORE:   0
MIN  0 OR BELOW:   0    1.00 INCH OR MORE:   0

[HDD (BASE 65) ]
TOTAL THIS MO.     0    CLEAR  (SCALE 0-3)   0
DPTR FM NORMAL    -5    PTCLDY (SCALE 4-7)   0
TOTAL FM JUL 1     0    CLOUDY (SCALE 8-10)  0
DPTR FM NORMAL    -5

[CDD (BASE 65) ]
TOTAL THIS MO.   490
DPTR FM NORMAL   176    [PRESSURE DATA]
TOTAL FM JAN 1   749    HIGHEST SLP M ON M
DPTR FM NORMAL   262    LOWEST  SLP 29.69 ON  1

[REMARKS]

THE AVERAGE TEMPERATURE FOR JULY 2014 AT THE RENO-TAHOE INTERNATIONAL
AIRPORT WAS 80.5 DEGREES WHICH WAS 5.6 DEGREES ABOVE NORMAL. THIS MAKES
JULY 2014 THE WARMEST JULY AT RENO SINCE 1888. THE HIGHEST TEMPERATURE
FOR JULY WAS 105 DEGREES WHICH OCCURED ON THE 14TH. THE LOWEST TEMPERATURE
FOR THE MONTH WAS 57 DEGREES WHICH WAS RECORDED ON THE 24TH.

FOR JULY 2014 A TOTAL OF 0.20 INCHES OF PRECIPITATION WAS RECORDED AT THE
RENO-TAHOE INTERNATIONAL AIRPORT. THIS WAS 0.02 INCHES ABOVE NORMAL.

THE AVERAGE WIND SPEED FOR THE MONTH WAS 6.6 MPH. THE PEAK WIND GUST FOR
THE MONTH WAS 68 MPH FROM THE SOUTH-SOUTHWEST WHICH OCCURED ON THE 1ST.



#FINAL-07-14#
