000
CXUS54 KLZK 261330
CF6RUE
PRELIMINARY LOCAL CLIMATOLOGICAL DATA (WS FORM: F-6)

                                          STATION:   Russellville
                                          MONTH:     MAY
                                          YEAR:      2015
                                          LATITUDE:   35 15 N
                                          LONGITUDE:  93  6 W

  TEMPERATURE IN F:       :PCPN:    SNOW:  WIND      :SUNSHINE: SKY     :PK WND
================================================================================
1   2   3   4   5  6A  6B    7    8   9   10  11  12  13   14  15   16   17  18
                                     12Z  AVG MX 2MIN
DY MAX MIN AVG DEP HDD CDD  WTR  SNW DPTH SPD SPD DIR MIN PSBL S-S WX    SPD DR
================================================================================

 1  74  48  61  -5   4   0 0.00  0.0    0  3.1 12  90   M    M   0        16  90
 2  79  46  63  -3   2   0 0.00  0.0    0  1.2  8 160   M    M   0        13 180
 3  83  52  68   2   0   3 0.00  0.0    0  3.7 13 190   M    M   0        18 180
 4  83  57  70   3   0   5 0.00  0.0    0  2.6 12 180   M    M   1 1      17 170
 5  83  60  72   5   0   7 0.00  0.0    0  4.2 14 150   M    M   3        20 120
 6  83  68  76   9   0  11 0.00  0.0    0  5.8 15 150   M    M   4        22 170
 7  85  65  75   7   0  10 0.10  0.0    0  2.8 13 100   M    M   5 38     18 100
 8  80  67  74   6   0   9 1.05  0.0    0  4.1 12 240   M    M   7 13     16 180
 9  72  65  69   1   0   4 1.03  0.0    0  3.7 18 280   M    M   8 13     28 270
10  74  62  68   0   0   3 2.35  0.0    0  4.7 16 320   M    M   7 13     28 230
11  73  56  65  -4   0   0 1.41  0.0    0  4.6 18 280   M    M   6 13     24 280
12  69  52  61  -8   4   0 0.00  0.0    0  2.5 12  30   M    M   0        17  30
13  69  50  60  -9   5   0 0.03  0.0    0  3.5 16  90   M    M   7        30  70
14  82  58  70   1   0   5 0.06  0.0    0  3.3 10 170   M    M   6 13     14 190
15  84  68  76   6   0  11 0.05  0.0    0  2.9 12 180   M    M   4 13     17 190
16  84  70  77   7   0  12 0.03  0.0    0  4.2 10 150   M    M   6 13     18 160
17  81  65  73   3   0   8 1.14  0.0    0  3.7 23 320   M    M   6 13     32 330
18  86  64  75   5   0  10 0.00  0.0    0  1.7 15  30   M    M   2 1      20  30
19  79  63  71   0   0   6 0.00  0.0    0  4.8 14  70   M    M   4        18  70
20  80  63  72   1   0   7    M  0.0    0  8.6 21 290   M    M   7 13     28 280
21  70  52  61 -10   4   0 0.00  0.0    0  6.8 14  20   M    M   6        22  10
22  69  52  61 -10   4   0    T  0.0    0  3.5 12  90   M    M   2        17  60
23  79  60  70  -2   0   5    T  0.0    0  5.1 14 110   M    M   7        21  80
24  81  69  75   3   0  10 0.14  0.0    0  5.1 14 190   M    M   6 13     22 190
25  81  63  72   0   0   7 1.28  0.0    0  4.7 20 210   M    M   8 13     32 190
================================================================================
SM 1963 1495        23 133  8.67     0.0 100.9          M      112
================================================================================
AV 78.5 59.8                               4.0 FASTST   M    M   4    MAX(MPH)
                                 MISC ---->  # 23 320               # 32  330
================================================================================
NOTES:
# LAST OF SEVERAL OCCURRENCES

COLUMN 17 PEAK WIND IN M.P.H.

PRELIMINARY LOCAL CLIMATOLOGICAL DATA (WS FORM: F-6) , PAGE 2

                                          STATION:  Russellville
                                          MONTH:    MAY
                                          YEAR:     2015
                                          LATITUDE:   35 15 N
                                          LONGITUDE:  93  6 W

[TEMPERATURE DATA]      [PRECIPITATION DATA]       SYMBOLS USED IN COLUMN 16

AVERAGE MONTHLY: 69.2   TOTAL FOR MONTH:   8.67    1 = FOG OR MIST
DPTR FM NORMAL:   0.1   DPTR FM NORMAL:    4.68    2 = FOG REDUCING VISIBILITY
HIGHEST:    86 ON 18    GRTST 24HR  3.03 ON 10-11      TO 1/4 MILE OR LESS
LOWEST:     46 ON  2                               3 = THUNDER
                        SNOW, ICE PELLETS, HAIL    4 = ICE PELLETS
                        TOTAL MONTH:   0.0 INCH    5 = HAIL
                        GRTST 24HR     0.0         6 = FREEZING RAIN OR DRIZZLE
                        GRTST DEPTH:   0           7 = DUSTSTORM OR SANDSTORM:
                                                       VSBY 1/2 MILE OR LESS
                                                   8 = SMOKE OR HAZE
[NO. OF DAYS WITH]      [WEATHER - DAYS WITH]      9 = BLOWING SNOW
                                                   X = TORNADO
MAX 32 OR BELOW:   0    0.01 INCH OR MORE:  12
MAX 90 OR ABOVE:   0    0.10 INCH OR MORE:   8
MIN 32 OR BELOW:   0    0.50 INCH OR MORE:   6
MIN  0 OR BELOW:   0    1.00 INCH OR MORE:   6

[HDD (BASE 65) ]
TOTAL THIS MO.    23    CLEAR  (SCALE 0-3)   8
DPTR FM NORMAL    -1    PTCLDY (SCALE 4-7)  16
TOTAL FM JUL 1  3474    CLOUDY (SCALE 8-10)  1
DPTR FM NORMAL   216

[CDD (BASE 65) ]
TOTAL THIS MO.   133
DPTR FM NORMAL     8    [PRESSURE DATA]
TOTAL FM JAN 1   189    HIGHEST SLP M ON M
DPTR FM NORMAL     6    LOWEST  SLP 29.79 ON 25

[REMARKS]
