000
CXUS51 KBTV 010700
CF6RUT
PRELIMINARY LOCAL CLIMATOLOGICAL DATA (WS FORM: F-6)

                                          STATION:   RUTLAND VT
                                          MONTH:     JUNE
                                          YEAR:      2015
                                          LATITUDE:   43 31 N
                                          LONGITUDE:  72 57 W

  TEMPERATURE IN F:       :PCPN:    SNOW:  WIND      :SUNSHINE: SKY     :PK WND
================================================================================
1   2   3   4   5  6A  6B    7    8   9   10  11  12  13   14  15   16   17  18
                                     12Z  AVG MX 2MIN
DY MAX MIN AVG DEP HDD CDD  WTR  SNW DPTH SPD SPD DIR MIN PSBL S-S WX    SPD DR
================================================================================

 1  52  46  49   M  16   0 0.80    M    0  8.5 16 130   M    M  10        25 130
 2  57  46  52   M  13   0 0.00  0.0    0  6.6 13 170   M    M  10        20 160
 3  63  39  51   M  14   0 0.00  0.0    0  5.8 13 130   M    M   2        16 320
 4  73  45  59   M   6   0 0.00  0.0    0  6.7 12 120   M    M   2         M  M
 5  72  54  63   M   2   0 0.00  0.0    0  5.2 12 140   M    M   8         M  M
 6  63  43  53   M  12   0 0.39    M    0  8.2 14 330   M    M   4        21 330
 7  73  37  55   M  10   0 0.00  0.0    0  7.9 13 130   M    M   1        18 130
 8  75  57  66   M   0   1 0.14  0.0    0  9.5 17 130   M    M   9        21 120
 9  75  61  68   M   0   3 0.70  0.0    0  5.6 12 220   M    M   9        20 230
10  75  57  66   M   0   1 0.00  0.0    0  6.1 12 120   M    M   5         M  M
11  79  59  69   M   0   4 0.00  0.0    0  8.8 14 270   M    M   1        24 250
12  73  55  64   M   1   0 0.21  0.0    0  5.3 12 140   M    M   4         M  M
13  77  57  67   M   0   2 0.05  0.0    0  7.1 13 310   M    M   4        21 310
14  77  54  66   M   0   1 0.00  0.0    0  4.7  9 340   M    M   1         M  M
15  66  57  62   M   3   0 0.43  0.0    0 12.9 17 120   M    M  10        23 130
16  70  57  64   M   1   0 0.22  0.0    0  7.0 12 140   M    M   9        17 120
17  72  54  63   M   2   0 0.00  0.0    0  5.5 10 140   M    M   0        17  20
18  73  52  63   M   2   0 0.00  0.0    0  5.4 10 200   M    M   6 3       M  M
19  66  48  57   M   8   0 0.01    M    0  7.3 15 340   M    M   5        21 320
20  77  43  60   M   5   0 0.00  0.0    0  7.3 16 120   M    M   5         M  M
21  79  63  71   M   0   6 0.81  0.0    0  6.1 14 140   M    M   9        21 310
22  79  63  71   M   0   6 0.00  0.0    0  4.4 10 320   M    M   5         M  M
23  82  63  73   M   0   8 0.62  0.0    0  8.4 14 290   M    M   8 3      22 130
24  75  55  65   M   0   0 0.00  0.0    0  5.5 12 340   M    M   2         M  M
25  73  54  64   M   1   0 0.13  0.0    0  3.4  8 340   M    M   4         M  M
26  73  54  64   M   1   0 0.04  0.0    0  4.7  8 140   M    M   5        16 330
27  72  48  60   M   5   0 0.03    M    0  7.6 12 150   M    M   3        21 150
28  61  54  58   M   7   0 0.79  0.0    0 11.8 27 110   M    M  10        37 110
29  68  54  61   M   4   0 0.03  0.0    0  4.3 12 130   M    M  10         M  M
30  73  55  64   M   1   0 0.16  0.0    0  3.7  9 150   M    M   6         M  M
================================================================================
SM 2143 1584       114  32  5.56     0.0 201.3          M      167
================================================================================
AV 71.4 52.8                               6.7 FASTST   M    M   6    MAX(MPH)
                                 MISC ---->  # 27 110                 37    M
================================================================================
NOTES:
# LAST OF SEVERAL OCCURRENCES

COLUMN 17 PEAK WIND IN M.P.H.

PRELIMINARY LOCAL CLIMATOLOGICAL DATA (WS FORM: F-6) , PAGE 2

                                          STATION:  RUTLAND VT
                                          MONTH:    JUNE
                                          YEAR:     2015
                                          LATITUDE:   43 31 N
                                          LONGITUDE:  72 57 W

[TEMPERATURE DATA]      [PRECIPITATION DATA]       SYMBOLS USED IN COLUMN 16

AVERAGE MONTHLY: 62.1   TOTAL FOR MONTH:   5.56    1 = FOG OR MIST
DPTR FM NORMAL:     M   DPTR FM NORMAL:       M    2 = FOG REDUCING VISIBILITY
HIGHEST:    82 ON 23    GRTST 24HR  0.81 ON 21-21      TO 1/4 MILE OR LESS
LOWEST:     37 ON  7                               3 = THUNDER
                        SNOW, ICE PELLETS, HAIL    4 = ICE PELLETS
                        TOTAL MONTH:   0.0 INCH    5 = HAIL
                        GRTST 24HR     0.0         6 = FREEZING RAIN OR DRIZZLE
                        GRTST DEPTH:   0           7 = DUSTSTORM OR SANDSTORM:
                                                       VSBY 1/2 MILE OR LESS
                                                   8 = SMOKE OR HAZE
[NO. OF DAYS WITH]      [WEATHER - DAYS WITH]      9 = BLOWING SNOW
                                                   X = TORNADO
MAX 32 OR BELOW:   0    0.01 INCH OR MORE:  17
MAX 90 OR ABOVE:   0    0.10 INCH OR MORE:  12
MIN 32 OR BELOW:   0    0.50 INCH OR MORE:   5
MIN  0 OR BELOW:   0    1.00 INCH OR MORE:   0

[HDD (BASE 65) ]
TOTAL THIS MO.   114    CLEAR  (SCALE 0-3)   8
DPTR FM NORMAL     M    PTCLDY (SCALE 4-7)  13
TOTAL FM JUL 1  7894    CLOUDY (SCALE 8-10)  9
DPTR FM NORMAL     M

[CDD (BASE 65) ]
TOTAL THIS MO.    32
DPTR FM NORMAL     M    [PRESSURE DATA]
TOTAL FM JAN 1    90    HIGHEST SLP M ON M
DPTR FM NORMAL     M    LOWEST  SLP M ON M

[REMARKS]
#FINAL-06-15#
