000
CXUS51 KBTV 270700
CF6RUT
PRELIMINARY LOCAL CLIMATOLOGICAL DATA (WS FORM: F-6)

                                          STATION:   RUTLAND VT
                                          MONTH:     JANUARY
                                          YEAR:      2015
                                          LATITUDE:   43 31 N
                                          LONGITUDE:  72 57 W

  TEMPERATURE IN F:       :PCPN:    SNOW:  WIND      :SUNSHINE: SKY     :PK WND
================================================================================
1   2   3   4   5  6A  6B    7    8   9   10  11  12  13   14  15   16   17  18
                                     12Z  AVG MX 2MIN
DY MAX MIN AVG DEP HDD CDD  WTR  SNW DPTH SPD SPD DIR MIN PSBL S-S WX    SPD DR
================================================================================

 1  30  19  25   M  40   0 0.00  0.0    0  9.6 18 240   M    M   6        27 260
 2  30  18  24   M  41   0 0.00  0.0    0 10.8 17 270   M    M   9        27 300
 3  25  10  18   M  47   0 0.12    M    0  9.1 20 120   M    M   5        28 140
 4  48  27  38   M  27   0 0.10    M    0 14.4 24 130   M    M  10        32 120
 5  39   9  24   M  41   0 0.00  0.0    0 15.2 24 290   M    M   8        37 260
 6  12   7  10   M  55   0 0.00  0.0    0  5.8 14 250   M    M   6        20 250
 7  18  -8   5   M  60   0 0.00  0.0    0  9.6 17 260   M    M   9        29 260
 8  16 -11   3   M  62   0 0.00  0.0    0  6.3 15 230   M    M   6        25 240
 9  23  14  19   M  46   0 0.00  0.0    0 11.0 20 260   M    M   6        29 260
10  18  10  14   M  51   0 0.00  0.0    0  8.8 15 250   M    M   2        22 260
11  27   9  18   M  47   0 0.00  0.0    0  5.7 15 220   M    M   9        20 220
12  32  21  27   M  38   0 0.17    M    0  4.1 13 330   M    M  10        21 330
13  19  -8   6   M  59   0 0.00  0.0    0  8.8 16 330   M    M   1        25 330
14  21  -9   6   M  59   0 0.00  0.0    0  3.8 10 130   M    M   0         M  M
15  21   1  11   M  54   0 0.00  0.0    0  2.9 10 120   M    M   4         M  M
16  28   5  17   M  48   0 0.00  0.0    0  8.8 20 300   M    M   6        35 310
17  19  -8   6   M  59   0 0.00  0.0    0  5.9 20 110   M    M   1        24 120
18  43  19  31   M  34   0 0.75    M    0  8.5 14 120   M    M   5        17 140
19  34  27  31   M  34   0 0.47    M    0  4.9 12 250   M    M  10        18 250
20  27   9  18   M  47   0 0.00  0.0    0  6.9 14 270   M    M   3        21 270
21  21   1  11   M  54   0 0.00  0.0    0  2.8 10 120   M    M   0         M  M
22  30  10  20   M  45   0 0.00  0.0    0  2.7  9 250   M    M   6         M  M
23  28   7  18   M  47   0 0.00  0.0    0  5.2 10 240   M    M   4        16 240
24  34  12  23   M  42   0 0.00  0.0    0  4.6 10 130   M    M   6         M  M
25  32   3  18   M  47   0 0.00  0.0    0  9.4 16 360   M    M   4        23 340
26  18  -2   8   M  57   0 0.00  0.0    0  5.8 12 130   M    M   5         M  M
================================================================================
SM  693  192      1241   0  1.61     0.0 191.4          M      141
================================================================================
AV 26.7  7.4                               7.4 FASTST   M    M   5    MAX(MPH)
                                 MISC ---->    24   M                 37    M
================================================================================
NOTES:
# LAST OF SEVERAL OCCURRENCES

COLUMN 17 PEAK WIND IN M.P.H.

PRELIMINARY LOCAL CLIMATOLOGICAL DATA (WS FORM: F-6) , PAGE 2

                                          STATION:  RUTLAND VT
                                          MONTH:    JANUARY
                                          YEAR:     2015
                                          LATITUDE:   43 31 N
                                          LONGITUDE:  72 57 W

[TEMPERATURE DATA]      [PRECIPITATION DATA]       SYMBOLS USED IN COLUMN 16

AVERAGE MONTHLY: 17.0   TOTAL FOR MONTH:   1.61    1 = FOG OR MIST
DPTR FM NORMAL:     M   DPTR FM NORMAL:       M    2 = FOG REDUCING VISIBILITY
HIGHEST:    48 ON  4    GRTST 24HR  0.75 ON 18-18      TO 1/4 MILE OR LESS
LOWEST:    -11 ON  8                               3 = THUNDER
                        SNOW, ICE PELLETS, HAIL    4 = ICE PELLETS
                        TOTAL MONTH:   0.0 INCH    5 = HAIL
                        GRTST 24HR     0.0         6 = FREEZING RAIN OR DRIZZLE
                        GRTST DEPTH:   0           7 = DUSTSTORM OR SANDSTORM:
                                                       VSBY 1/2 MILE OR LESS
                                                   8 = SMOKE OR HAZE
[NO. OF DAYS WITH]      [WEATHER - DAYS WITH]      9 = BLOWING SNOW
                                                   X = TORNADO
MAX 32 OR BELOW:  21    0.01 INCH OR MORE:   5
MAX 90 OR ABOVE:   0    0.10 INCH OR MORE:   5
MIN 32 OR BELOW:  26    0.50 INCH OR MORE:   1
MIN  0 OR BELOW:   6    1.00 INCH OR MORE:   0

[HDD (BASE 65) ]
TOTAL THIS MO.  1241    CLEAR  (SCALE 0-3)   6
DPTR FM NORMAL     M    PTCLDY (SCALE 4-7)  13
TOTAL FM JUL 1  3896    CLOUDY (SCALE 8-10)  7
DPTR FM NORMAL     M

[CDD (BASE 65) ]
TOTAL THIS MO.     0
DPTR FM NORMAL     M    [PRESSURE DATA]
TOTAL FM JAN 1     0    HIGHEST SLP M ON M
DPTR FM NORMAL     M    LOWEST  SLP M ON M

[REMARKS]
