000
CXUS51 KBTV 280700
CF6RUT
PRELIMINARY LOCAL CLIMATOLOGICAL DATA (WS FORM: F-6)

                                          STATION:   RUTLAND VT
                                          MONTH:     FEBRUARY
                                          YEAR:      2015
                                          LATITUDE:   43 31 N
                                          LONGITUDE:  72 57 W

  TEMPERATURE IN F:       :PCPN:    SNOW:  WIND      :SUNSHINE: SKY     :PK WND
================================================================================
1   2   3   4   5  6A  6B    7    8   9   10  11  12  13   14  15   16   17  18
                                     12Z  AVG MX 2MIN
DY MAX MIN AVG DEP HDD CDD  WTR  SNW DPTH SPD SPD DIR MIN PSBL S-S WX    SPD DR
================================================================================

 1  14  -6   4   M  61   0 0.00  0.0    0  3.7 14 320   M    M   4        17 320
 2  10  -4   3   M  62   0    M  0.0    0  8.1 14 150   M    M  10        21 150
 3  18 -11   4   M  61   0 0.00  0.0    0  4.0  8 210   M    M   4         M  M
 4  30   1  16   M  49   0 0.00  0.0    0  6.0 12 140   M    M   9         M  M
 5  30  -6  12   M  53   0 0.01    M    0  9.1 18 360   M    M   4        25 360
 6  19 -11   4   M  61   0 0.00  0.0    0  6.6 17 240   M    M   6        27 240
 7  25  10  18   M  47   0 0.00  0.0    0  7.8 15 250   M    M  10        25 250
 8  19   7  13   M  52   0 0.00  0.0    0  9.8 20 120   M    M  10        25 120
 9  19  16  18   M  47   0 0.00  0.0    0 10.0 15 190   M    M  10        25 150
10  21   9  15   M  50   0 0.02    M    0  4.3  9  10   M    M   9         M  M
11  21  -4   9   M  56   0 0.00  0.0    0  2.9 10 140   M    M   5         M  M
12  27   9  18   M  47   0 0.02    M    0  7.6 13 320   M    M  10        21 320
13   9  -6   2   M  63   0 0.00  0.0    0  6.7 13 320   M    M   4        18 320
14  16  -4   6   M  59   0 0.00  0.0    0  8.2 21 120   M    M   9        25 120
15  10  -9   1   M  64   0 0.00  0.0    0 11.8 21 330   M    M   8        35 330
16   9 -13  -2   M  67   0 0.00  0.0    0  7.0 14  10   M    M   2        21 320
17  19  -9   5   M  60   0 0.00  0.0    0  4.1 10 130   M    M   6         M  M
18  28  -6  11   M  54   0 0.00  0.0    0  4.2  9 130   M    M   3         M  M
19  18   3  11   M  54   0 0.00  0.0    0  7.6 17 280   M    M  10        25 290
20  14  -4   5   M  60   0 0.00  0.0    0 10.0 21 250   M    M   5        25 250
21  27  -8  10   M  55   0 0.00  0.0    0  7.5 16 130   M    M   7        22 180
22  32  19  26   M  39   0 0.07    M    0  3.7 12 250   M    M   8         M  M
23  25  -6  10   M  55   0 0.00  0.0    0 10.8 20 280   M    M   3        29 280
24  21 -15   3   M  62   0 0.00  0.0    0  7.9 18 120   M    M   1        22 120
25  28   3  16   M  49   0 0.00  0.0    0  9.6 15 230   M    M   5        23 250
26  14   3   9   M  56   0 0.00  0.0    0  4.7 10 350   M    M   6         M  M
27  19  -6   7   M  58   0 0.00  0.0    0  3.2  9  20   M    M   2         M  M
================================================================================
SM  542  -48      1501   0  0.12     0.0 186.9          M      170
================================================================================
AV 20.1 -1.8                               6.9 FASTST   M    M   6    MAX(MPH)
                                 MISC ---->    21   M               # 35  330
================================================================================
NOTES:
# LAST OF SEVERAL OCCURRENCES

COLUMN 17 PEAK WIND IN M.P.H.

PRELIMINARY LOCAL CLIMATOLOGICAL DATA (WS FORM: F-6) , PAGE 2

                                          STATION:  RUTLAND VT
                                          MONTH:    FEBRUARY
                                          YEAR:     2015
                                          LATITUDE:   43 31 N
                                          LONGITUDE:  72 57 W

[TEMPERATURE DATA]      [PRECIPITATION DATA]       SYMBOLS USED IN COLUMN 16

AVERAGE MONTHLY:  9.1   TOTAL FOR MONTH:   0.12    1 = FOG OR MIST
DPTR FM NORMAL:     M   DPTR FM NORMAL:       M    2 = FOG REDUCING VISIBILITY
HIGHEST:    32 ON 22    GRTST 24HR  0.07 ON 22-22      TO 1/4 MILE OR LESS
LOWEST:    -15 ON 24                               3 = THUNDER
                        SNOW, ICE PELLETS, HAIL    4 = ICE PELLETS
                        TOTAL MONTH:   0.0 INCH    5 = HAIL
                        GRTST 24HR     0.0         6 = FREEZING RAIN OR DRIZZLE
                        GRTST DEPTH:   0           7 = DUSTSTORM OR SANDSTORM:
                                                       VSBY 1/2 MILE OR LESS
                                                   8 = SMOKE OR HAZE
[NO. OF DAYS WITH]      [WEATHER - DAYS WITH]      9 = BLOWING SNOW
                                                   X = TORNADO
MAX 32 OR BELOW:  27    0.01 INCH OR MORE:   4
MAX 90 OR ABOVE:   0    0.10 INCH OR MORE:   0
MIN 32 OR BELOW:  27    0.50 INCH OR MORE:   0
MIN  0 OR BELOW:  17    1.00 INCH OR MORE:   0

[HDD (BASE 65) ]
TOTAL THIS MO.  1501    CLEAR  (SCALE 0-3)   3
DPTR FM NORMAL     M    PTCLDY (SCALE 4-7)  15
TOTAL FM JUL 1  5671    CLOUDY (SCALE 8-10)  9
DPTR FM NORMAL     M

[CDD (BASE 65) ]
TOTAL THIS MO.     0
DPTR FM NORMAL     M    [PRESSURE DATA]
TOTAL FM JAN 1     0    HIGHEST SLP M ON M
DPTR FM NORMAL     M    LOWEST  SLP M ON M

[REMARKS]
