000
CXUS54 KTSA 272152
CF6RVS
PRELIMINARY LOCAL CLIMATOLOGICAL DATA (WS FORM: F-6)

                                          STATION:   TULSA-RIVERSIDE  OKLAHOMA
                                          MONTH:     MARCH
                                          YEAR:      2017
                                          LATITUDE:   36  2 N
                                          LONGITUDE:  95 59 W

  TEMPERATURE IN F:       :PCPN:    SNOW:  WIND      :SUNSHINE: SKY     :PK WND
================================================================================
1   2   3   4   5  6A  6B    7    8   9   10  11  12  13   14  15   16   17  18
                                     12Z  AVG MX 2MIN
DY MAX MIN AVG DEP HDD CDD  WTR  SNW DPTH SPD SPD DIR MIN PSBL S-S WX    SPD DR
================================================================================

 1  73  38  56  10   9   0 0.00  0.0    0  7.6 24 340   M    M   0        37 340
 2  65  27  46   0  19   0 0.00  0.0    0  3.3 13 340   M    M   1        19 290
 3  71  29  50   4  15   0 0.00  0.0    0  6.2 20 210   M    M   0        26 200
 4  70  43  57  10   8   0 0.00  0.0    0 13.0 25 180   M    M   4        35 190
 5  62  55  59  12   6   0 0.00  0.0    0 14.5 22 170   M    M  10        29 170
 6  79  48  64  17   1   0 0.36  0.0    0 17.0 31 190   M    M   8 13     43 190
 7  65  36  51   3  14   0 0.00  0.0    0  4.0 14 320   M    M   2        21 320
 8  74  32  53   5  12   0 0.00  0.0    0  7.2 24 200   M    M   0        33 220
 9  84  44  64  16   1   0 0.00  0.0    0  9.2 23  30   M    M   1        32  30
10  61  42  52   3  13   0 0.00  0.0    0 14.0 26  30   M    M   2        33  30
11  53  37  45  -4  20   0 0.54  0.0    0 10.1 18  30   M    M  10 13     23  40
12  49  29  39 -10  26   0 0.02  0.0    0  4.9 16 120   M    M   6 1      21 110
13  48  34  41  -9  24   0 0.00  0.0    0  7.7 18 350   M    M   2        29 360
14  44  30  37 -13  28   0 0.00  0.0    0  8.1 16  40   M    M   3        20  40
15  54  31  43  -7  22   0 0.00  0.0    0  7.2 13 170   M    M   2        17 180
16  71  42  57   6   8   0 0.00  0.0    0 11.7 22 200   M    M   6        30 200
17  82  59  71  20   0   6 0.00  0.0    0  7.2 18 180   M    M   7 8      24 190
18  79  51  65  14   0   0 0.00  0.0    0  5.8 14  40   M    M   1        17  60
19  88  57  73  21   0   8 0.00  0.0    0  9.5 21 180   M    M   1 1      29 170
20  92  65  79  27   0  14 0.00  0.0    0  9.2 20 200   M    M   0        26 200
21  83  57  70  18   0   5 0.00  0.0    0  9.8 28  30   M    M   1 38     35  30
22  64  54  59   6   6   0 0.00  0.0    0 10.7 21  60   M    M   9        28  60
23  84  52  68  15   0   3 0.00  0.0    0 14.3 25 170   M    M   2        35 180
24  75  59  67  14   0   2 0.02  0.0    0 13.4 25 170   M    M   4 3      37 170
25  62  42  52  -2  13   0 0.20  0.0    0  6.5 20  10   M    M   9 13     28  10
26  71  37  54   0  11   0 0.16  0.0    0  6.4 21 120   M    M   1 13     25 120
================================================================================
SM 1803 1130       256  38  1.30     0.0 238.5          M       92
================================================================================
AV 69.4 43.5                               9.2 FASTST   M    M   4    MAX(MPH)
                                 MISC ---->  # 31 190               # 43  190
================================================================================
NOTES:
# LAST OF SEVERAL OCCURRENCES

COLUMN 17 PEAK WIND IN M.P.H.

PRELIMINARY LOCAL CLIMATOLOGICAL DATA (WS FORM: F-6) , PAGE 2

                                          STATION:  TULSA-RIVERSIDE  OKLAHOMA
                                          MONTH:    MARCH
                                          YEAR:     2017
                                          LATITUDE:   36  2 N
                                          LONGITUDE:  95 59 W

[TEMPERATURE DATA]      [PRECIPITATION DATA]       SYMBOLS USED IN COLUMN 16

AVERAGE MONTHLY: 56.4   TOTAL FOR MONTH:   1.30    1 = FOG OR MIST
DPTR FM NORMAL:   6.6   DPTR FM NORMAL:   -1.51    2 = FOG REDUCING VISIBILITY
HIGHEST:    92 ON 20    GRTST 24HR  0.54 ON 11-11      TO 1/4 MILE OR LESS
LOWEST:     27 ON  2                               3 = THUNDER
                        SNOW, ICE PELLETS, HAIL    4 = ICE PELLETS
                        TOTAL MONTH:   0.0 INCH    5 = HAIL
                        GRTST 24HR     0.0         6 = FREEZING RAIN OR DRIZZLE
                        GRTST DEPTH:   0           7 = DUSTSTORM OR SANDSTORM:
                                                       VSBY 1/2 MILE OR LESS
                                                   8 = SMOKE OR HAZE
[NO. OF DAYS WITH]      [WEATHER - DAYS WITH]      9 = BLOWING SNOW
                                                   X = TORNADO
MAX 32 OR BELOW:   0    0.01 INCH OR MORE:   6
MAX 90 OR ABOVE:   1    0.10 INCH OR MORE:   4
MIN 32 OR BELOW:   6    0.50 INCH OR MORE:   1
MIN  0 OR BELOW:   0    1.00 INCH OR MORE:   0

[HDD (BASE 65) ]
TOTAL THIS MO.   256    CLEAR  (SCALE 0-3)  16
DPTR FM NORMAL  -144    PTCLDY (SCALE 4-7)   6
TOTAL FM JUL 1  2486    CLOUDY (SCALE 8-10)  4
DPTR FM NORMAL  -913

[CDD (BASE 65) ]
TOTAL THIS MO.    38
DPTR FM NORMAL    37    [PRESSURE DATA]
TOTAL FM JAN 1    52    HIGHEST SLP M ON M
DPTR FM NORMAL    50    LOWEST  SLP 29.57 ON  1

[REMARKS]
