000
CXUS53 KMPX 301000
CF6RWF
PRELIMINARY LOCAL CLIMATOLOGICAL DATA (WS FORM: F-6)

                                          STATION:   REDWOOD FALLS MN
                                          MONTH:     JUNE
                                          YEAR:      2015
                                          LATITUDE:   44 32 N
                                          LONGITUDE:  95  5 W

  TEMPERATURE IN F:       :PCPN:    SNOW:  WIND      :SUNSHINE: SKY     :PK WND
================================================================================
1   2   3   4   5  6A  6B    7    8   9   10  11  12  13   14  15   16   17  18
                                     12Z  AVG MX 2MIN
DY MAX MIN AVG DEP HDD CDD  WTR  SNW DPTH SPD SPD DIR MIN PSBL S-S WX    SPD DR
================================================================================

 1  76  54  65   1   0   0    T    M    M 13.8 23 140   M    M   4        31 190
 2  80  56  68   4   0   3 0.00    M    M 18.3 30 170   M    M   0        37 160
 3  74  62  68   3   0   3 0.56    M    M  8.7 22 170   M    M   5 13     27 190
 4  72  58  65   0   0   0 0.00    M    M  5.2 13 320   M    M   7 1      17 320
 5  77  59  68   3   0   3    T    M    M  6.6 14  90   M    M   5 12     19  80
 6  82  63  73   7   0   8 0.03    M    M 18.2 29 160   M    M   5        35 160
 7  81  63  72   6   0   7 0.12    M    M 10.2 23 250   M    M   2 13     29 260
 8  84  60  72   6   0   7 0.00    M    M  8.0 17 320   M    M   0        23 330
 9  96  62  79  12   0  14 0.01    M    M  6.8 22 280   M    M   0 3      31 270
10  82  59  71   4   0   6    T    M    M  6.5 15 360   M    M   1        20  20
11  68  58  63  -4   2   0 0.19    M    M  7.4 16  80   M    M   9 18     23  70
12  79  54  67  -1   0   2 0.00    M    M  7.6 16 120   M    M   0        22  70
13  76  64  70   2   0   5    T    M    M  5.2  9  90   M    M   8 18     12 150
14  87  64  76   8   0  11 0.50    M    M  6.7 26 300   M    M   6 123    34 310
15  77  59  68   0   0   3    T    M    M  8.5 17 350   M    M   1 3      32 150
16  73  54  64  -5   1   0    T    M    M  7.4 17  80   M    M   4        26  80
17  75  58  67  -2   0   2 0.00    M    M  6.9 16 310   M    M   9        20 300
18  81  56  69   0   0   4 0.00    M    M  5.1 12 360   M    M   2 1      15 350
19  84  59  72   2   0   7    T    M    M 11.0 26 160   M    M   0 3      32 180
20  83  65  74   4   0   9 0.49    M    M  9.5 23 240   M    M   4 13     28 220
21  88  63  76   6   0  11 0.00    M    M  6.3 13 140   M    M   1        16 150
22  81  61  71   1   0   6 0.69    M    M 13.8 41 300   M    M   2 13     55 290
23  79  57  68  -3   0   3 0.00    M    M  6.6 15 230   M    M   0        19 230
24  79  58  69  -2   0   4 0.00    M    M  6.0 13 140   M    M   2        18 130
25  83  59  71   0   0   6 0.00    M    M  3.2 10  10   M    M   0 1      14  10
26  84  60  72   1   0   7 0.06    M    M  5.3 20 360   M    M   0 3      30 360
27  84  55  70  -2   0   5 0.27    M    M  5.1 24 270   M    M   2 123    30 270
28  81  64  73   1   0   8 0.01    M    M  8.8 18 340   M    M   3 13     23 310
29  82  63  73   1   0   8 0.00    M    M  9.3 16 300   M    M   0 18     21 310
================================================================================
SM 2328 1727         3 152  2.93    M    242.0          M       82
================================================================================
AV 80.3 59.6                               8.3 FASTST   M    M   3    MAX(MPH)
                                 MISC ---->  # 41 300               # 55  290
================================================================================
NOTES:
# LAST OF SEVERAL OCCURRENCES

COLUMN 17 PEAK WIND IN M.P.H.

PRELIMINARY LOCAL CLIMATOLOGICAL DATA (WS FORM: F-6) , PAGE 2

                                          STATION:  REDWOOD FALLS MN
                                          MONTH:    JUNE
                                          YEAR:     2015
                                          LATITUDE:   44 32 N
                                          LONGITUDE:  95  5 W

[TEMPERATURE DATA]      [PRECIPITATION DATA]       SYMBOLS USED IN COLUMN 16

AVERAGE MONTHLY: 69.9   TOTAL FOR MONTH:   2.93    1 = FOG OR MIST
DPTR FM NORMAL:   1.6   DPTR FM NORMAL:   -1.25    2 = FOG REDUCING VISIBILITY
HIGHEST:    96 ON  9    GRTST 24HR  0.69 ON 22-22      TO 1/4 MILE OR LESS
LOWEST:     54 ON 16,12                            3 = THUNDER
                        SNOW, ICE PELLETS, HAIL    4 = ICE PELLETS
                        TOTAL MONTH:    M          5 = HAIL
                        GRTST 24HR    M  ON   M    6 = FREEZING RAIN OR DRIZZLE
                        GRTST DEPTH:  M  ON   M    7 = DUSTSTORM OR SANDSTORM:
                                                       VSBY 1/2 MILE OR LESS
                                                   8 = SMOKE OR HAZE
[NO. OF DAYS WITH]      [WEATHER - DAYS WITH]      9 = BLOWING SNOW
                                                   X = TORNADO
MAX 32 OR BELOW:   0    0.01 INCH OR MORE:  11
MAX 90 OR ABOVE:   1    0.10 INCH OR MORE:   7
MIN 32 OR BELOW:   0    0.50 INCH OR MORE:   3
MIN  0 OR BELOW:   0    1.00 INCH OR MORE:   0

[HDD (BASE 65) ]
TOTAL THIS MO.     3    CLEAR  (SCALE 0-3)  18
DPTR FM NORMAL   -40    PTCLDY (SCALE 4-7)   8
TOTAL FM JUL 1  7425    CLOUDY (SCALE 8-10)  3
DPTR FM NORMAL  -455

[CDD (BASE 65) ]
TOTAL THIS MO.   152
DPTR FM NORMAL    14    [PRESSURE DATA]
TOTAL FM JAN 1   175    HIGHEST SLP M ON M
DPTR FM NORMAL    -5    LOWEST  SLP 29.36 ON 22

[REMARKS]
