000
CXUS53 KMPX 231000
CF6RWF
PRELIMINARY LOCAL CLIMATOLOGICAL DATA (WS FORM: F-6)

                                          STATION:   REDWOOD FALLS MN
                                          MONTH:     MAY
                                          YEAR:      2015
                                          LATITUDE:   44 32 N
                                          LONGITUDE:  95  5 W

  TEMPERATURE IN F:       :PCPN:    SNOW:  WIND      :SUNSHINE: SKY     :PK WND
================================================================================
1   2   3   4   5  6A  6B    7    8   9   10  11  12  13   14  15   16   17  18
                                     12Z  AVG MX 2MIN
DY MAX MIN AVG DEP HDD CDD  WTR  SNW DPTH SPD SPD DIR MIN PSBL S-S WX    SPD DR
================================================================================

 1  77  57  67  13   0   2    M    M    M  8.0 15 290   M    M   2        19 280
 2  85  45  65  11   0   0 0.00    M    M 10.4 24 230   M    M   1        30 200
 3  82  54  68  13   0   3    T    M    M  9.5 25 350   M    M   1 3      38 340
 4  75  47  61   6   4   0 0.00    M    M  7.6 14  70   M    M   0        21  30
 5  71  49  60   5   5   0 0.00    M    M 12.2 24 140   M    M   6 8      28 150
 6  78  55  67  11   0   2 0.16    M    M 17.3 32 170   M    M   7 128    41 160
 7  73  51  62   6   3   0 0.63    M    M 14.4 26 150   M    M   9 13     35 150
 8  60  41  51  -5  14   0 0.00    M    M 12.8 21 340   M    M   4        29 320
 9  66  35  51  -6  14   0    M    M    M  8.8 18  70   M    M   1        27  60
10  57  47  52  -5  13   0    M    M    M 13.2 20  70   M    M   9 13     28  80
11  59  41  50  -8  15   0 0.01    M    M 17.9 29 290   M    M  10 18     38 290
12  60  40  50  -8  15   0 0.00    M    M 11.5 25 310   M    M   6        36 310
13  75  48  62   4   3   0    T    M    M 19.9 35 160   M    M   5 8      42 180
14  60  50  55  -3  10   0 0.62    M    M 11.1 29 190   M    M   9 1      37 190
15  64  53  59   0   6   0 0.00    M    M  5.7 10  90   M    M   9 1      15  90
16  79  56  68   9   0   3 0.30    M    M 12.5 38 180   M    M   8 13     48 140
17  73  44  59   0   6   0 0.83    M    M 20.7 36 250   M    M   8 123    48 250
18  44  37  41 -19  24   0    T    M    M 21.8 36 300   M    M   9        47 290
19  57  34  46 -14  19   0 0.00    M    M  7.6 15 340   M    M   3        21 340
20  62  43  53  -7  12   0 0.00    M    M  5.3 15 330   M    M   1        20 310
21  73  45  59  -2   6   0 0.00    M    M 11.7 23 310   M    M   0        30 320
22  76  43  60  -1   5   0 0.00    M    M  5.5 20 260   M    M   0        24 260
================================================================================
SM 1506 1015       174  10  2.55    M    265.4          M      108
================================================================================
AV 68.5 46.1                              12.1 FASTST   M    M   5    MAX(MPH)
                                 MISC ---->  # 38 180               # 48  140
================================================================================
NOTES:
# LAST OF SEVERAL OCCURRENCES

COLUMN 17 PEAK WIND IN M.P.H.

PRELIMINARY LOCAL CLIMATOLOGICAL DATA (WS FORM: F-6) , PAGE 2

                                          STATION:  REDWOOD FALLS MN
                                          MONTH:    MAY
                                          YEAR:     2015
                                          LATITUDE:   44 32 N
                                          LONGITUDE:  95  5 W

[TEMPERATURE DATA]      [PRECIPITATION DATA]       SYMBOLS USED IN COLUMN 16

AVERAGE MONTHLY: 57.3   TOTAL FOR MONTH:   2.55    1 = FOG OR MIST
DPTR FM NORMAL:  -0.2   DPTR FM NORMAL:    0.28    2 = FOG REDUCING VISIBILITY
HIGHEST:    85 ON  2    GRTST 24HR  1.13 ON 16-17      TO 1/4 MILE OR LESS
LOWEST:     34 ON 19                               3 = THUNDER
                        SNOW, ICE PELLETS, HAIL    4 = ICE PELLETS
                        TOTAL MONTH:    M          5 = HAIL
                        GRTST 24HR    M  ON   M    6 = FREEZING RAIN OR DRIZZLE
                        GRTST DEPTH:  M  ON   M    7 = DUSTSTORM OR SANDSTORM:
                                                       VSBY 1/2 MILE OR LESS
                                                   8 = SMOKE OR HAZE
[NO. OF DAYS WITH]      [WEATHER - DAYS WITH]      9 = BLOWING SNOW
                                                   X = TORNADO
MAX 32 OR BELOW:   0    0.01 INCH OR MORE:   6
MAX 90 OR ABOVE:   0    0.10 INCH OR MORE:   5
MIN 32 OR BELOW:   0    0.50 INCH OR MORE:   3
MIN  0 OR BELOW:   0    1.00 INCH OR MORE:   0

[HDD (BASE 65) ]
TOTAL THIS MO.   174    CLEAR  (SCALE 0-3)   9
DPTR FM NORMAL   -12    PTCLDY (SCALE 4-7)   7
TOTAL FM JUL 1  7380    CLOUDY (SCALE 8-10)  6
DPTR FM NORMAL  -419

[CDD (BASE 65) ]
TOTAL THIS MO.    10
DPTR FM NORMAL   -10    [PRESSURE DATA]
TOTAL FM JAN 1    10    HIGHEST SLP M ON M
DPTR FM NORMAL   -14    LOWEST  SLP 29.46 ON 17

[REMARKS]
