000
CXUS55 KCYS 291000
CF6RWL
PRELIMINARY LOCAL CLIMATOLOGICAL DATA (WS FORM: F-6)

                                          STATION:   RAWLINS WYOMING AIRPORT
                                          MONTH:     AUGUST
                                          YEAR:      2016
                                          LATITUDE:   41 47 N
                                          LONGITUDE: 107 12 W

  TEMPERATURE IN F:       :PCPN:    SNOW:  WIND      :SUNSHINE: SKY     :PK WND
================================================================================
1   2   3   4   5  6A  6B    7    8   9   10  11  12  13   14  15   16   17  18
                                     12Z  AVG MX 2MIN
DY MAX MIN AVG DEP HDD CDD  WTR  SNW DPTH SPD SPD DIR MIN PSBL S-S WX    SPD DR
================================================================================

 1  88  52  70   2   0   5 0.00    M    M  9.0 26 290   M    M   0        34 300
 2  93  49  71   3   0   6 0.00    M    M  6.6 20 200   M    M   0        25 190
 3  91  60  76   8   0  11    T    M    M 12.2 29 260   M    M   1        39 260
 4  79  44  62  -5   3   0 0.00    M    M  9.3 18  60   M    M   0        23  60
 5  84  51  68   1   0   3 0.00    M    M  9.8 22  50   M    M   0        28  50
 6  84  49  67   0   0   2 0.00    M    M 10.1 24 240   M    M   1        32 240
 7  88  50  69   2   0   4    T    M    M  8.2 32 260   M    M   0 3      46 260
 8  85  54  70   3   0   5 0.01    M    M 11.4 29 290   M    M   2 3      38 280
 9  89  51  70   3   0   5 0.00    M    M 12.6 32 220   M    M   1        43 230
10  87  55  71   4   0   6 0.00    M    M 12.2 35 290   M    M   2        45 290
11  80  44  62  -4   3   0 0.02    M    M 10.0 38 280   M    M   4 3      49 270
12  79  38  59  -7   6   0 0.01    M    M  5.9 20 250   M    M   1        27 240
13  81  40  61  -5   4   0 0.00    M    M  6.1 18 360   M    M   1        24 360
14  86  42  64  -2   1   0 0.00    M    M  9.3 25 270   M    M   0        30 240
15  83  47  65  -1   0   0    T    M    M  7.8 35 260   M    M   1        52 260
16  86  43  65  -1   0   0 0.00    M    M  3.9 13  20   M    M   0 8      19 340
17  84  49  67   2   0   2 0.01    M    M  9.0 28 200   M    M   3 3      37 190
18  74  49  62  -3   3   0 0.03    M    M  8.7 26 280   M    M   5        33 280
19  63  37  50 -15  15   0 0.00    M    M  9.2 24 350   M    M   5 12     30 350
20  77  31  54 -11  11   0 0.00    M    M  8.7 21 280   M    M   0        27 270
21  86  36  61  -3   4   0 0.00    M    M  6.7 22 240   M    M   0        27 240
22  85  51  68   4   0   3 0.00    M    M 12.0 24 210   M    M   0        33 250
23  82  55  69   5   0   4 0.00    M    M 15.8 26 280   M    M   1        35 260
24  75  42  59  -5   6   0    T    M    M  9.9 23  40   M    M   2        29  40
25  70  45  58  -5   7   0    T    M    M  9.4 22 190   M    M   4 3      28 190
26  75  39  57  -6   8   0 0.00    M    M  9.0 31 190   M    M   3        38 200
27  79  49  64   1   1   0 0.00    M    M 12.8 25 240   M    M   0        36 220
28  82  48  65   3   0   0 0.00    M    M  8.7 22 250   M    M   0        28 250
================================================================================
SM 2295 1300        72  56  0.08    M    264.3          M       37
================================================================================
AV 82.0 46.4                               9.4 FASTST   M    M   1    MAX(MPH)
                                 MISC ---->  # 38 280               # 52  260
================================================================================
NOTES:
# LAST OF SEVERAL OCCURRENCES

COLUMN 17 PEAK WIND IN M.P.H.

PRELIMINARY LOCAL CLIMATOLOGICAL DATA (WS FORM: F-6) , PAGE 2

                                          STATION:  RAWLINS WYOMING AIRPORT
                                          MONTH:    AUGUST
                                          YEAR:     2016
                                          LATITUDE:   41 47 N
                                          LONGITUDE: 107 12 W

[TEMPERATURE DATA]      [PRECIPITATION DATA]       SYMBOLS USED IN COLUMN 16

AVERAGE MONTHLY: 64.2   TOTAL FOR MONTH:   0.08    1 = FOG OR MIST
DPTR FM NORMAL:  -1.4   DPTR FM NORMAL:   -0.60    2 = FOG REDUCING VISIBILITY
HIGHEST:    93 ON  2    GRTST 24HR  0.04 ON 17-18      TO 1/4 MILE OR LESS
LOWEST:     31 ON 20                               3 = THUNDER
                        SNOW, ICE PELLETS, HAIL    4 = ICE PELLETS
                        TOTAL MONTH:    M          5 = HAIL
                        GRTST 24HR    M  ON   M    6 = FREEZING RAIN OR DRIZZLE
                        GRTST DEPTH:  M  ON   M    7 = DUSTSTORM OR SANDSTORM:
                                                       VSBY 1/2 MILE OR LESS
                                                   8 = SMOKE OR HAZE
[NO. OF DAYS WITH]      [WEATHER - DAYS WITH]      9 = BLOWING SNOW
                                                   X = TORNADO
MAX 32 OR BELOW:   0    0.01 INCH OR MORE:   5
MAX 90 OR ABOVE:   2    0.10 INCH OR MORE:   0
MIN 32 OR BELOW:   1    0.50 INCH OR MORE:   0
MIN  0 OR BELOW:   0    1.00 INCH OR MORE:   0

[HDD (BASE 65) ]
TOTAL THIS MO.    72    CLEAR  (SCALE 0-3)  24
DPTR FM NORMAL    25    PTCLDY (SCALE 4-7)   4
TOTAL FM JUL 1    88    CLOUDY (SCALE 8-10)  0
DPTR FM NORMAL     6

[CDD (BASE 65) ]
TOTAL THIS MO.    56
DPTR FM NORMAL    -5    [PRESSURE DATA]
TOTAL FM JAN 1   220    HIGHEST SLP M ON M
DPTR FM NORMAL    42    LOWEST  SLP 29.69 ON M

[REMARKS]
