000
CXUS55 KCYS 301000
CF6RWL
PRELIMINARY LOCAL CLIMATOLOGICAL DATA (WS FORM: F-6)

                                          STATION:   RAWLINS WYOMING AIRPORT
                                          MONTH:     APRIL
                                          YEAR:      2016
                                          LATITUDE:   41 47 N
                                          LONGITUDE: 107 12 W

  TEMPERATURE IN F:       :PCPN:    SNOW:  WIND      :SUNSHINE: SKY     :PK WND
================================================================================
1   2   3   4   5  6A  6B    7    8   9   10  11  12  13   14  15   16   17  18
                                     12Z  AVG MX 2MIN
DY MAX MIN AVG DEP HDD CDD  WTR  SNW DPTH SPD SPD DIR MIN PSBL S-S WX    SPD DR
================================================================================

 1  36  22  29  -7  36   0    T    M    M  9.8 20 250   M    M   5 1      23 240
 2  50  24  37   0  28   0 0.00    M    M 11.8 22 260   M    M   1        29 260
 3  57  35  46   9  19   0 0.00    M    M 12.0 24 250   M    M   1        31 240
 4  63  33  48  11  17   0    T    M    M 13.4 33 260   M    M   3        42 260
 5  47  31  39   2  26   0 0.00    M    M 22.3 38 270   M    M   2        49 270
 6  62  31  47   9  18   0 0.00    M    M 25.4 36 270   M    M   0        45 250
 7  60  31  46   8  19   0 0.00    M    M  8.0 18 250   M    M   0        23 250
 8  63  24  44   6  21   0 0.00    M    M  5.9 16  60   M    M   0        21  70
 9  64  31  48  10  17   0 0.06    M    M 15.5 32 230   M    M   4        41 250
10  54  35  45   7  20   0 0.13    M    M 13.7 25 240   M    M   9 13     34 240
11  58  31  45   6  20   0 0.00    M    M  8.2 17 240   M    M   5        24 240
12  62  42  52  13  13   0    T    M    M  9.2 23 300   M    M   5        29 300
13  66  36  51  12  14   0 0.01    M    M 10.4 30 290   M    M   3 3      38 280
14  66  33  50  10  15   0 0.26    M    M 16.4 43 280   M    M   4 1      53 290
15  43  27  35  -5  30   0    T    M    M 10.0 24  30   M    M   7 1      31 250
16  34  28  31  -9  34   0 0.09    M    M 13.8 26  20   M    M  10 18     32  20
17  34  25  30 -10  35   0 0.14    M    M 10.9 29 360   M    M  10 128    32 360
18  41  23  32  -9  33   0 0.01    M    M  3.5 12 330   M    M  10 8      14 340
19  46  29  38  -3  27   0    T    M    M  9.4 21 240   M    M  10        25 240
20  60  33  47   6  18   0 0.00    M    M 10.9 20 320   M    M   5        23 300
21  64  29  47   5  18   0 0.00    M    M  3.0 10 310   M    M   0 8      14 130
22  73  31  52  10  13   0 0.00    M    M  7.6 28 190   M    M   1        33 200
23  69  33  51   9  14   0 0.00    M    M 18.2 37 240   M    M   3 18     49 200
24  50  33  42   0  23   0 0.00    M    M 18.5 33 240   M    M   8 128    40 240
25  61  33  47   4  18   0 0.00    M    M  6.7 26 200   M    M   5 138    37 200
26  35  28  32 -11  33   0 0.00    M    M  9.0 20 360   M    M  10 18     25  30
27  43  28  36  -7  29   0 0.00    M    M  5.8 12  30   M    M  10 1      15 350
28  34  25  30 -14  35   0 0.00    M    M 15.5 24  50   M    M   8 128    31  80
29  39  30  35  -9  30   0    M    M    M 14.3 23  60   M    M  10 18     28  50
================================================================================
SM 1534  874       673   0  0.70    M    339.1          M      149
================================================================================
AV 52.9 30.1                              11.7 FASTST   M    M   5    MAX(MPH)
                                 MISC ---->  # 43 280               # 53  290
================================================================================
NOTES:
# LAST OF SEVERAL OCCURRENCES

COLUMN 17 PEAK WIND IN M.P.H.

PRELIMINARY LOCAL CLIMATOLOGICAL DATA (WS FORM: F-6) , PAGE 2

                                          STATION:  RAWLINS WYOMING AIRPORT
                                          MONTH:    APRIL
                                          YEAR:     2016
                                          LATITUDE:   41 47 N
                                          LONGITUDE: 107 12 W

[TEMPERATURE DATA]      [PRECIPITATION DATA]       SYMBOLS USED IN COLUMN 16

AVERAGE MONTHLY: 41.5   TOTAL FOR MONTH:   0.70    1 = FOG OR MIST
DPTR FM NORMAL:   1.6   DPTR FM NORMAL:   -0.31    2 = FOG REDUCING VISIBILITY
HIGHEST:    73 ON 22    GRTST 24HR  0.26 ON 14-14      TO 1/4 MILE OR LESS
LOWEST:     22 ON  1                               3 = THUNDER
                        SNOW, ICE PELLETS, HAIL    4 = ICE PELLETS
                        TOTAL MONTH:    M          5 = HAIL
                        GRTST 24HR    M  ON   M    6 = FREEZING RAIN OR DRIZZLE
                        GRTST DEPTH:  M  ON   M    7 = DUSTSTORM OR SANDSTORM:
                                                       VSBY 1/2 MILE OR LESS
                                                   8 = SMOKE OR HAZE
[NO. OF DAYS WITH]      [WEATHER - DAYS WITH]      9 = BLOWING SNOW
                                                   X = TORNADO
MAX 32 OR BELOW:   0    0.01 INCH OR MORE:   7
MAX 90 OR ABOVE:   0    0.10 INCH OR MORE:   3
MIN 32 OR BELOW:  19    0.50 INCH OR MORE:   0
MIN  0 OR BELOW:   0    1.00 INCH OR MORE:   0

[HDD (BASE 65) ]
TOTAL THIS MO.   673    CLEAR  (SCALE 0-3)  11
DPTR FM NORMAL   -53    PTCLDY (SCALE 4-7)  10
TOTAL FM JUL 1  7069    CLOUDY (SCALE 8-10)  8
DPTR FM NORMAL  -629

[CDD (BASE 65) ]
TOTAL THIS MO.     0
DPTR FM NORMAL     0    [PRESSURE DATA]
TOTAL FM JAN 1     0    HIGHEST SLP M ON M
DPTR FM NORMAL     0    LOWEST  SLP 29.40 ON 14

[REMARKS]
