000
CXUS55 KPIH 311200
CF6RXE

PRELIMINARY LOCAL CLIMATOLOGICAL DATA (WS FORM: F-6)

                                          STATION:   REXBURG ID
                                          MONTH:     AUGUST
                                          YEAR:      2015
                                          LATITUDE:   43 49 N
                                          LONGITUDE: 111 48 W

  TEMPERATURE IN F:       :PCPN:    SNOW:  WIND      :SUNSHINE: SKY     :PK WND
================================================================================
1   2   3   4   5  6A  6B    7    8   9   10  11  12  13   14  15   16   17  18
                                     12Z  AVG MX 2MIN
DY MAX MIN AVG DEP HDD CDD  WTR  SNW DPTH SPD SPD DIR MIN PSBL S-S WX    SPD DR
================================================================================

 1  92  48  70   1   0   5 0.00    M    M  3.4 12 200   M    M   0        15 210
 2  95  50  73   4   0   8 0.00    M    M  3.5  8  40   M    M   0        12 240
 3  77  58  68  -1   0   3    T    M    M  6.5 18 220   M    M   2        25 210
 4  83  57  70   1   0   5 0.10    M    M  5.8 20 270   M    M   3 3      29 270
 5  79  54  67  -2   0   2 0.24    M    M  7.2 32 270   M    M   3 13     43 240
 6  81  49  65  -4   0   0 0.00    M    M  8.2 16 210   M    M   1        30 240
 7  83  51  67  -2   0   2 0.03    M    M  8.0 28 210   M    M   2        35 220
 8  70  53  62  -7   3   0 0.07    M    M  5.8 17 220   M    M   8        21 200
 9  80  47  64  -4   1   0 0.00    M    M  4.4 12 230   M    M   0        17 190
10  88  48  68   0   0   3    T    M    M  5.3 26 220   M    M   0        39 230
11  92  55  74   6   0   9    T    M    M  5.7 32 160   M    M   0        43 160
12  88  63  76   8   0  11 0.00    M    M  5.5 15 200   M    M   2        21 210
13  92  56  74   6   0   9 0.00    M    M  3.7 12 210   M    M   0        15 260
14  93  58  76   8   0  11 0.09    M    M  6.3 24 250   M    M   1        40 240
15  82  59  71   4   0   6 0.00    M    M 10.9 22 200   M    M   1 8      28 210
16  81  46  64  -3   1   0 0.00    M    M  6.5 16 210   M    M   0        20 220
17  81  43  62  -5   3   0 0.00    M    M  5.7 15 270   M    M   1 8      19 280
18  77  44  61  -5   4   0 0.00    M    M  5.7 13  50   M    M   2 8      18  50
19  79  44  62  -4   3   0 0.00    M    M  5.7 13 210   M    M   0 8      19 210
20  82  46  64  -2   1   0 0.00    M    M  6.6 14 200   M    M   3 8      22 190
21  86  47  67   1   0   2 0.00    M    M 11.6 31 230   M    M   1 8      41 220
22  73  46  60  -5   5   0 0.00    M    M  5.0 14  50   M    M   7 8      20  40
23  82  38  60  -5   5   0 0.00    M    M  3.9 12 230   M    M   1 8      16 260
24  91  43  67   3   0   2 0.00    M    M  6.9 18 220   M    M   0        22 220
25  95  50  73   9   0   8 0.00    M    M  6.2 17 220   M    M   0        24 230
26  79  57  68   4   0   3 0.00    M    M  6.8 18 180   M    M   1        27 170
27  81  49  65   2   0   0    T    M    M  4.0 22 240   M    M   0 8      32 250
28  88  48  68   5   0   3 0.00    M    M  5.2 14 220   M    M   0        19 250
29  92  56  74  11   0   9 0.02    M    M  8.5 32 230   M    M   4 3      41 240
30  80  55  68   6   0   3    T    M    M 12.4 26 220   M    M   1 3      33 230
================================================================================
SM 2522 1518        26 104  0.55    M    190.9          M       44
================================================================================
AV 84.1 50.6                               6.4 FASTST   M    M   1    MAX(MPH)
                                 MISC ---->  # 32 270               # 43  240
================================================================================
NOTES:
# LAST OF SEVERAL OCCURRENCES

COLUMN 17 PEAK WIND IN M.P.H.

PRELIMINARY LOCAL CLIMATOLOGICAL DATA (WS FORM: F-6) , PAGE 2

                                          STATION:  REXBURG ID
                                          MONTH:    AUGUST
                                          YEAR:     2015
                                          LATITUDE:   43 49 N
                                          LONGITUDE: 111 48 W

[TEMPERATURE DATA]      [PRECIPITATION DATA]       SYMBOLS USED IN COLUMN 16

AVERAGE MONTHLY: 67.3   TOTAL FOR MONTH:   0.55    1 = FOG OR MIST
DPTR FM NORMAL:   0.7   DPTR FM NORMAL:   -0.37    2 = FOG REDUCING VISIBILITY
HIGHEST:    95 ON 25, 2 GRTST 24HR  0.24 ON  5- 5      TO 1/4 MILE OR LESS
LOWEST:     38 ON 23                               3 = THUNDER
                        SNOW, ICE PELLETS, HAIL    4 = ICE PELLETS
                        TOTAL MONTH:    M          5 = HAIL
                        GRTST 24HR    M  ON   M    6 = FREEZING RAIN OR DRIZZLE
                        GRTST DEPTH:  M  ON   M    7 = DUSTSTORM OR SANDSTORM:
                                                       VSBY 1/2 MILE OR LESS
                                                   8 = SMOKE OR HAZE
[NO. OF DAYS WITH]      [WEATHER - DAYS WITH]      9 = BLOWING SNOW
                                                   X = TORNADO
MAX 32 OR BELOW:   0    0.01 INCH OR MORE:   6
MAX 90 OR ABOVE:   8    0.10 INCH OR MORE:   2
MIN 32 OR BELOW:   0    0.50 INCH OR MORE:   0
MIN  0 OR BELOW:   0    1.00 INCH OR MORE:   0

[HDD (BASE 65) ]
TOTAL THIS MO.    26    CLEAR  (SCALE 0-3)  27
DPTR FM NORMAL   -12    PTCLDY (SCALE 4-7)   3
TOTAL FM JUL 1    70    CLOUDY (SCALE 8-10)  0
DPTR FM NORMAL     2

[CDD (BASE 65) ]
TOTAL THIS MO.   104
DPTR FM NORMAL    20    [PRESSURE DATA]
TOTAL FM JAN 1   289    HIGHEST SLP M ON M
DPTR FM NORMAL    91    LOWEST  SLP 29.67 ON 21

[REMARKS]
