000
CXUS56 KSTO 161425
CF6SAC
PRELIMINARY LOCAL CLIMATOLOGICAL DATA (WS FORM: F-6)

                                          STATION:   SACRAMENTO EXEC. AIRPORT CA
                                          MONTH:     JANUARY
                                          YEAR:      2018
                                          LATITUDE:   38 31 N
                                          LONGITUDE: 121 30 W

  TEMPERATURE IN F:       :PCPN:    SNOW:  WIND      :SUNSHINE: SKY     :PK WND
================================================================================
1   2   3   4   5  6A  6B    7    8   9   10  11  12  13   14  15   16   17  18
                                     12Z  AVG MX 2MIN
DY MAX MIN AVG DEP HDD CDD  WTR  SNW DPTH SPD SPD DIR MIN PSBL S-S WX    SPD DR
================================================================================

 1  65  38  52   7  13   0 0.00  0.0    0  1.1  8 330   M    M   1 18     10 350
 2  59  39  49   4  16   0 0.00  0.0    0  1.6  7 350   M    M   0 1      30  90
 3  57  40  49   4  16   0 0.16  0.0    0  1.9 12  30   M    M   3 18     14  40
 4  65  49  57  12   8   0 0.43  0.0    0  2.7 14 150   M    M   6 18     19 130
 5  60  50  55  10  10   0 0.34  0.0    0  4.3  9 210   M    M   8 1      12 230
 6  59  42  51   6  14   0 0.01  0.0    0  3.8 14 310   M    M   3 12     17 310
 7  52  39  46   1  19   0 0.00  0.0    0  1.5  7  10   M    M   5 12      8  10
 8  57  48  53   8  12   0 2.55    M    0  2.4  8  20   M    M  10 1      12 150
 9  57  51  54   8  11   0 1.17  0.0    0  6.8 15 150   M    M  10 1      22 140
10  57  44  51   5  14   0 0.00  0.0    0  4.3 12 210   M    M   8 1      17 170
11  60  42  51   5  14   0 0.00  0.0    0  2.3 10 140   M    M   1 12     14 140
12  60  42  51   5  14   0 0.00  0.0    0  3.5 13 340   M    M   6 12     15 350
13  54  43  49   3  16   0 0.00  0.0    0  0.6  7 160   M    M  10 12      8 160
14  55  48  52   6  13   0 0.00  0.0    0  3.5 14 270   M    M   8 18     27 210
15  51  46  49   3  16   0 0.00  0.0    0  2.6  9 230   M    M  10 12     12 140
================================================================================
SM  868  661       206   0  4.66     0.0  42.9          M       89
================================================================================
AV 57.9 44.1                               2.9 FASTST   M    M   6    MAX(MPH)
                                 MISC ---->  # 15 150               # 30   90
================================================================================
NOTES:
# LAST OF SEVERAL OCCURRENCES

COLUMN 17 PEAK WIND IN M.P.H.

PRELIMINARY LOCAL CLIMATOLOGICAL DATA (WS FORM: F-6) , PAGE 2

                                          STATION:  SACRAMENTO EXEC. AIRPORT CA
                                          MONTH:    JANUARY
                                          YEAR:     2018
                                          LATITUDE:   38 31 N
                                          LONGITUDE: 121 30 W

[TEMPERATURE DATA]      [PRECIPITATION DATA]       SYMBOLS USED IN COLUMN 16

AVERAGE MONTHLY: 51.0   TOTAL FOR MONTH:   4.66    1 = FOG OR MIST
DPTR FM NORMAL:   5.5   DPTR FM NORMAL:    2.89    2 = FOG REDUCING VISIBILITY
HIGHEST:    65 ON  4, 1 GRTST 24HR  2.55 ON  8- 8      TO 1/4 MILE OR LESS
LOWEST:     38 ON  1                               3 = THUNDER
                        SNOW, ICE PELLETS, HAIL    4 = ICE PELLETS
                        TOTAL MONTH:   0.0 INCH    5 = HAIL
                        GRTST 24HR     0.0         6 = FREEZING RAIN OR DRIZZLE
                        GRTST DEPTH:   0           7 = DUSTSTORM OR SANDSTORM:
                                                       VSBY 1/2 MILE OR LESS
                                                   8 = SMOKE OR HAZE
[NO. OF DAYS WITH]      [WEATHER - DAYS WITH]      9 = BLOWING SNOW
                                                   X = TORNADO
MAX 32 OR BELOW:   0    0.01 INCH OR MORE:   6
MAX 90 OR ABOVE:   0    0.10 INCH OR MORE:   5
MIN 32 OR BELOW:   0    0.50 INCH OR MORE:   2
MIN  0 OR BELOW:   0    1.00 INCH OR MORE:   2

[HDD (BASE 65) ]
TOTAL THIS MO.   206    CLEAR  (SCALE 0-3)   4
DPTR FM NORMAL   -88    PTCLDY (SCALE 4-7)   6
TOTAL FM JUL 1  1124    CLOUDY (SCALE 8-10)  5
DPTR FM NORMAL  -204

[CDD (BASE 65) ]
TOTAL THIS MO.     0
DPTR FM NORMAL     0    [PRESSURE DATA]
TOTAL FM JAN 1     0    HIGHEST SLP M ON M
DPTR FM NORMAL     0    LOWEST  SLP 29.58 ON  9

[REMARKS]
