000
CXUS53 KIWX 270800
CF6SBN
PRELIMINARY LOCAL CLIMATOLOGICAL DATA (WS FORM: F-6)

                                          STATION:   SOUTH BEND
                                          MONTH:     JUNE
                                          YEAR:      2017
                                          LATITUDE:   41 42 N
                                          LONGITUDE:  86 19 W

  TEMPERATURE IN F:       :PCPN:    SNOW:  WIND      :SUNSHINE: SKY     :PK WND
================================================================================
1   2   3   4   5  6A  6B    7    8   9   10  11  12  13   14  15   16   17  18
                                     12Z  AVG MX 2MIN
DY MAX MIN AVG DEP HDD CDD  WTR  SNW DPTH SPD SPD DIR MIN PSBL S-S WX    SPD DR
================================================================================

 1  74  46  60  -4   5   0 0.00  0.0    0  4.3 17 330   M    M   0        22 310
 2  81  47  64  -1   1   0 0.00  0.0    0  4.0 16 320   M    M   0        20 310
 3  84  51  68   3   0   3 0.00  0.0    0  4.6 17 360   M    M   1        21 360
 4  87  65  76  10   0  11    T  0.0    0  8.0 16 260   M    M   1        21 280
 5  80  54  67   1   0   2 0.00  0.0    0  8.1 22  20   M    M   0 1      26  20
 6  74  48  61  -5   4   0 0.00  0.0    0 11.1 23 360   M    M   0        29 330
 7  76  49  63  -3   2   0 0.00  0.0    0 10.0 22  30   M    M   1        28  20
 8  79  48  64  -3   1   0 0.05  0.0    0  2.7 14 320   M    M   1        19 310
 9  84  58  71   4   0   6 0.12  0.0    0  8.3 20 290   M    M   4 3      25 280
10  87  64  76   8   0  11 0.00  0.0    0 13.8 26 200   M    M   1        35 210
11  91  67  79  11   0  14 0.00  0.0    0 13.7 22 180   M    M   0        30 190
12  92  70  81  13   0  16 0.00  0.0    0 10.2 18 200   M    M   1        23 190
13  89  69  79  10   0  14 0.25  0.0    0  5.3 28 230   M    M   1 13     37 230
14  90  66  78   9   0  13 0.18  0.0    0  8.0 29 230   M    M   2 13     40 250
15  84  66  75   6   0  10 0.37  0.0    0  6.5 18 180   M    M   4 138    22 180
16  82  66  74   4   0   9 0.10  0.0    0  6.9 16 270   M    M   3 13     21 210
17  87  70  79   9   0  14 0.03  0.0    0 10.7 21 200   M    M   3        28 190
18  80  62  71   1   0   6    T  0.0    0 11.7 23 270   M    M   5        28 230
19  77  57  67  -3   0   2 0.06  0.0    0  8.2 28 270   M    M   3 3      36 270
20  79  55  67  -4   0   2    T  0.0    0  8.1 25  10   M    M   1        29  10
21  79  51  65  -6   0   0 0.00  0.0    0  4.5 13 160   M    M   1        15 160
22  87  69  78   7   0  13 0.02  0.0    0 12.0 24 210   M    M   4 8      31 220
23  76  65  71   0   0   6 0.13  0.0    0  9.2 26 300   M    M   7 1      34 290
24  74  57  66  -6   0   1 0.00  0.0    0 11.1 23 310   M    M   2        29 310
25  71  53  62 -10   3   0 0.07  0.0    0 11.1 26 270   M    M   4 3      34 270
26  71  50  61 -11   4   0 0.00  0.0    0 10.3 23 270   M    M   4        29 270
================================================================================
SM 2115 1523        20 153  1.38     0.0 222.4          M       54
================================================================================
AV 81.4 58.6                               8.6 FASTST   M    M   2    MAX(MPH)
                                 MISC ---->  # 29 230               # 40  250
================================================================================
NOTES:
# LAST OF SEVERAL OCCURRENCES

COLUMN 17 PEAK WIND IN M.P.H.

PRELIMINARY LOCAL CLIMATOLOGICAL DATA (WS FORM: F-6) , PAGE 2

                                          STATION:  SOUTH BEND
                                          MONTH:    JUNE
                                          YEAR:     2017
                                          LATITUDE:   41 42 N
                                          LONGITUDE:  86 19 W

[TEMPERATURE DATA]      [PRECIPITATION DATA]       SYMBOLS USED IN COLUMN 16

AVERAGE MONTHLY: 70.0   TOTAL FOR MONTH:   1.38    1 = FOG OR MIST
DPTR FM NORMAL:   1.4   DPTR FM NORMAL:   -1.96    2 = FOG REDUCING VISIBILITY
HIGHEST:    92 ON 12    GRTST 24HR  0.37 ON 15-15      TO 1/4 MILE OR LESS
LOWEST:     46 ON  1                               3 = THUNDER
                        SNOW, ICE PELLETS, HAIL    4 = ICE PELLETS
                        TOTAL MONTH:   0.0 INCH    5 = HAIL
                        GRTST 24HR     0.0         6 = FREEZING RAIN OR DRIZZLE
                        GRTST DEPTH:   0           7 = DUSTSTORM OR SANDSTORM:
                                                       VSBY 1/2 MILE OR LESS
                                                   8 = SMOKE OR HAZE
[NO. OF DAYS WITH]      [WEATHER - DAYS WITH]      9 = BLOWING SNOW
                                                   X = TORNADO
MAX 32 OR BELOW:   0    0.01 INCH OR MORE:  11
MAX 90 OR ABOVE:   3    0.10 INCH OR MORE:   6
MIN 32 OR BELOW:   0    0.50 INCH OR MORE:   0
MIN  0 OR BELOW:   0    1.00 INCH OR MORE:   0

[HDD (BASE 65) ]
TOTAL THIS MO.    20    CLEAR  (SCALE 0-3)  19
DPTR FM NORMAL   -23    PTCLDY (SCALE 4-7)   7
TOTAL FM JUL 1  5522    CLOUDY (SCALE 8-10)  0
DPTR FM NORMAL  -775

[CDD (BASE 65) ]
TOTAL THIS MO.   153
DPTR FM NORMAL    20    [PRESSURE DATA]
TOTAL FM JAN 1   193    HIGHEST SLP M ON M
DPTR FM NORMAL     4    LOWEST  SLP 29.61 ON 23

[REMARKS]
