000
CXUS55 KLOX 241655
CF6SBP
PRELIMINARY LOCAL CLIMATOLOGICAL DATA (WS FORM: F-6)

                                          STATION:   SAN LUIS OBISPO AIRPORT CA
                                          MONTH:     SEPTEMBER
                                          YEAR:      2016
                                          LATITUDE:   35 13 N
                                          LONGITUDE: 120 38 W

  TEMPERATURE IN F:       :PCPN:    SNOW:  WIND      :SUNSHINE: SKY     :PK WND
================================================================================
1   2   3   4   5  6A  6B    7    8   9   10  11  12  13   14  15   16   17  18
                                     12Z  AVG MX 2MIN
DY MAX MIN AVG DEP HDD CDD  WTR  SNW DPTH SPD SPD DIR MIN PSBL S-S WX    SPD DR
================================================================================

 1  74  54  64  -4   1   0 0.00  0.0    M  8.1 23 310   M    M   0 2      26 300
 2  78  55  67  -1   0   2 0.00  0.0    0  5.9 15 300   M    M   4        18 300
 3  71  57  64  -4   1   0 0.00  0.0    0  6.7 20 310   M    M   8        24 310
 4  73  54  64  -4   1   0 0.00  0.0    0  8.0 22 320   M    M   5 8      27 300
 5  75  53  64  -3   1   0 0.00  0.0    0  8.5 22 300   M    M   3 1      27 310
 6  86  48  67   0   0   2 0.00  0.0    0  5.0 23 320   M    M   2 12     27 310
 7  82  54  68   1   0   3 0.00  0.0    0  5.3  9 220   M    M   4 12     15 270
 8  78  60  69   2   0   4 0.00  0.0    M  5.6 16 320   M    M   5        19 290
 9  78  54  66  -1   0   1 0.00  0.0    0  7.0 16 300   M    M   1         M  M
10  78  58  68   1   0   3 0.00  0.0    M  7.0 16 300   M    M   2 1      23 330
11  76  58  67   0   0   2 0.00  0.0    0  6.9 17 320   M    M   6 18     20 310
12  72  60  66  -1   0   1 0.00  0.0    0  5.6 14 310   M    M  10        20 310
13  73  54  64  -3   1   0 0.00  0.0    0  5.1 16 320   M    M   4        20 330
14  79  48  64  -3   1   0 0.00  0.0    0  6.6 21 310   M    M   0        24 310
15  86  53  70   3   0   5 0.00  0.0    0  7.9 23 320   M    M   0        27 310
16  80  55  68   1   0   3 0.00  0.0    0  5.5 18 300   M    M   4 18     21 330
17  88  56  72   6   0   7 0.00  0.0    0  6.4 23 320   M    M   3 1      27 310
18 103  53  78  12   0  13 0.00  0.0    0  3.3 18 330   M    M   0        22 350
19  92  57  75   9   0  10 0.00  0.0    0  4.9 14 310   M    M   1 1       M  M
20  88  60  74   8   0   9 0.00  0.0    0  4.9 20 320   M    M   1 18     22 300
21  76  53  65  -1   0   0 0.00  0.0    0  8.1 23 310   M    M   5 1      26 310
22  73  49  61  -5   4   0 0.00  0.0    0 11.0 31 300   M    M   0        40 300
23  85  53  69   3   0   4 0.00  0.0    0  9.7 26 320   M    M   0        31 310
================================================================================
SM 1844 1256        10  69  0.00     0.0 152.9          M       68
================================================================================
AV 80.2 54.6                               6.6 FASTST   M    M   3    MAX(MPH)
                                 MISC ---->  # 31 300               # 40  300
================================================================================
NOTES:
# LAST OF SEVERAL OCCURRENCES

COLUMN 17 PEAK WIND IN M.P.H.

PRELIMINARY LOCAL CLIMATOLOGICAL DATA (WS FORM: F-6) , PAGE 2

                                          STATION:  SAN LUIS OBISPO AIRPORT CA
                                          MONTH:    SEPTEMBER
                                          YEAR:     2016
                                          LATITUDE:   35 13 N
                                          LONGITUDE: 120 38 W

[TEMPERATURE DATA]      [PRECIPITATION DATA]       SYMBOLS USED IN COLUMN 16

AVERAGE MONTHLY: 67.4   TOTAL FOR MONTH:   0.00    1 = FOG OR MIST
DPTR FM NORMAL:   0.5   DPTR FM NORMAL:   -0.03    2 = FOG REDUCING VISIBILITY
HIGHEST:   103 ON 18    GRTST 24HR    T  ON  4- 5      TO 1/4 MILE OR LESS
LOWEST:     48 ON 14, 6                            3 = THUNDER
                        SNOW, ICE PELLETS, HAIL    4 = ICE PELLETS
                        TOTAL MONTH:   0.0 INCH    5 = HAIL
                        GRTST 24HR     0.0         6 = FREEZING RAIN OR DRIZZLE
                        GRTST DEPTH:   0           7 = DUSTSTORM OR SANDSTORM:
                                                       VSBY 1/2 MILE OR LESS
                                                   8 = SMOKE OR HAZE
[NO. OF DAYS WITH]      [WEATHER - DAYS WITH]      9 = BLOWING SNOW
                                                   X = TORNADO
MAX 32 OR BELOW:   0    0.01 INCH OR MORE:   0
MAX 90 OR ABOVE:   2    0.10 INCH OR MORE:   0
MIN 32 OR BELOW:   0    0.50 INCH OR MORE:   0
MIN  0 OR BELOW:   0    1.00 INCH OR MORE:   0

[HDD (BASE 65) ]
TOTAL THIS MO.    10    CLEAR  (SCALE 0-3)  11
DPTR FM NORMAL   -13    PTCLDY (SCALE 4-7)  11
TOTAL FM JUL 1    11    CLOUDY (SCALE 8-10)  1
DPTR FM NORMAL   -56

[CDD (BASE 65) ]
TOTAL THIS MO.    69
DPTR FM NORMAL     8    [PRESSURE DATA]
TOTAL FM JAN 1   429    HIGHEST SLP M ON M
DPTR FM NORMAL   201    LOWEST  SLP 29.72 ON  5

[REMARKS]
