465
CXUS55 KLOX 221655
CF6SDB
PRELIMINARY LOCAL CLIMATOLOGICAL DATA (WS FORM: F-6)

                                          STATION:   SANDBERG CA
                                          MONTH:     FEBRUARY
                                          YEAR:      2017
                                          LATITUDE:   34 45 N
                                          LONGITUDE: 118 44 W

  TEMPERATURE IN F:       :PCPN:    SNOW:  WIND      :SUNSHINE: SKY     :PK WND
================================================================================
1   2   3   4   5  6A  6B    7    8   9   10  11  12  13   14  15   16   17  18
                                     12Z  AVG MX 2MIN
DY MAX MIN AVG DEP HDD CDD  WTR  SNW DPTH SPD SPD DIR MIN PSBL S-S WX    SPD DR
================================================================================

 1  60  42  51   8  14   0 0.00  0.0    0 16.5 26 200   M    M   0        33 200
 2  55  40  48   5  17   0 0.03    M    0 13.7 25 180   M    M   4 12     31 190
 3  50  43  47   4  18   0 0.04    M    0 10.5 21 180   M    M   9 12     26 180
 4  52  41  47   4  18   0 0.00  0.0    0 14.5 25 330   M    M   2 12     29 330
 5  54  42  48   5  17   0 0.01    M    0 12.6 28 200   M    M   4 128    41 210
 6  50  41  46   3  19   0 0.12    M    0 18.4 32 200   M    M  10 12     42 210
 7  54  45  50   7  15   0 0.02    M    0 15.0 29 210   M    M  10 12     40 180
 8  63  49  56  13   9   0 0.00  0.0    0  9.4 22 350   M    M   4 12     26 350
 9  69  52  61  18   4   0 0.00  0.0    0 12.2 21 200   M    M   0        27 200
10  56  48  52   9  13   0 0.37    M    0 11.0 21 180   M    M   8 12     28 180
11  48  39  44   1  21   0 0.30    M    0 16.7 32 330   M    M   9 128    38 340
12  58  39  49   5  16   0 0.00  0.0    0 14.5 29  70   M    M   2 12     36  70
13  63  46  55  11  10   0 0.00  0.0    0  8.2 15 350   M    M   0        19  70
14  64  49  57  13   8   0 0.00  0.0    0  9.4 21  80   M    M   0        26  70
15  66  50  58  14   7   0 0.00  0.0    M  6.8 18  80   M    M   0        22  70
16  60  46  53   9  12   0 0.08    M    0 12.9 28 330   M    M   5 12     34 350
17  46  39  43  -1  22   0 3.86    M    0 26.5 54 180   M    M  10 12     71 170
18  50  39  45   1  20   0 0.25    M    0 11.4 31 330   M    M   8 12     34 330
19  45  37  41  -3  24   0 0.11    M    0 16.4 26 180   M    M   9 12     37 190
20  48  41  45   1  20   0 0.01    M    0 19.1 32 180   M    M  10 12     44 170
21  50  42  46   2  19   0 0.00  0.0    0 12.5 23 180   M    M  10 12     30 190
================================================================================
SM 1161  910       323   0  5.20     0.0 288.2          M      114
================================================================================
AV 55.3 43.3                              13.7 FASTST   M    M   5    MAX(MPH)
                                 MISC ---->  # 54 180               # 71  170
================================================================================
NOTES:
# LAST OF SEVERAL OCCURRENCES

COLUMN 17 PEAK WIND IN M.P.H.

PRELIMINARY LOCAL CLIMATOLOGICAL DATA (WS FORM: F-6) , PAGE 2

                                          STATION:  SANDBERG CA
                                          MONTH:    FEBRUARY
                                          YEAR:     2017
                                          LATITUDE:   34 45 N
                                          LONGITUDE: 118 44 W

[TEMPERATURE DATA]      [PRECIPITATION DATA]       SYMBOLS USED IN COLUMN 16

AVERAGE MONTHLY: 49.3   TOTAL FOR MONTH:   5.20    1 = FOG OR MIST
DPTR FM NORMAL:   5.8   DPTR FM NORMAL:    2.90    2 = FOG REDUCING VISIBILITY
HIGHEST:    69 ON  9    GRTST 24HR  4.02 ON 17-18      TO 1/4 MILE OR LESS
LOWEST:     37 ON 19                               3 = THUNDER
                        SNOW, ICE PELLETS, HAIL    4 = ICE PELLETS
                        TOTAL MONTH:   0.0 INCH    5 = HAIL
                        GRTST 24HR     0.0         6 = FREEZING RAIN OR DRIZZLE
                        GRTST DEPTH:   0           7 = DUSTSTORM OR SANDSTORM:
                                                       VSBY 1/2 MILE OR LESS
                                                   8 = SMOKE OR HAZE
[NO. OF DAYS WITH]      [WEATHER - DAYS WITH]      9 = BLOWING SNOW
                                                   X = TORNADO
MAX 32 OR BELOW:   0    0.01 INCH OR MORE:  12
MAX 90 OR ABOVE:   0    0.10 INCH OR MORE:   6
MIN 32 OR BELOW:   0    0.50 INCH OR MORE:   1
MIN  0 OR BELOW:   0    1.00 INCH OR MORE:   1

[HDD (BASE 65) ]
TOTAL THIS MO.   323    CLEAR  (SCALE 0-3)   7
DPTR FM NORMAL  -130    PTCLDY (SCALE 4-7)   5
TOTAL FM JUL 1  2070    CLOUDY (SCALE 8-10)  9
DPTR FM NORMAL  -548

[CDD (BASE 65) ]
TOTAL THIS MO.     0
DPTR FM NORMAL     0    [PRESSURE DATA]
TOTAL FM JAN 1     0    HIGHEST SLP M ON M
DPTR FM NORMAL     0    LOWEST  SLP 29.72 ON 19

[REMARKS]
