000
CXUS53 KLMK 230800
CF6SDF
PRELIMINARY LOCAL CLIMATOLOGICAL DATA (WS FORM: F-6)

                                          STATION:   LOUISVILLE KY
                                          MONTH:     SEPTEMBER
                                          YEAR:      2014
                                          LATITUDE:   38 10 N
                                          LONGITUDE:  85 44 W

  TEMPERATURE IN F:       :PCPN:    SNOW:  WIND      :SUNSHINE: SKY     :PK WND
================================================================================
1   2   3   4   5  6A  6B    7    8   9   10  11  12  13   14  15   16   17  18
                                     12Z  AVG MX 2MIN
DY MAX MIN AVG DEP HDD CDD  WTR  SNW DPTH SPD SPD DIR MIN PSBL S-S WX    SPD DR
================================================================================

 1  89  75  82   6   0  17 0.05  0.0    0 11.3 24 200   M    M   6        31 210
 2  89  70  80   4   0  15 0.31  0.0    0  9.0 21 320   M    M   8 13     27 320
 3  90  72  81   5   0  16 0.00  0.0    0  4.2  9  90   M    M   7 12     12 100
 4  92  71  82   7   0  17 0.00  0.0    0  5.1 12 220   M    M   2 18     13 270
 5  93  74  84   9   0  19 0.00  0.0    0  6.2 14 190   M    M   4        19 190
 6  87  69  78   3   0  13 0.01  0.0    0  8.1 23 360   M    M   8        30 360
 7  82  62  72  -2   0   7 0.00  0.0    0  8.3 17  80   M    M   3        24  70
 8  85  59  72  -2   0   7 0.00  0.0    0  4.4 12  90   M    M   1        16  80
 9  85  62  74   0   0   9 0.00  0.0    0  4.1 12 170   M    M   5        13 170
10  86  70  78   5   0  13 0.01  0.0    0 13.0 23 180   M    M   9        29 190
11  79  60  70  -3   0   5 2.93  0.0    0  9.2 21 320   M    M   9 13     25 260
12  69  60  65  -8   0   0 0.00  0.0    0  8.9 14  10   M    M  10        23  50
13  68  55  62 -10   3   0 0.00  0.0    0  7.8 18 360   M    M   7        25 330
14  75  50  63  -9   2   0 0.00  0.0    0  3.3  8 240   M    M   4        12  90
15  76  53  65  -6   0   0    T  0.0    0  4.1 15  30   M    M   6        18  20
16  71  56  64  -7   1   0    T  0.0    0  8.8 16 350   M    M   7 1      20 350
17  73  53  63  -8   2   0 0.00  0.0    0  3.6 10 300   M    M   5 18     13 330
18  76  56  66  -4   0   1 0.00  0.0    0  6.9 16  70   M    M   5 8      21  60
19  80  54  67  -3   0   2 0.00  0.0    0  6.5 14 120   M    M   2        26 100
20  84  62  73   4   0   8 0.00  0.0    0  8.9 18 240   M    M   7        26 220
21  82  60  71   2   0   6 0.00  0.0    0 13.3 23 350   M    M   5        33 280
22  70  54  62  -6   3   0 0.00  0.0    0  7.9 18 360   M    M   1        20 360
================================================================================
SM 1781 1357        11 155  3.31     0.0 162.9          M      121
================================================================================
AV 81.0 61.7                               7.4 FASTST   M    M   6    MAX(MPH)
                                 MISC ---->  # 24 200               # 33  280
================================================================================
NOTES:
# LAST OF SEVERAL OCCURRENCES

COLUMN 17 PEAK WIND IN M.P.H.

PRELIMINARY LOCAL CLIMATOLOGICAL DATA (WS FORM: F-6) , PAGE 2

                                          STATION:  LOUISVILLE KY
                                          MONTH:    SEPTEMBER
                                          YEAR:     2014
                                          LATITUDE:   38 10 N
                                          LONGITUDE:  85 44 W

[TEMPERATURE DATA]      [PRECIPITATION DATA]       SYMBOLS USED IN COLUMN 16

AVERAGE MONTHLY: 71.3   TOTAL FOR MONTH:   3.31    1 = FOG OR MIST
DPTR FM NORMAL:  -1.3   DPTR FM NORMAL:    1.13    2 = FOG REDUCING VISIBILITY
HIGHEST:    93 ON  5    GRTST 24HR  2.94 ON 10-11      TO 1/4 MILE OR LESS
LOWEST:     50 ON 14                               3 = THUNDER
                        SNOW, ICE PELLETS, HAIL    4 = ICE PELLETS
                        TOTAL MONTH:   0.0 INCH    5 = HAIL
                        GRTST 24HR     0.0         6 = FREEZING RAIN OR DRIZZLE
                        GRTST DEPTH:   0           7 = DUSTSTORM OR SANDSTORM:
                                                       VSBY 1/2 MILE OR LESS
                                                   8 = SMOKE OR HAZE
[NO. OF DAYS WITH]      [WEATHER - DAYS WITH]      9 = BLOWING SNOW
                                                   X = TORNADO
MAX 32 OR BELOW:   0    0.01 INCH OR MORE:   5
MAX 90 OR ABOVE:   3    0.10 INCH OR MORE:   2
MIN 32 OR BELOW:   0    0.50 INCH OR MORE:   1
MIN  0 OR BELOW:   0    1.00 INCH OR MORE:   1

[HDD (BASE 65) ]
TOTAL THIS MO.    11    CLEAR  (SCALE 0-3)   5
DPTR FM NORMAL     2    PTCLDY (SCALE 4-7)  14
TOTAL FM JUL 1    11    CLOUDY (SCALE 8-10)  3
DPTR FM NORMAL     2

[CDD (BASE 65) ]
TOTAL THIS MO.   155
DPTR FM NORMAL   -24    [PRESSURE DATA]
TOTAL FM JAN 1  1547    HIGHEST SLP M ON M
DPTR FM NORMAL    11    LOWEST  SLP 29.83 ON M

[REMARKS]
