000
CXUS53 KLMK 270800
CF6SDF
PRELIMINARY LOCAL CLIMATOLOGICAL DATA (WS FORM: F-6)

                                          STATION:   LOUISVILLE KY
                                          MONTH:     AUGUST
                                          YEAR:      2016
                                          LATITUDE:   38 10 N
                                          LONGITUDE:  85 44 W

  TEMPERATURE IN F:       :PCPN:    SNOW:  WIND      :SUNSHINE: SKY     :PK WND
================================================================================
1   2   3   4   5  6A  6B    7    8   9   10  11  12  13   14  15   16   17  18
                                     12Z  AVG MX 2MIN
DY MAX MIN AVG DEP HDD CDD  WTR  SNW DPTH SPD SPD DIR MIN PSBL S-S WX    SPD DR
================================================================================

 1  88  73  81   2   0  16 0.25  0.0    0  4.2 15 150   M    M   8 138    17 290
 2  89  74  82   3   0  17 0.00  0.0    0  3.6 10  20   M    M   8 18     14  40
 3  91  73  82   3   0  17    T  0.0    0  2.3  9 270   M    M   6 18     13 190
 4  91  74  83   4   0  18 0.75  0.0    0  4.2 22 270   M    M   6 138    26 270
 5  91  74  83   4   0  18 0.27  0.0    0  4.8 24 310   M    M   5 138    35 310
 6  89  74  82   3   0  17 0.00  0.0    0  5.9 15 360   M    M   7 18     18  20
 7  89  69  79   0   0  14 0.00  0.0    0  5.6 15  60   M    M   5        20  50
 8  90  68  79   0   0  14 0.00  0.0    0  7.9 16  60   M    M   4        21  60
 9  91  76  84   5   0  19 0.27  0.0    0  5.2 14 200   M    M   6 13     19 210
10  92  76  84   5   0  19 0.00  0.0    0  7.3 16 170   M    M   7        21 170
11  92  79  86   7   0  21 0.00  0.0    0  8.8 18 170   M    M   5        23 180
12  92  78  85   6   0  20    T  0.0    0  8.4 21 170   M    M   5 3      26 170
13  86  76  81   2   0  16    T  0.0    0 10.3 21 190   M    M   8        26 190
14  87  75  81   2   0  16 0.43  0.0    0  6.8 28 270   M    M   8 13     35 270
15  92  72  82   3   0  17 1.30  0.0    0  8.3 21 180   M    M   9 13     25 170
16  84  76  80   1   0  15 0.01  0.0    0  9.7 21 250   M    M   8        26 250
17  82  74  78  -1   0  13 0.71  0.0    0  6.5 13 280   M    M   9 1      16 250
18  85  74  80   1   0  15    T  0.0    0  4.6 12 230   M    M   9 18     13 190
19  88  74  81   3   0  16 0.00  0.0    0  6.3 13 210   M    M   7 18     16 230
20  84  73  79   1   0  14 1.69  0.0    0  8.6 22 250   M    M   8 13     29 260
21  83  67  75  -3   0  10    T  0.0    0  8.3 16 290   M    M   5        21 310
22  83  63  73  -5   0   8 0.00  0.0    0  2.2  8 150   M    M   3        11 360
23  85  64  75  -3   0  10 0.00  0.0    0  4.5 13 160   M    M   5        16 180
24  92  71  82   4   0  17    T  0.0    0  9.4 20 190   M    M   7        24 220
25  93  78  86   8   0  21 0.00  0.0    0  8.2 17 250   M    M   3        22 250
26  93  74  84   6   0  19 0.00  0.0    0  3.3 10 140   M    M   6        13 120
================================================================================
SM 2302 1899         0 417  5.68     0.0 165.2          M      167
================================================================================
AV 88.5 73.0                               6.4 FASTST   M    M   6    MAX(MPH)
                                 MISC ---->  # 28 270               # 35  310
================================================================================
NOTES:
# LAST OF SEVERAL OCCURRENCES

COLUMN 17 PEAK WIND IN M.P.H.

PRELIMINARY LOCAL CLIMATOLOGICAL DATA (WS FORM: F-6) , PAGE 2

                                          STATION:  LOUISVILLE KY
                                          MONTH:    AUGUST
                                          YEAR:     2016
                                          LATITUDE:   38 10 N
                                          LONGITUDE:  85 44 W

[TEMPERATURE DATA]      [PRECIPITATION DATA]       SYMBOLS USED IN COLUMN 16

AVERAGE MONTHLY: 80.8   TOTAL FOR MONTH:   5.68    1 = FOG OR MIST
DPTR FM NORMAL:   2.1   DPTR FM NORMAL:    2.80    2 = FOG REDUCING VISIBILITY
HIGHEST:    93 ON 26,25 GRTST 24HR  1.73 ON 14-15      TO 1/4 MILE OR LESS
LOWEST:     63 ON 22                               3 = THUNDER
                        SNOW, ICE PELLETS, HAIL    4 = ICE PELLETS
                        TOTAL MONTH:   0.0 INCH    5 = HAIL
                        GRTST 24HR     0.0         6 = FREEZING RAIN OR DRIZZLE
                        GRTST DEPTH:   0           7 = DUSTSTORM OR SANDSTORM:
                                                       VSBY 1/2 MILE OR LESS
                                                   8 = SMOKE OR HAZE
[NO. OF DAYS WITH]      [WEATHER - DAYS WITH]      9 = BLOWING SNOW
                                                   X = TORNADO
MAX 32 OR BELOW:   0    0.01 INCH OR MORE:   9
MAX 90 OR ABOVE:  12    0.10 INCH OR MORE:   8
MIN 32 OR BELOW:   0    0.50 INCH OR MORE:   4
MIN  0 OR BELOW:   0    1.00 INCH OR MORE:   2

[HDD (BASE 65) ]
TOTAL THIS MO.     0    CLEAR  (SCALE 0-3)   1
DPTR FM NORMAL     0    PTCLDY (SCALE 4-7)  21
TOTAL FM JUL 1     0    CLOUDY (SCALE 8-10)  4
DPTR FM NORMAL     0

[CDD (BASE 65) ]
TOTAL THIS MO.   417
DPTR FM NORMAL    61    [PRESSURE DATA]
TOTAL FM JAN 1  1514    HIGHEST SLP M ON M
DPTR FM NORMAL   217    LOWEST  SLP 29.76 ON 20

[REMARKS]
