000
CXUS52 KMLB 250649
CF6SFB
PRELIMINARY LOCAL CLIMATOLOGICAL DATA (WS FORM: F-6)

                                          STATION:   SANFORD
                                          MONTH:     FEBRUARY
                                          YEAR:      2017
                                          LATITUDE:   28 46 N
                                          LONGITUDE:  81 15 W

  TEMPERATURE IN F:       :PCPN:    SNOW:  WIND      :SUNSHINE: SKY     :PK WND
================================================================================
1   2   3   4   5  6A  6B    7    8   9   10  11  12  13   14  15   16   17  18
                                     12Z  AVG MX 2MIN
DY MAX MIN AVG DEP HDD CDD  WTR  SNW DPTH SPD SPD DIR MIN PSBL S-S WX    SPD DR
================================================================================

 1  75  44  60  -1   5   0 0.00  0.0    0  3.1  9 300   M    M   1 1      14 170
 2  78  48  63   2   2   0 0.00  0.0    0  1.6 12 240   M    M   1        13 230
 3  80  54  67   6   0   2 0.00  0.0    0  3.9 13 290   M    M   2 1      19 290
 4  74  57  66   5   0   1 0.00  0.0    0  9.5 17  20   M    M   5        21  10
 5  74  53  64   2   1   0 0.00  0.0    0  5.5 13 340   M    M   5 1      16 340
 6  80  49  65   3   0   0 0.00  0.0    0  3.5 14 110   M    M   3 12     17 130
 7  83  56  70   8   0   5    T  0.0    0  6.4 16 130   M    M   3 13     23 210
 8  84  60  72  10   0   7 0.41  0.0    0 10.7 23 290   M    M   6 13     29 300
 9  82  58  70   8   0   5    T  0.0    0 12.6 23 310   M    M   3        30 300
10  71  49  60  -2   5   0 0.00  0.0    0  8.6 17 360   M    M   0        23 360
11  80  49  65   3   0   0 0.00  0.0    0  3.6 12 220   M    M   0        14 180
12  82  54  68   6   0   3 0.00  0.0    0  6.3 16 280   M    M   0        20 290
13  76  60  68   6   0   3 0.00  0.0    0  8.3 14  60   M    M   4        21  10
14  82  56  69   7   0   4 0.00  0.0    0  5.3 14 270   M    M   3        18 270
15  82  63  73  10   0   8    T  0.0    0 15.6 32 240   M    M   5 3      41 240
16  71  50  61  -2   4   0    T  0.0    0  9.0 25 290   M    M   3        34 290
17  76  43  60  -3   5   0 0.00  0.0    0  3.6 12 200   M    M   0        15 210
18  80  52  66   3   0   1    T  0.0    0  6.2 18 170   M    M   3        23 170
19  80  60  70   7   0   5 0.01  0.0    0  6.0 15 350   M    M   4        20 350
20  82  54  68   5   0   3 0.00  0.0    0  4.0 16  80   M    M   2 12     20  80
21  79  58  69   6   0   4 0.00  0.0    0  6.4 21 140   M    M   3 1      26 140
22  69  63  66   3   0   1 1.37  0.0    0  7.5 21 130   M    M   7 1      26 130
23  76  64  70   6   0   5 0.23  0.0    0 10.5 28  20   M    M   7 1      36  10
24  82  64  73   9   0   8 0.00  0.0    0  8.3 15  60   M    M   6 12     23 100
================================================================================
SM 1878 1318        22  65  2.02     0.0 166.0          M       76
================================================================================
AV 78.3 54.9                               6.9 FASTST   M    M   3    MAX(MPH)
                                 MISC ---->  # 32 240               # 41  240
================================================================================
NOTES:
# LAST OF SEVERAL OCCURRENCES

COLUMN 17 PEAK WIND IN M.P.H.

PRELIMINARY LOCAL CLIMATOLOGICAL DATA (WS FORM: F-6) , PAGE 2

                                          STATION:  SANFORD
                                          MONTH:    FEBRUARY
                                          YEAR:     2017
                                          LATITUDE:   28 46 N
                                          LONGITUDE:  81 15 W

[TEMPERATURE DATA]      [PRECIPITATION DATA]       SYMBOLS USED IN COLUMN 16

AVERAGE MONTHLY: 66.6   TOTAL FOR MONTH:   2.02    1 = FOG OR MIST
DPTR FM NORMAL:   4.3   DPTR FM NORMAL:   -0.02    2 = FOG REDUCING VISIBILITY
HIGHEST:    84 ON  8    GRTST 24HR  1.55 ON 22-23      TO 1/4 MILE OR LESS
LOWEST:     43 ON 17                               3 = THUNDER
                        SNOW, ICE PELLETS, HAIL    4 = ICE PELLETS
                        TOTAL MONTH:   0.0 INCH    5 = HAIL
                        GRTST 24HR     0.0         6 = FREEZING RAIN OR DRIZZLE
                        GRTST DEPTH:   0           7 = DUSTSTORM OR SANDSTORM:
                                                       VSBY 1/2 MILE OR LESS
                                                   8 = SMOKE OR HAZE
[NO. OF DAYS WITH]      [WEATHER - DAYS WITH]      9 = BLOWING SNOW
                                                   X = TORNADO
MAX 32 OR BELOW:   0    0.01 INCH OR MORE:   4
MAX 90 OR ABOVE:   0    0.10 INCH OR MORE:   3
MIN 32 OR BELOW:   0    0.50 INCH OR MORE:   1
MIN  0 OR BELOW:   0    1.00 INCH OR MORE:   1

[HDD (BASE 65) ]
TOTAL THIS MO.    22    CLEAR  (SCALE 0-3)  12
DPTR FM NORMAL   -86    PTCLDY (SCALE 4-7)  12
TOTAL FM JUL 1   186    CLOUDY (SCALE 8-10)  0
DPTR FM NORMAL  -325

[CDD (BASE 65) ]
TOTAL THIS MO.    65
DPTR FM NORMAL    24    [PRESSURE DATA]
TOTAL FM JAN 1   160    HIGHEST SLP M ON M
DPTR FM NORMAL    77    LOWEST  SLP 29.58 ON 23

[REMARKS]
