000
CXUS52 KMLB 290658
CF6SFB
PRELIMINARY LOCAL CLIMATOLOGICAL DATA (WS FORM: F-6)

                                          STATION:   SANFORD
                                          MONTH:     MAY
                                          YEAR:      2017
                                          LATITUDE:   28 46 N
                                          LONGITUDE:  81 15 W

  TEMPERATURE IN F:       :PCPN:    SNOW:  WIND      :SUNSHINE: SKY     :PK WND
================================================================================
1   2   3   4   5  6A  6B    7    8   9   10  11  12  13   14  15   16   17  18
                                     12Z  AVG MX 2MIN
DY MAX MIN AVG DEP HDD CDD  WTR  SNW DPTH SPD SPD DIR MIN PSBL S-S WX    SPD DR
================================================================================

 1  95  73  84  10   0  19    T  0.0    0 12.0 22 130   M    M   4 3      26 130
 2  86  68  77   3   0  12 0.10  0.0    0  7.6 17  70   M    M   5 138    22  90
 3  89  66  78   3   0  13 0.00  0.0    0  7.3 21 120   M    M   2 12     26 140
 4  93  65  79   4   0  14    T  0.0    0  9.9 22 150   M    M   3 3      26 260
 5  80  67  74  -1   0   9 0.24  0.0    0 13.3 26 260   M    M   5 13     36 230
 6  81  56  69  -6   0   4    T  0.0    0 14.1 28 280   M    M   1        35 280
 7  87  53  70  -6   0   5 0.00  0.0    0  6.5 16 280   M    M   0        19 290
 8  91  63  77   1   0  12 0.00  0.0    0  6.7 20  60   M    M   0        23  60
 9  90  61  76   0   0  11 0.00  0.0    0  5.3 16 100   M    M   0        23 150
10  95  65  80   4   0  15 0.00  0.0    0  4.5 16  90   M    M   0        19  90
11  97  66  82   6   0  17 0.00  0.0    0  8.6 21 280   M    M   0        25 280
12  95  68  82   6   0  17 0.00  0.0    0  9.6 21 260   M    M   0        27 280
13  81  68  75  -2   0  10 0.62  0.0    0  8.8 29 310   M    M   0 13     35 320
14  87  66  77   0   0  12 0.00  0.0    0  7.8 18  60   M    M   3 12     23  30
15  90  68  79   2   0  14 0.00  0.0    0  7.3 18  80   M    M   2        24  80
16  90  68  79   2   0  14 0.00  0.0    0  8.6 20  80   M    M   1        25 110
17  91  69  80   2   0  15 0.00  0.0    0 10.0 23  90   M    M   2 1      32 130
18  90  70  80   2   0  15 0.00  0.0    0 11.1 20  90   M    M   1        27 120
19  93  72  83   5   0  18 0.00  0.0    0 11.3 22 120   M    M   3        27 120
20  95  74  85   7   0  20 0.00  0.0    0  9.0 20 100   M    M   1        25 100
21  91  71  81   3   0  16 0.00  0.0    0  7.0 17 130   M    M   2 8      24 120
22  93  72  83   5   0  18 0.80  0.0    0  5.8 18 120   M    M   4 13     22 120
23  91  73  82   3   0  17    T  0.0    0 10.4 25 230   M    M   2 3      34 230
24  92  73  83   4   0  18 0.35  0.0    0 13.6 37 240   M    M   5 13     56 230
25  87  65  76  -3   0  11    T  0.0    0 11.4 23 240   M    M   3        31 240
26  90  60  75  -4   0  10 0.00  0.0    0  6.4 18 300   M    M   0        22 290
27  95  63  79   0   0  14 0.00  0.0    0  5.1 15 280   M    M   0 18     21 250
28  95  65  80   0   0  15 0.00  0.0    0  7.9 18 280   M    M   1        23 280
================================================================================
SM 2530 1868         0 385  2.11     0.0 246.9          M       50
================================================================================
AV 90.4 66.7                               8.8 FASTST   M    M   2    MAX(MPH)
                                 MISC ---->  # 37 240               # 56  230
================================================================================
NOTES:
# LAST OF SEVERAL OCCURRENCES

COLUMN 17 PEAK WIND IN M.P.H.

PRELIMINARY LOCAL CLIMATOLOGICAL DATA (WS FORM: F-6) , PAGE 2

                                          STATION:  SANFORD
                                          MONTH:    MAY
                                          YEAR:     2017
                                          LATITUDE:   28 46 N
                                          LONGITUDE:  81 15 W

[TEMPERATURE DATA]      [PRECIPITATION DATA]       SYMBOLS USED IN COLUMN 16

AVERAGE MONTHLY: 78.5   TOTAL FOR MONTH:   2.11    1 = FOG OR MIST
DPTR FM NORMAL:   1.6   DPTR FM NORMAL:   -0.56    2 = FOG REDUCING VISIBILITY
HIGHEST:    97 ON 11    GRTST 24HR  0.80 ON 22-22      TO 1/4 MILE OR LESS
LOWEST:     53 ON  7                               3 = THUNDER
                        SNOW, ICE PELLETS, HAIL    4 = ICE PELLETS
                        TOTAL MONTH:   0.0 INCH    5 = HAIL
                        GRTST 24HR     0.0         6 = FREEZING RAIN OR DRIZZLE
                        GRTST DEPTH:   0           7 = DUSTSTORM OR SANDSTORM:
                                                       VSBY 1/2 MILE OR LESS
                                                   8 = SMOKE OR HAZE
[NO. OF DAYS WITH]      [WEATHER - DAYS WITH]      9 = BLOWING SNOW
                                                   X = TORNADO
MAX 32 OR BELOW:   0    0.01 INCH OR MORE:   5
MAX 90 OR ABOVE:  20    0.10 INCH OR MORE:   5
MIN 32 OR BELOW:   0    0.50 INCH OR MORE:   2
MIN  0 OR BELOW:   0    1.00 INCH OR MORE:   0

[HDD (BASE 65) ]
TOTAL THIS MO.     0    CLEAR  (SCALE 0-3)  21
DPTR FM NORMAL     0    PTCLDY (SCALE 4-7)   7
TOTAL FM JUL 1   243    CLOUDY (SCALE 8-10)  0
DPTR FM NORMAL  -355

[CDD (BASE 65) ]
TOTAL THIS MO.   385
DPTR FM NORMAL    48    [PRESSURE DATA]
TOTAL FM JAN 1   997    HIGHEST SLP M ON M
DPTR FM NORMAL   248    LOWEST  SLP 29.64 ON 24

[REMARKS]
