000
CXUS56 KOTX 251500
CF6SFF
PRELIMINARY LOCAL CLIMATOLOGICAL DATA (WS FORM: F-6)

                                          STATION:   SPOKANE WA FELTS AIRPORT
                                          MONTH:     SEPTEMBER
                                          YEAR:      2016
                                          LATITUDE:   47 40 N
                                          LONGITUDE: 117 20 W

  TEMPERATURE IN F:       :PCPN:    SNOW:  WIND      :SUNSHINE: SKY     :PK WND
================================================================================
1   2   3   4   5  6A  6B    7    8   9   10  11  12  13   14  15   16   17  18
                                     12Z  AVG MX 2MIN
DY MAX MIN AVG DEP HDD CDD  WTR  SNW DPTH SPD SPD DIR MIN PSBL S-S WX    SPD DR
================================================================================

 1  76  56  66   0   0   1    T    M    M  8.8 17 220   M    M   3        24 250
 2  71  52  62  -3   3   0 0.16    M    M  7.2 21 210   M    M   8 13     32 260
 3  68  45  57  -8   8   0 0.00    M    M  2.0  8 200   M    M   3 1      12 210
 4  74  42  58  -7   7   0 0.00    M    M  2.3  9 340   M    M   2        16 280
 5  73  45  59  -5   6   0 0.00    M    M  6.0 20 220   M    M   2        24 220
 6  61  51  56  -8   9   0 0.01    M    M  5.6 15 230   M    M   9 8      18 200
 7  73  52  63  -1   2   0 0.01    M    M  4.1 18 230   M    M   8        22 230
 8  74  46  60  -3   5   0 0.00    M    M  6.1 21 350   M    M   2        30  10
 9  74  41  58  -5   7   0 0.00    M    M  2.7 12 220   M    M   0 1      13 220
10  83  47  65   2   0   0 0.00    M    M  6.9 22 210   M    M   0 8      27 220
11  74  52  63   1   2   0 0.00    M    M  6.2 23  50   M    M   1        30  60
12  68  46  57  -5   8   0 0.00    M    M  9.7 24  80   M    M   0        30  80
13  74  37  56  -6   9   0 0.00    M    M  2.0 12 120   M    M   0 8      16 120
14  79  38  59  -2   6   0 0.00    M    M  1.7 10 240   M    M   0 8      14 250
15  80  44  62   1   3   0 0.00    M    M  2.4  9 210   M    M   0        13 240
16  84  47  66   6   0   1 0.00    M    M  3.6 20 220   M    M   0 8      23 230
17  70  56  63   3   2   0 0.16    M    M  8.4 21 220   M    M   7 18     28 220
18  70  49  60   0   5   0 0.00    M    M  6.1 22 230   M    M   2        26 230
19  68  47  58  -1   7   0 0.00    M    M  6.7 18 200   M    M   3        23 220
20  68  44  56  -3   9   0 0.00    M    M  1.6  8 140   M    M   1 8      11 150
21  69  42  56  -3   9   0 0.00    M    M  2.6 14  70   M    M   3 18     18  70
22  68  52  60   2   5   0 0.00    M    M  3.0 13  80   M    M   9 8      15 120
23  67  46  57  -1   8   0    T    M    M  6.0 21 230   M    M   6        27 220
24  68  45  57   0   8   0 0.00    M    M  4.3 15 240   M    M   2 8      19 240
================================================================================
SM 1734 1122       128   2  0.34    M    116.0          M       71
================================================================================
AV 72.3 46.8                               4.8 FASTST   M    M   3    MAX(MPH)
                                 MISC ---->  # 24  80               # 32  260
================================================================================
NOTES:
# LAST OF SEVERAL OCCURRENCES

COLUMN 17 PEAK WIND IN M.P.H.

PRELIMINARY LOCAL CLIMATOLOGICAL DATA (WS FORM: F-6) , PAGE 2

                                          STATION:  SPOKANE WA FELTS AIRPORT
                                          MONTH:    SEPTEMBER
                                          YEAR:     2016
                                          LATITUDE:   47 40 N
                                          LONGITUDE: 117 20 W

[TEMPERATURE DATA]      [PRECIPITATION DATA]       SYMBOLS USED IN COLUMN 16

AVERAGE MONTHLY: 59.5   TOTAL FOR MONTH:   0.34    1 = FOG OR MIST
DPTR FM NORMAL:  -2.2   DPTR FM NORMAL:   -0.30    2 = FOG REDUCING VISIBILITY
HIGHEST:    84 ON 16    GRTST 24HR  0.16 ON 17-17      TO 1/4 MILE OR LESS
LOWEST:     37 ON 13                               3 = THUNDER
                        SNOW, ICE PELLETS, HAIL    4 = ICE PELLETS
                        TOTAL MONTH:    M          5 = HAIL
                        GRTST 24HR    M  ON   M    6 = FREEZING RAIN OR DRIZZLE
                        GRTST DEPTH:  M  ON   M    7 = DUSTSTORM OR SANDSTORM:
                                                       VSBY 1/2 MILE OR LESS
                                                   8 = SMOKE OR HAZE
[NO. OF DAYS WITH]      [WEATHER - DAYS WITH]      9 = BLOWING SNOW
                                                   X = TORNADO
MAX 32 OR BELOW:   0    0.01 INCH OR MORE:   4
MAX 90 OR ABOVE:   0    0.10 INCH OR MORE:   2
MIN 32 OR BELOW:   0    0.50 INCH OR MORE:   0
MIN  0 OR BELOW:   0    1.00 INCH OR MORE:   0

[HDD (BASE 65) ]
TOTAL THIS MO.   128    CLEAR  (SCALE 0-3)  15
DPTR FM NORMAL    18    PTCLDY (SCALE 4-7)   6
TOTAL FM JUL 1   144    CLOUDY (SCALE 8-10)  3
DPTR FM NORMAL   -12

[CDD (BASE 65) ]
TOTAL THIS MO.     2
DPTR FM NORMAL   -27    [PRESSURE DATA]
TOTAL FM JAN 1   473    HIGHEST SLP M ON M
DPTR FM NORMAL    68    LOWEST  SLP  0.00 ON M

[REMARKS]
