000
CXUS54 KHGX 161415
CF6SGR
PRELIMINARY LOCAL CLIMATOLOGICAL DATA (WS FORM: F-6)

                                          STATION:   SUGARLAND/HULL FLD
                                          MONTH:     SEPTEMBER
                                          YEAR:      2014
                                          LATITUDE:   29 37 N
                                          LONGITUDE:  95 39 W

  TEMPERATURE IN F:       :PCPN:    SNOW:  WIND      :SUNSHINE: SKY     :PK WND
================================================================================
1   2   3   4   5  6A  6B    7    8   9   10  11  12  13   14  15   16   17  18
                                     12Z  AVG MX 2MIN
DY MAX MIN AVG DEP HDD CDD  WTR  SNW DPTH SPD SPD DIR MIN PSBL S-S WX    SPD DR
================================================================================

 1  93  75  84   2   0  19 0.06  0.0    0  7.4 18 130   M    M   2 13     22 130
 2  93  79  86   4   0  21    T  0.0    0 10.3 22 140   M    M   2        27 150
 3  93  76  85   3   0  20 0.00  0.0    0  8.4 20 120   M    M   2 3      24 120
 4  91  78  85   3   0  20 0.24  0.0    0  7.3 18 190   M    M   1 13     23 170
 5  92  77  85   4   0  20 0.06  0.0    0  5.7 18 160   M    M   2 3      22 120
 6  95  76  86   5   0  21 0.00  0.0    0  3.2 24 150   M    M   1 13     30 150
 7  91  73  82   1   0  17 1.22  0.0    0  3.5 24 120   M    M   1 13     32 120
 8  93  73  83   2   0  18 0.00  0.0    0  2.9 15 140   M    M   1 1      17 140
 9  93  74  84   4   0  19 0.00  0.0    0  5.4 16 170   M    M   1 1      19 180
10  95  77  86   6   0  21 0.00  0.0    0  9.2 18 160   M    M   2        22 170
11  97  76  87   7   0  22 0.00  0.0    0  5.5 21 160   M    M   1        23 150
12  90  76  83   3   0  18 0.09  0.0    0  5.0 15 340   M    M   5 13     30 330
13  79  70  75  -5   0  10 0.39  0.0    0 11.3 18  20   M    M  10 1      25  30
14  79  67  73  -6   0   8 0.00  0.0    0  6.0 13  40   M    M   9 1      17  60
15  91  69  80   1   0  15 0.00  0.0    0  5.4 12 110   M    M   3 1      17 120
================================================================================
SM 1365 1116         0 269  2.06     0.0  96.5          M       43
================================================================================
AV 91.0 74.4                               6.4 FASTST   M    M   3    MAX(MPH)
                                 MISC ---->  # 24 150               # 32  120
================================================================================
NOTES:
# LAST OF SEVERAL OCCURRENCES

COLUMN 17 PEAK WIND IN M.P.H.

PRELIMINARY LOCAL CLIMATOLOGICAL DATA (WS FORM: F-6) , PAGE 2

                                          STATION:  SUGARLAND/HULL FLD
                                          MONTH:    SEPTEMBER
                                          YEAR:     2014
                                          LATITUDE:   29 37 N
                                          LONGITUDE:  95 39 W

[TEMPERATURE DATA]      [PRECIPITATION DATA]       SYMBOLS USED IN COLUMN 16

AVERAGE MONTHLY: 82.7   TOTAL FOR MONTH:   2.06    1 = FOG OR MIST
DPTR FM NORMAL:   2.0   DPTR FM NORMAL:   -0.46    2 = FOG REDUCING VISIBILITY
HIGHEST:    97 ON 11    GRTST 24HR  1.22 ON  7- 7      TO 1/4 MILE OR LESS
LOWEST:     67 ON 14                               3 = THUNDER
                        SNOW, ICE PELLETS, HAIL    4 = ICE PELLETS
                        TOTAL MONTH:   0.0 INCH    5 = HAIL
                        GRTST 24HR     0.0         6 = FREEZING RAIN OR DRIZZLE
                        GRTST DEPTH:   0           7 = DUSTSTORM OR SANDSTORM:
                                                       VSBY 1/2 MILE OR LESS
                                                   8 = SMOKE OR HAZE
[NO. OF DAYS WITH]      [WEATHER - DAYS WITH]      9 = BLOWING SNOW
                                                   X = TORNADO
MAX 32 OR BELOW:   0    0.01 INCH OR MORE:   6
MAX 90 OR ABOVE:  13    0.10 INCH OR MORE:   3
MIN 32 OR BELOW:   0    0.50 INCH OR MORE:   1
MIN  0 OR BELOW:   0    1.00 INCH OR MORE:   1

[HDD (BASE 65) ]
TOTAL THIS MO.     0    CLEAR  (SCALE 0-3)  12
DPTR FM NORMAL     0    PTCLDY (SCALE 4-7)   1
TOTAL FM JUL 1     0    CLOUDY (SCALE 8-10)  2
DPTR FM NORMAL     0

[CDD (BASE 65) ]
TOTAL THIS MO.   269
DPTR FM NORMAL    35    [PRESSURE DATA]
TOTAL FM JAN 1  2595    HIGHEST SLP M ON M
DPTR FM NORMAL   123    LOWEST  SLP 29.80 ON 10

[REMARKS]
