000
CXUS54 KLZK 011130
CF6SGT
PRELIMINARY LOCAL CLIMATOLOGICAL DATA (WS FORM: F-6)

                                          STATION:   Stuttgart Airport
                                          MONTH:     APRIL
                                          YEAR:      2016
                                          LATITUDE:   34 35 N
                                          LONGITUDE:  91 34 W

  TEMPERATURE IN F:       :PCPN:    SNOW:  WIND      :SUNSHINE: SKY     :PK WND
================================================================================
1   2   3   4   5  6A  6B    7    8   9   10  11  12  13   14  15   16   17  18
                                     12Z  AVG MX 2MIN
DY MAX MIN AVG DEP HDD CDD  WTR  SNW DPTH SPD SPD DIR MIN PSBL S-S WX    SPD DR
================================================================================

 1  61  48  55  -2  10   0 0.00    M    M  9.4 16 320   M    M   1         M  M
 2  64  43  54  -4  11   0 0.00    M    M 10.7 15 310   M    M   0        21 250
 3  73  46  60   2   5   0 0.00    M    M  7.4 15 200   M    M   0        20 180
 4  81  50  66   8   0   1 0.00    M    M  9.0 17 230   M    M   1         M  M
 5  70  52  61   3   4   0 0.00    M    M 10.3 16  60   M    M   0        21  60
 6  72  52  62   3   3   0 0.00    M    M 14.7 28 210   M    M   2        37 220
 7  79  48  64   5   1   0 0.00    M    M 13.2 23 280   M    M   0        30 280
 8  70  45  58  -1   7   0 0.00    M    M 10.7 24 310   M    M   0        33 310
 9  66  45  56  -4   9   0 0.05    M    M  8.4 18  60   M    M   2        20  60
10  82  55  69   9   0   4 0.00    M    M 17.7 30 180   M    M   4        40 190
11  70  55  63   3   2   0 1.02    M    M 15.0 24 190   M    M   7 3      29  10
12  63  48  56  -5   9   0 0.00    M    M 12.8 20  40   M    M   1        31  40
13  59  48  54  -7  11   0 0.00    M    M  8.4 16  30   M    M   4         M  M
14  64  52  58  -3   7   0 0.00    M    M  8.2 12 360   M    M  10         M  M
15  66  59  63   1   2   0 0.00    M    M  9.2 15  90   M    M  10        18  90
16  68  61  65   3   0   0 0.00    M    M 11.0 17 120   M    M  10        21 120
17  79  59  69   7   0   4 0.00    M    M 11.0 17 120   M    M   2        23 130
18  77  61  69   7   0   4 0.00    M    M  8.2 15 160   M    M   2         M  M
19  66  57  62  -1   3   0 0.31    M    M  7.0 13 130   M    M  10         M  M
20  73  61  67   4   0   2 0.12    M    M  8.6 16 170   M    M   9        22 170
21  79  61  70   7   0   5 0.00    M    M  7.1 14 200   M    M   6         M  M
22  75  55  65   1   0   0 0.00    M    M  7.0 12 320   M    M   1         M  M
23  81  55  68   4   0   3 0.00    M    M  3.7  7 140   M    M   0         M  M
24  82  61  72   8   0   7 0.00    M    M  9.8 16 160   M    M   1        22 180
25  81  64  73   8   0   8 0.00    M    M 10.1 15 200   M    M   4         M  M
26  82  68  75  10   0  10 0.00    M    M 11.5 20 180   M    M   6        21 200
27  81  64  73   8   0   8 0.08    M    M 12.2 33 150   M    M   4 3      40 150
28  82  61  72   6   0   7 0.00    M    M  6.9 10  10   M    M   0         M  M
29  68  61  65  -1   0   0 2.38    M    M 14.4 29 140   M    M   6 3      36 140
30  81  64  73   7   0   8 1.70    M    M  8.5 21 200   M    M   4 3      28 200
================================================================================
SM 2195 1659        84  71  5.66    M    302.1          M      107
================================================================================
AV 73.2 55.3                              10.1 FASTST   M    M   4    MAX(MPH)
                                 MISC ---->    33   M                 40    M
================================================================================
NOTES:
# LAST OF SEVERAL OCCURRENCES

COLUMN 17 PEAK WIND IN M.P.H.

PRELIMINARY LOCAL CLIMATOLOGICAL DATA (WS FORM: F-6) , PAGE 2

                                          STATION:  Stuttgart Airport
                                          MONTH:    APRIL
                                          YEAR:     2016
                                          LATITUDE:   34 35 N
                                          LONGITUDE:  91 34 W

[TEMPERATURE DATA]      [PRECIPITATION DATA]       SYMBOLS USED IN COLUMN 16

AVERAGE MONTHLY: 64.2   TOTAL FOR MONTH:   5.66    1 = FOG OR MIST
DPTR FM NORMAL:   2.5   DPTR FM NORMAL:    0.69    2 = FOG REDUCING VISIBILITY
HIGHEST:    82 ON 28,26 GRTST 24HR  2.38 ON 29-29      TO 1/4 MILE OR LESS
LOWEST:     43 ON  2                               3 = THUNDER
                        SNOW, ICE PELLETS, HAIL    4 = ICE PELLETS
                        TOTAL MONTH:    M          5 = HAIL
                        GRTST 24HR    M  ON   M    6 = FREEZING RAIN OR DRIZZLE
                        GRTST DEPTH:  M  ON   M    7 = DUSTSTORM OR SANDSTORM:
                                                       VSBY 1/2 MILE OR LESS
                                                   8 = SMOKE OR HAZE
[NO. OF DAYS WITH]      [WEATHER - DAYS WITH]      9 = BLOWING SNOW
                                                   X = TORNADO
MAX 32 OR BELOW:   0    0.01 INCH OR MORE:   7
MAX 90 OR ABOVE:   0    0.10 INCH OR MORE:   5
MIN 32 OR BELOW:   0    0.50 INCH OR MORE:   3
MIN  0 OR BELOW:   0    1.00 INCH OR MORE:   3

[HDD (BASE 65) ]
TOTAL THIS MO.    84    CLEAR  (SCALE 0-3)  16
DPTR FM NORMAL   -73    PTCLDY (SCALE 4-7)   9
TOTAL FM JUL 1  2239    CLOUDY (SCALE 8-10)  5
DPTR FM NORMAL  -924

[CDD (BASE 65) ]
TOTAL THIS MO.    71
DPTR FM NORMAL    15    [PRESSURE DATA]
TOTAL FM JAN 1    89    HIGHEST SLP M ON M
DPTR FM NORMAL    26    LOWEST  SLP M ON M

[REMARKS]
#FINAL-04-16#
