000
CXUS54 KLZK 241130
CF6SGT
PRELIMINARY LOCAL CLIMATOLOGICAL DATA (WS FORM: F-6)

                                          STATION:   Stuttgart Airport
                                          MONTH:     JUNE
                                          YEAR:      2017
                                          LATITUDE:   34 35 N
                                          LONGITUDE:  91 34 W

  TEMPERATURE IN F:       :PCPN:    SNOW:  WIND      :SUNSHINE: SKY     :PK WND
================================================================================
1   2   3   4   5  6A  6B    7    8   9   10  11  12  13   14  15   16   17  18
                                     12Z  AVG MX 2MIN
DY MAX MIN AVG DEP HDD CDD  WTR  SNW DPTH SPD SPD DIR MIN PSBL S-S WX    SPD DR
================================================================================

 1  84  72  78   3   0  13 0.00  0.0    0  5.3 20 170   M    M   1        25 170
 2  81  68  75  -1   0  10 0.00  0.0    0  6.5 12 130   M    M   5         M  M
 3  88  70  79   3   0  14 0.00  0.0    0  6.4 10 320   M    M   5 3       M  M
 4  82  73  78   2   0  13 0.12  0.0    0  6.1 10 180   M    M   7         M  M
 5  82  72  77   1   0  12 0.05  0.0    0  7.5 13 350   M    M   6         M  M
 6  88  72  80   3   0  15 0.00  0.0    0 12.8 20 360   M    M   2        23  50
 7  82  63  73  -4   0   8 0.00  0.0    0 10.3 17  40   M    M   0        23  40
 8  79  61  70  -7   0   5 0.00  0.0    0  7.1 13  20   M    M   1        20  20
 9  84  59  72  -5   0   7 0.00  0.0    0  4.3 10 200   M    M   0         M  M
10  88  64  76  -2   0  11 0.00  0.0    0  9.3 16 180   M    M   0        20 190
11  86  70  78   0   0  13 0.00  0.0    0  9.1 15 170   M    M   4        21 170
12  90  75  83   5   0  18 0.01  0.0    0 10.9 15 170   M    M   6         M  M
13  90  72  81   3   0  16 0.00  0.0    0   M   M   M   M    M   4         M  M
14  88  73  81   2   0  16 0.00  0.0    0 11.0 16 200   M    M   2        22 200
15  90  70  80   1   0  15 0.29  0.0    0  6.6 12 210   M    M   2 3       M  M
16  93  73  83   4   0  18 0.00  0.0    0  9.3 15  90   M    M   2        21 140
17  90  72  81   2   0  16 0.00  0.0    0 10.6 17 180   M    M   2        18 200
18  88  72  80   0   0  15 0.31  0.0    0  7.8 15 230   M    M   4 3       M  M
19  84  66  75  -5   0  10 0.07  0.0    0  4.7 10  10   M    M   3         M  M
20  82  70  76  -4   0  11 0.00  0.0    0  6.2  9  60   M    M   0         M  M
21  86  72  79  -1   0  14 0.00  0.0    0  9.4 18  90   M    M   5        20  90
22  86  75  81   1   0  16 0.17  0.0    0 12.6 18 120   M    M   9        24 100
23  90  72  81   1   0  16 0.82  0.0    0 11.7 18 170   M    M   7 3      24 120
================================================================================
SM 1981 1606         0 302  1.84     0.0 185.5          M       77
================================================================================
AV 86.1 69.8                               8.4 FASTST   M    M   3    MAX(MPH)
                                 MISC ---->  # 20 170               # 25  170
================================================================================
NOTES:
# LAST OF SEVERAL OCCURRENCES

COLUMN 17 PEAK WIND IN M.P.H.

PRELIMINARY LOCAL CLIMATOLOGICAL DATA (WS FORM: F-6) , PAGE 2

                                          STATION:  Stuttgart Airport
                                          MONTH:    JUNE
                                          YEAR:     2017
                                          LATITUDE:   34 35 N
                                          LONGITUDE:  91 34 W

[TEMPERATURE DATA]      [PRECIPITATION DATA]       SYMBOLS USED IN COLUMN 16

AVERAGE MONTHLY: 78.0   TOTAL FOR MONTH:   1.84    1 = FOG OR MIST
DPTR FM NORMAL:  -0.1   DPTR FM NORMAL:   -0.72    2 = FOG REDUCING VISIBILITY
HIGHEST:    93 ON 16    GRTST 24HR  0.82 ON 23-23      TO 1/4 MILE OR LESS
LOWEST:     59 ON  9                               3 = THUNDER
                        SNOW, ICE PELLETS, HAIL    4 = ICE PELLETS
                        TOTAL MONTH:   0.0 INCH    5 = HAIL
                        GRTST 24HR     0.0         6 = FREEZING RAIN OR DRIZZLE
                        GRTST DEPTH:   0           7 = DUSTSTORM OR SANDSTORM:
                                                       VSBY 1/2 MILE OR LESS
                                                   8 = SMOKE OR HAZE
[NO. OF DAYS WITH]      [WEATHER - DAYS WITH]      9 = BLOWING SNOW
                                                   X = TORNADO
MAX 32 OR BELOW:   0    0.01 INCH OR MORE:   8
MAX 90 OR ABOVE:   6    0.10 INCH OR MORE:   5
MIN 32 OR BELOW:   0    0.50 INCH OR MORE:   1
MIN  0 OR BELOW:   0    1.00 INCH OR MORE:   0

[HDD (BASE 65) ]
TOTAL THIS MO.     0    CLEAR  (SCALE 0-3)  11
DPTR FM NORMAL     0    PTCLDY (SCALE 4-7)  11
TOTAL FM JUL 1  1963    CLOUDY (SCALE 8-10)  1
DPTR FM NORMAL -1224

[CDD (BASE 65) ]
TOTAL THIS MO.   302
DPTR FM NORMAL     3    [PRESSURE DATA]
TOTAL FM JAN 1   678    HIGHEST SLP M ON M
DPTR FM NORMAL   112    LOWEST  SLP M ON M

[REMARKS]
