000
CXUS54 KLZK 191330
CF6SGT
PRELIMINARY LOCAL CLIMATOLOGICAL DATA (WS FORM: F-6)

                                          STATION:   Stuttgart Airport
                                          MONTH:     APRIL
                                          YEAR:      2014
                                          LATITUDE:   34 35 N
                                          LONGITUDE:  91 34 W

  TEMPERATURE IN F:       :PCPN:    SNOW:  WIND      :SUNSHINE: SKY     :PK WND
================================================================================
1   2   3   4   5  6A  6B    7    8   9   10  11  12  13   14  15   16   17  18
                                     12Z  AVG MX 2MIN
DY MAX MIN AVG DEP HDD CDD  WTR  SNW DPTH SPD SPD DIR MIN PSBL S-S WX    SPD DR
================================================================================

 1  72  52  62   5   3   0 0.00  0.0    0  7.1 14 170   M    M   5        18 170
 2  75  63  69  11   0   4 0.00  0.0    0 13.1 21 170   M    M   7        20 160
 3  84  68  76  18   0  11 0.26  0.0    0 17.8 28 160   M    M   6 3      32 160
 4  70  48  59   1   6   0 0.21    M    0 13.3 25 300   M    M   1 3      31 300
 5  54  43  49  -9  16   0 0.00  0.0    0  9.8 15  60   M    M   0        16  20
 6  52  45  49 -10  16   0 0.63    M    0 10.2 15  40   M    M   8        21  40
 7  59  48  54  -5  11   0 0.13    M    0 10.7 17 340   M    M   6        22 280
 8  57  46  52  -7  13   0 0.28    M    0  9.2 20 350   M    M   4 3      50 300
 9  68  43  56  -4   9   0 0.00  0.0    0  7.6 12 260   M    M   0        16 240
10  81  52  67   7   0   2 0.00  0.0    0 15.2 22 150   M    M   0        32 170
11  79  57  68   8   0   3 0.00  0.0    0 13.1 18 210   M    M   1        24 210
12  77  59  68   7   0   3 0.00  0.0    0 14.7 25 180   M    M   4        30 190
13  75  57  66   5   0   1 0.83  0.0    0 16.4 27 170   M    M   8 3      35 170
14  61  41  51 -10  14   0 0.58    M    0 14.8 24 330   M    M   8 3      32 350
15  54  37  46 -16  19   0 0.00  0.0    0 10.6 20 350   M    M   1        28 340
16  59  39  49 -13  16   0 0.00  0.0    0  8.2 16 140   M    M   0        17 120
17  70  43  57  -5   8   0 0.00  0.0    0  5.9 12 120   M    M   1        20 150
18  73  54  64   2   1   0 0.00  0.0    0  7.3 15  10   M    M   6        18  10
================================================================================
SM 1220  895       132  24  2.92     0.0 205.0          M       66
================================================================================
AV 67.8 49.7                              11.4 FASTST   M    M   4    MAX(MPH)
                                 MISC ---->    28   M               # 50  300
================================================================================
NOTES:
# LAST OF SEVERAL OCCURRENCES

COLUMN 17 PEAK WIND IN M.P.H.

PRELIMINARY LOCAL CLIMATOLOGICAL DATA (WS FORM: F-6) , PAGE 2

                                          STATION:  Stuttgart Airport
                                          MONTH:    APRIL
                                          YEAR:     2014
                                          LATITUDE:   34 35 N
                                          LONGITUDE:  91 34 W

[TEMPERATURE DATA]      [PRECIPITATION DATA]       SYMBOLS USED IN COLUMN 16

AVERAGE MONTHLY: 58.8   TOTAL FOR MONTH:   2.92    1 = FOG OR MIST
DPTR FM NORMAL:  -1.1   DPTR FM NORMAL:   -0.07    2 = FOG REDUCING VISIBILITY
HIGHEST:    84 ON  3    GRTST 24HR  0.83 ON 13-13      TO 1/4 MILE OR LESS
LOWEST:     37 ON 15                               3 = THUNDER
                        SNOW, ICE PELLETS, HAIL    4 = ICE PELLETS
                        TOTAL MONTH:   0.0 INCH    5 = HAIL
                        GRTST 24HR     0.0         6 = FREEZING RAIN OR DRIZZLE
                        GRTST DEPTH:   0           7 = DUSTSTORM OR SANDSTORM:
                                                       VSBY 1/2 MILE OR LESS
                                                   8 = SMOKE OR HAZE
[NO. OF DAYS WITH]      [WEATHER - DAYS WITH]      9 = BLOWING SNOW
                                                   X = TORNADO
MAX 32 OR BELOW:   0    0.01 INCH OR MORE:   7
MAX 90 OR ABOVE:   0    0.10 INCH OR MORE:   7
MIN 32 OR BELOW:   0    0.50 INCH OR MORE:   3
MIN  0 OR BELOW:   0    1.00 INCH OR MORE:   0

[HDD (BASE 65) ]
TOTAL THIS MO.   132    CLEAR  (SCALE 0-3)   8
DPTR FM NORMAL    13    PTCLDY (SCALE 4-7)   9
TOTAL FM JUL 1  3443    CLOUDY (SCALE 8-10)  1
DPTR FM NORMAL   318

[CDD (BASE 65) ]
TOTAL THIS MO.    24
DPTR FM NORMAL    -1    [PRESSURE DATA]
TOTAL FM JAN 1    24    HIGHEST SLP M ON M
DPTR FM NORMAL    -8    LOWEST  SLP M ON M

[REMARKS]
