000
CXUS55 KBYZ 271412
CF6SHR
PRELIMINARY LOCAL CLIMATOLOGICAL DATA (WS FORM: F-6)

                                          STATION:   SHERIDAN WY
                                          MONTH:     AUGUST
                                          YEAR:      2014
                                          LATITUDE:   44 46 N
                                          LONGITUDE: 106 58 W

  TEMPERATURE IN F:       :PCPN:    SNOW:  WIND      :SUNSHINE: SKY     :PK WND
================================================================================
1   2   3   4   5  6A  6B    7    8   9   10  11  12  13   14  15   16   17  18
                                     12Z  AVG MX 2MIN
DY MAX MIN AVG DEP HDD CDD  WTR  SNW DPTH SPD SPD DIR MIN PSBL S-S WX    SPD DR
================================================================================

 1  92  54  73   1   0   8    T    M    M  5.2 28  40   M    M   2 3      34  40
 2  89  55  72   0   0   7    T    M    M  5.9 24 280   M    M   3        35 280
 3  90  56  73   2   0   8 0.00    M    M  4.0 14 330   M    M   0        17 330
 4  82  56  69  -2   0   4 0.01    M    M  5.5 18 260   M    M   3        22 250
 5  79  59  69  -2   0   4 0.05    M    M  4.2 20 280   M    M   6 13     25 270
 6  88  58  73   2   0   8 0.00    M    M  5.4 15  10   M    M   2        19 310
 7  90  53  72   1   0   7 0.00    M    M  4.3 17 200   M    M   1        22 210
 8  90  49  70  -1   0   5 0.00    M    M  3.0  9  70   M    M   0        12  30
 9  81  54  68  -3   0   3    T    M    M 10.2 28 300   M    M   3        34 300
10  88  50  69  -2   0   4 0.00    M    M  3.4 13 140   M    M   0        19 140
11  92  53  73   3   0   8 0.00    M    M  3.2 12 240   M    M   0        13 240
12  97  54  76   6   0  11 0.00    M    M  2.9 13 150   M    M   0        20 140
13  93  62  78   8   0  13 0.00    M    M  6.5 20 320   M    M   0        29 320
14  77  54  66  -4   0   1 0.04    M    M  7.0 20 310   M    M   5        23 310
15  90  51  71   1   0   6 0.02    M    M  5.8 26 310   M    M   1 3      31 310
16  90  53  72   3   0   7 0.00    M    M  5.0 15 300   M    M   0        19 310
17  87  51  69   0   0   4 0.00    M    M  6.1 18 330   M    M   0        25 320
18  85  52  69   0   0   4 0.02    M    M  4.5 37 310   M    M   0 3      43 310
19  94  48  71   2   0   6 0.00    M    M  2.9 18 310   M    M   1        24 320
20  82  58  70   2   0   5    T    M    M  9.5 23 330   M    M   5        28 310
21  76  51  64  -4   1   0 0.04    M    M  7.5 25 310   M    M   6 1      33 320
22  73  57  65  -3   0   0 0.30    M    M  4.0 15  10   M    M   9 13     19 360
23  64  50  57 -11   8   0 0.41    M    M 13.7 32 330   M    M  10 1      43 320
24  62  45  54 -13  11   0 0.00    M    M 20.4 33 320   M    M   4        43 320
25  67  39  53 -14  12   0 0.00    M    M  3.8 12 320   M    M   3        18 300
26  80  45  63  -3   2   0 0.00    M    M  4.2 13 300   M    M   0        17 310
================================================================================
SM 2178 1367        34 123  0.89    M    158.1          M       64
================================================================================
AV 83.8 52.6                               6.1 FASTST   M    M   2    MAX(MPH)
                                 MISC ---->  # 37 310               # 43  310
================================================================================
NOTES:
# LAST OF SEVERAL OCCURRENCES

COLUMN 17 PEAK WIND IN M.P.H.

PRELIMINARY LOCAL CLIMATOLOGICAL DATA (WS FORM: F-6) , PAGE 2

                                          STATION:  SHERIDAN WY
                                          MONTH:    AUGUST
                                          YEAR:     2014
                                          LATITUDE:   44 46 N
                                          LONGITUDE: 106 58 W

[TEMPERATURE DATA]      [PRECIPITATION DATA]       SYMBOLS USED IN COLUMN 16

AVERAGE MONTHLY: 68.2   TOTAL FOR MONTH:   0.89    1 = FOG OR MIST
DPTR FM NORMAL:  -1.4   DPTR FM NORMAL:    0.31    2 = FOG REDUCING VISIBILITY
HIGHEST:    97 ON 12    GRTST 24HR  0.70 ON 22-23      TO 1/4 MILE OR LESS
LOWEST:     39 ON 25                               3 = THUNDER
                        SNOW, ICE PELLETS, HAIL    4 = ICE PELLETS
                        TOTAL MONTH:    M          5 = HAIL
                        GRTST 24HR    M  ON   M    6 = FREEZING RAIN OR DRIZZLE
                        GRTST DEPTH:  M  ON   M    7 = DUSTSTORM OR SANDSTORM:
                                                       VSBY 1/2 MILE OR LESS
                                                   8 = SMOKE OR HAZE
[NO. OF DAYS WITH]      [WEATHER - DAYS WITH]      9 = BLOWING SNOW
                                                   X = TORNADO
MAX 32 OR BELOW:   0    0.01 INCH OR MORE:   8
MAX 90 OR ABOVE:  10    0.10 INCH OR MORE:   2
MIN 32 OR BELOW:   0    0.50 INCH OR MORE:   0
MIN  0 OR BELOW:   0    1.00 INCH OR MORE:   0

[HDD (BASE 65) ]
TOTAL THIS MO.    34    CLEAR  (SCALE 0-3)  18
DPTR FM NORMAL    11    PTCLDY (SCALE 4-7)   6
TOTAL FM JUL 1    43    CLOUDY (SCALE 8-10)  2
DPTR FM NORMAL    -6

[CDD (BASE 65) ]
TOTAL THIS MO.   123
DPTR FM NORMAL   -21    [PRESSURE DATA]
TOTAL FM JAN 1   314    HIGHEST SLP M ON M
DPTR FM NORMAL   -62    LOWEST  SLP 29.58 ON 20

[REMARKS]
