000
CXUS56 KMTR 311000
CF6SJC
PRELIMINARY LOCAL CLIMATOLOGICAL DATA (WS FORM: F-6)

                                          STATION:   SAN JOSE AIRPORT
                                          MONTH:     OCTOBER
                                          YEAR:      2014
                                          LATITUDE:   37 21 N
                                          LONGITUDE: 121 55 W

  TEMPERATURE IN F:       :PCPN:    SNOW:  WIND      :SUNSHINE: SKY     :PK WND
================================================================================
1   2   3   4   5  6A  6B    7    8   9   10  11  12  13   14  15   16   17  18
                                     12Z  AVG MX 2MIN
DY MAX MIN AVG DEP HDD CDD  WTR  SNW DPTH SPD SPD DIR MIN PSBL S-S WX    SPD DR
================================================================================

 1  85  55  70   3   0   5 0.00  0.0    0  6.3 16 300   M    M   0        23 280
 2  90  53  72   5   0   7 0.00  0.0    0  3.9 13 300   M    M   0        15 290
 3  91  58  75   8   0  10 0.00  0.0    0  3.5 13 300   M    M   0        21 210
 4  92  58  75   8   0  10 0.00  0.0    0  4.3 14 300   M    M   2 8      17 290
 5  90  58  74   8   0   9 0.00  0.0    0  2.6 14 300   M    M   1        15 300
 6  88  56  72   6   0   7 0.00  0.0    0  3.2 12 300   M    M   2        14 300
 7  81  56  69   3   0   4 0.00  0.0    0  4.4 14 290   M    M   2        16 300
 8  85  55  70   4   0   5 0.00  0.0    0  3.8 15 300   M    M   1        18 300
 9  75  55  65  -1   0   0 0.00  0.0    0  4.5 14 290   M    M   3        15 300
10  71  56  64  -2   1   0 0.00  0.0    0  5.1 13 300   M    M   6        15 290
11  77  53  65   0   0   0 0.00  0.0    0  3.5 14 300   M    M   3        16 300
12  87  54  71   6   0   6 0.00  0.0    0  5.3 15 290   M    M   0        21 290
13  87  55  71   6   0   6 0.00  0.0    0  4.7 18 310   M    M   1        22 290
14  72  55  64  -1   1   0 0.00  0.0    0 11.1 23 170   M    M   5        35 160
15  73  58  66   1   0   1    T  0.0    0  7.5 18 300   M    M   7 8      28 130
16  71  54  63  -1   2   0 0.00  0.0    0  4.0 15 310   M    M   6        18 310
17  75  51  63  -1   2   0 0.00  0.0    0  6.2 15 170   M    M   5        20  60
18  78  54  66   2   0   1 0.00  0.0    0  5.0 17 300   M    M   1        22 330
19  75  55  65   1   0   0 0.00  0.0    0  5.2 18 290   M    M   3 128    22 300
20  68  54  61  -3   4   0    T  0.0    0  5.5 24 290   M    M   6 1      29 290
21  70  48  59  -4   6   0 0.00  0.0    0  4.9 20 310   M    M   2        23 310
22  72  48  60  -3   5   0 0.00  0.0    0  5.0 13 310   M    M   5        16 310
23  74  55  65   2   0   0 0.00  0.0    0  4.2 14 300   M    M   4        20 210
24  78  51  65   2   0   0 0.00  0.0    0  5.9 20 110   M    M   3        29 110
25  71  56  64   2   1   0 0.11  0.0    0  7.3 16 140   M    M   6 1      22 220
26  68  51  60  -2   5   0 0.00  0.0    0  7.2 21 300   M    M   3        25 280
27  70  46  58  -4   7   0 0.00  0.0    0  4.8 17 310   M    M   2        21 320
28  73  47  60  -2   5   0 0.00  0.0    0  4.2 15 290   M    M   1        17 300
29  78  50  64   3   1   0 0.00  0.0    0  1.5  8 300   M    M   2        10 330
30  81  55  68   7   0   3 0.00  0.0    0  5.0 16 170   M    M   6        21 180
================================================================================
SM 2346 1610        40  74  0.11     0.0 149.6          M       88
================================================================================
AV 78.2 53.7                               5.0 FASTST   M    M   3    MAX(MPH)
                                 MISC ---->  # 24 290               # 35  160
================================================================================
NOTES:
# LAST OF SEVERAL OCCURRENCES

COLUMN 17 PEAK WIND IN M.P.H.

PRELIMINARY LOCAL CLIMATOLOGICAL DATA (WS FORM: F-6) , PAGE 2

                                          STATION:  SAN JOSE AIRPORT
                                          MONTH:    OCTOBER
                                          YEAR:     2014
                                          LATITUDE:   37 21 N
                                          LONGITUDE: 121 55 W

[TEMPERATURE DATA]      [PRECIPITATION DATA]       SYMBOLS USED IN COLUMN 16

AVERAGE MONTHLY: 65.9   TOTAL FOR MONTH:   0.11    1 = FOG OR MIST
DPTR FM NORMAL:   1.6   DPTR FM NORMAL:   -0.64    2 = FOG REDUCING VISIBILITY
HIGHEST:    92 ON  4    GRTST 24HR  0.11 ON 25-25      TO 1/4 MILE OR LESS
LOWEST:     46 ON 27                               3 = THUNDER
                        SNOW, ICE PELLETS, HAIL    4 = ICE PELLETS
                        TOTAL MONTH:   0.0 INCH    5 = HAIL
                        GRTST 24HR     0.0         6 = FREEZING RAIN OR DRIZZLE
                        GRTST DEPTH:   0           7 = DUSTSTORM OR SANDSTORM:
                                                       VSBY 1/2 MILE OR LESS
                                                   8 = SMOKE OR HAZE
[NO. OF DAYS WITH]      [WEATHER - DAYS WITH]      9 = BLOWING SNOW
                                                   X = TORNADO
MAX 32 OR BELOW:   0    0.01 INCH OR MORE:   1
MAX 90 OR ABOVE:   4    0.10 INCH OR MORE:   1
MIN 32 OR BELOW:   0    0.50 INCH OR MORE:   0
MIN  0 OR BELOW:   0    1.00 INCH OR MORE:   0

[HDD (BASE 65) ]
TOTAL THIS MO.    40    CLEAR  (SCALE 0-3)  17
DPTR FM NORMAL   -24    PTCLDY (SCALE 4-7)  13
TOTAL FM JUL 1    42    CLOUDY (SCALE 8-10)  0
DPTR FM NORMAL   -35

[CDD (BASE 65) ]
TOTAL THIS MO.    74
DPTR FM NORMAL    28    [PRESSURE DATA]
TOTAL FM JAN 1   685    HIGHEST SLP M ON M
DPTR FM NORMAL   -44    LOWEST  SLP 29.81 ON 14

[REMARKS]
