000
CXUS54 KSJT 200900
CF6SJT
PRELIMINARY LOCAL CLIMATOLOGICAL DATA (WS FORM: F-6)

                                          STATION:   SAN ANGELO
                                          MONTH:     OCTOBER
                                          YEAR:      2014
                                          LATITUDE:   31 21 N
                                          LONGITUDE: 100 30 W

  TEMPERATURE IN F:       :PCPN:    SNOW:  WIND      :SUNSHINE: SKY     :PK WND
================================================================================
1   2   3   4   5  6A  6B    7    8   9   10  11  12  13   14  15   16   17  18
                                     12Z  AVG MX 2MIN
DY MAX MIN AVG DEP HDD CDD  WTR  SNW DPTH SPD SPD DIR MIN PSBL S-S WX    SPD DR
================================================================================

 1  97  70  84  13   0  19 0.00  0.0    0 10.7 20 210   M    M   2        24 240
 2  96  64  80  10   0  15 0.00  0.0    0 13.7 24 330   M    M   0        32 340
 3  85  49  67  -3   0   2 0.00  0.0    0  5.9 21  40   M    M   0        26  40
 4  86  46  66  -4   0   1 0.00  0.0    0  7.9 18 190   M    M   0        31 190
 5  93  64  79   9   0  14 0.00  0.0    0 11.6 21 190   M    M   0        27 270
 6  95  62  79  10   0  14 0.00  0.0    0  6.1 16 240   M    M   1        26 210
 7  98  68  83  14   0  18 0.00  0.0    0 11.2 20 210   M    M   0        26 190
 8  93  68  81  12   0  16 0.00  0.0    0 11.4 20 150   M    M   1        26 170
 9  91  70  81  13   0  16 0.00  0.0    0 11.4 24 170   M    M   1        31 170
10  91  62  77   9   0  12 0.19  0.0    0 11.3 29 340   M    M   5 13     34 340
11  66  51  59  -9   6   0 0.00  0.0    0  9.3 20 360   M    M   7 3      23 350
12  87  47  67   0   0   2 0.00  0.0    0 11.6 24 180   M    M   1        42 200
13  75  50  63  -4   2   0 0.22  0.0    0 16.2 31 330   M    M   1 13     42 340
14  80  45  63  -4   2   0 0.00  0.0    0  5.5 13 280   M    M   0        17 280
15  87  42  65  -2   0   0 0.00  0.0    0  5.5 14 240   M    M   0        17 200
16  94  50  72   6   0   7 0.00  0.0    0  9.3 17 210   M    M   0        22 210
17  91  50  71   5   0   6 0.00  0.0    0  5.0 15  50   M    M   0        19  60
18  83  58  71   5   0   6 0.00  0.0    0  8.0 14  50   M    M   0        18  50
19  84  56  70   5   0   5 0.00  0.0    0  6.4 15  90   M    M   3        18 160
================================================================================
SM 1672 1072        10 153  0.41     0.0 178.0          M       22
================================================================================
AV 88.0 56.4                               9.4 FASTST   M    M   1    MAX(MPH)
                                 MISC ---->  # 31 330               # 42  200
================================================================================
NOTES:
# LAST OF SEVERAL OCCURRENCES

COLUMN 17 PEAK WIND IN M.P.H.

PRELIMINARY LOCAL CLIMATOLOGICAL DATA (WS FORM: F-6) , PAGE 2

                                          STATION:  SAN ANGELO
                                          MONTH:    OCTOBER
                                          YEAR:     2014
                                          LATITUDE:   31 21 N
                                          LONGITUDE: 100 30 W

[TEMPERATURE DATA]      [PRECIPITATION DATA]       SYMBOLS USED IN COLUMN 16

AVERAGE MONTHLY: 72.2   TOTAL FOR MONTH:   0.41    1 = FOG OR MIST
DPTR FM NORMAL:   4.2   DPTR FM NORMAL:   -1.34    2 = FOG REDUCING VISIBILITY
HIGHEST:    98 ON  7    GRTST 24HR  0.22 ON 13-13      TO 1/4 MILE OR LESS
LOWEST:     42 ON 15                               3 = THUNDER
                        SNOW, ICE PELLETS, HAIL    4 = ICE PELLETS
                        TOTAL MONTH:   0.0 INCH    5 = HAIL
                        GRTST 24HR     0.0         6 = FREEZING RAIN OR DRIZZLE
                        GRTST DEPTH:   0           7 = DUSTSTORM OR SANDSTORM:
                                                       VSBY 1/2 MILE OR LESS
                                                   8 = SMOKE OR HAZE
[NO. OF DAYS WITH]      [WEATHER - DAYS WITH]      9 = BLOWING SNOW
                                                   X = TORNADO
MAX 32 OR BELOW:   0    0.01 INCH OR MORE:   2
MAX 90 OR ABOVE:  10    0.10 INCH OR MORE:   2
MIN 32 OR BELOW:   0    0.50 INCH OR MORE:   0
MIN  0 OR BELOW:   0    1.00 INCH OR MORE:   0

[HDD (BASE 65) ]
TOTAL THIS MO.    10    CLEAR  (SCALE 0-3)  17
DPTR FM NORMAL   -22    PTCLDY (SCALE 4-7)   2
TOTAL FM JUL 1    15    CLOUDY (SCALE 8-10)  0
DPTR FM NORMAL   -26

[CDD (BASE 65) ]
TOTAL THIS MO.   153
DPTR FM NORMAL    63    [PRESSURE DATA]
TOTAL FM JAN 1  2805    HIGHEST SLP M ON M
DPTR FM NORMAL   350    LOWEST  SLP 29.57 ON 12

[REMARKS]
