000
CXUS54 KSJT 210900
CF6SJT
PRELIMINARY LOCAL CLIMATOLOGICAL DATA (WS FORM: F-6)

                                          STATION:   SAN ANGELO
                                          MONTH:     DECEMBER
                                          YEAR:      2014
                                          LATITUDE:   31 21 N
                                          LONGITUDE: 100 30 W

  TEMPERATURE IN F:       :PCPN:    SNOW:  WIND      :SUNSHINE: SKY     :PK WND
================================================================================
1   2   3   4   5  6A  6B    7    8   9   10  11  12  13   14  15   16   17  18
                                     12Z  AVG MX 2MIN
DY MAX MIN AVG DEP HDD CDD  WTR  SNW DPTH SPD SPD DIR MIN PSBL S-S WX    SPD DR
================================================================================

 1  58  33  46  -4  19   0 0.00  0.0    0 11.7 20  20   M    M   9        24  30
 2  57  37  47  -2  18   0 0.00  0.0    0  5.3 16 210   M    M   8        20 220
 3  69  52  61  12   4   0 0.00  0.0    0 10.6 23 210   M    M   6        27 220
 4  69  58  64  15   1   0 0.00  0.0    0 11.6 21 200   M    M   9        26 210
 5  78  53  66  18   0   1 0.00  0.0    0 12.2 23 220   M    M   3        29 210
 6  66  38  52   4  13   0 0.00  0.0    0  7.3 15  40   M    M   2 1      19  40
 7  62  45  54   6  11   0    T  0.0    0  4.7 12 100   M    M   6        13 100
 8  71  41  56   8   9   0 0.00  0.0    0  2.4  8 290   M    M   4 12     11 300
 9  70  39  55   8  10   0 0.00  0.0    0  3.7  9  50   M    M   4        13 200
10  62  51  57  10   8   0 0.00  0.0    0  5.7 15 210   M    M   9        18 200
11  65  57  61  14   4   0    T  0.0    0  4.8 17 220   M    M  10        21 220
12  71  55  63  16   2   0 0.00  0.0    0  8.5 20 200   M    M   6        23 220
13  70  58  64  17   1   0 0.00  0.0    0 11.7 22 200   M    M   7        28 200
14  74  56  65  19   0   0 0.04  0.0    0 14.3 25 190   M    M   3        34 180
15  69  37  53   7  12   0 0.00  0.0    0  6.8 16 330   M    M   0        20 320
16  57  34  46   0  19   0 0.00  0.0    0  7.7 16  50   M    M   5        19  40
17  59  43  51   5  14   0    T  0.0    0  7.7 18 140   M    M   8 1      25 150
18  67  45  56  10   9   0 0.00  0.0    0  6.1 16  50   M    M   5 12     22  50
19  51  44  48   2  17   0 0.00  0.0    0  7.3 14  30   M    M  10        17  60
20  55  37  46   0  19   0 0.00  0.0    0  4.4  9 140   M    M   9        14 120
================================================================================
SM 1300  913       190   1  0.04     0.0 154.5          M      123
================================================================================
AV 65.0 45.7                               7.7 FASTST   M    M   6    MAX(MPH)
                                 MISC ---->  # 25 190               # 34  180
================================================================================
NOTES:
# LAST OF SEVERAL OCCURRENCES

COLUMN 17 PEAK WIND IN M.P.H.

PRELIMINARY LOCAL CLIMATOLOGICAL DATA (WS FORM: F-6) , PAGE 2

                                          STATION:  SAN ANGELO
                                          MONTH:    DECEMBER
                                          YEAR:     2014
                                          LATITUDE:   31 21 N
                                          LONGITUDE: 100 30 W

[TEMPERATURE DATA]      [PRECIPITATION DATA]       SYMBOLS USED IN COLUMN 16

AVERAGE MONTHLY: 55.3   TOTAL FOR MONTH:   0.04    1 = FOG OR MIST
DPTR FM NORMAL:   8.0   DPTR FM NORMAL:   -0.48    2 = FOG REDUCING VISIBILITY
HIGHEST:    78 ON  5    GRTST 24HR  0.04 ON 14-14      TO 1/4 MILE OR LESS
LOWEST:     33 ON  1                               3 = THUNDER
                        SNOW, ICE PELLETS, HAIL    4 = ICE PELLETS
                        TOTAL MONTH:   0.0 INCH    5 = HAIL
                        GRTST 24HR     0.0         6 = FREEZING RAIN OR DRIZZLE
                        GRTST DEPTH:   0           7 = DUSTSTORM OR SANDSTORM:
                                                       VSBY 1/2 MILE OR LESS
                                                   8 = SMOKE OR HAZE
[NO. OF DAYS WITH]      [WEATHER - DAYS WITH]      9 = BLOWING SNOW
                                                   X = TORNADO
MAX 32 OR BELOW:   0    0.01 INCH OR MORE:   1
MAX 90 OR ABOVE:   0    0.10 INCH OR MORE:   0
MIN 32 OR BELOW:   0    0.50 INCH OR MORE:   0
MIN  0 OR BELOW:   0    1.00 INCH OR MORE:   0

[HDD (BASE 65) ]
TOTAL THIS MO.   190    CLEAR  (SCALE 0-3)   3
DPTR FM NORMAL  -164    PTCLDY (SCALE 4-7)   9
TOTAL FM JUL 1   560    CLOUDY (SCALE 8-10)  8
DPTR FM NORMAL  -194

[CDD (BASE 65) ]
TOTAL THIS MO.     1
DPTR FM NORMAL     1    [PRESSURE DATA]
TOTAL FM JAN 1  2877    HIGHEST SLP M ON M
DPTR FM NORMAL   375    LOWEST  SLP 29.70 ON 14

[REMARKS]
