000
CXUS51 KBTV 280700
CF6SLK
PRELIMINARY LOCAL CLIMATOLOGICAL DATA (WS FORM: F-6)

                                          STATION:   SARANAC LAKE NY
                                          MONTH:     JUNE
                                          YEAR:      2017
                                          LATITUDE:   44 23 N
                                          LONGITUDE:  74 12 W

  TEMPERATURE IN F:       :PCPN:    SNOW:  WIND      :SUNSHINE: SKY     :PK WND
================================================================================
1   2   3   4   5  6A  6B    7    8   9   10  11  12  13   14  15   16   17  18
                                     12Z  AVG MX 2MIN
DY MAX MIN AVG DEP HDD CDD  WTR  SNW DPTH SPD SPD DIR MIN PSBL S-S WX    SPD DR
================================================================================

 1  62  42  52  -4  13   0    T    M    0  9.9 22 230   M    M   6 1      32 240
 2  51  39  45 -11  20   0 0.01    M    0  6.8 15 240   M    M   8 1      20 250
 3  57  44  51  -5  14   0 0.00  0.0    0  4.6 14 280   M    M   9        23 300
 4  61  36  49  -8  16   0 0.05    M    0  3.7 10 210   M    M   5 1      14 210
 5  60  50  55  -2  10   0 0.29  0.0    0  4.3 10 160   M    M  10 1      15 160
 6  52  41  47 -10  18   0 0.73    M    0  8.5 18  60   M    M   9 1      25  60
 7  73  34  54  -4  11   0 0.00  0.0    0  2.8 13  40   M    M   3 12     18  50
 8  79  37  58   0   7   0 0.00  0.0    0  2.6 14 210   M    M   4 1      18 210
 9  72  48  60   2   5   0 0.24    M    0  5.2 17 260   M    M   7 1      30 240
10  77  44  61   3   4   0 0.00  0.0    0  5.1 16 210   M    M   4 12     24 220
11  84  55  70  11   0   5    T  0.0    0 11.4 25 220   M    M   1        36 210
12  85  60  73  14   0   8 0.00  0.0    0  9.2 23 230   M    M   3        30 240
13  78  41  60   1   5   0 0.00  0.0    0  4.0 12 360   M    M   4        19 330
14  71  34  53  -7  12   0 0.00  0.0    0  4.0 12  20   M    M   1 1      17 350
15  78  31  55  -5  10   0    T    M    0  4.8 15 210   M    M   3        19 200
16  68  50  59  -1   6   0 0.06  0.0    0 10.6 22 210   M    M   8 1      29 190
17  85  45  65   5   0   0 0.00  0.0    0  5.8 17 220   M    M   3 12     21 200
18   M   M   M   M   M   M 0.72    M    0 13.1 22 210   M    M   5 13     33 210
19  70  58  64   3   1   0 0.27  0.0    0  5.5 28 210   M    M   7 1      33 210
20  69  55  62   1   3   0 0.11  0.0    0  8.7 20 230   M    M   6 1      29 250
21  67  52  60  -1   5   0 0.09  0.0    0  7.4 18 230   M    M   8 1      25 230
22  72  44  58  -4   7   0 0.00  0.0    0  5.6 15 230   M    M   4 12     23 220
23  76  59  68   6   0   3 2.39  0.0    0  6.4 18 220   M    M   9 13     27 210
24  74  53  64   2   1   0 0.08  0.0    0  7.4 18 240   M    M   5 1      27 240
25  71  48  60  -2   5   0 0.00  0.0    0  8.7 23 220   M    M   5 1      33 210
26  66  45  56  -6   9   0 0.10    M    0  4.5 17 210   M    M   7 123    21 220
27  62  38  50 -12  15   0 0.08    M    0  5.3 14 210   M    M   6 123    20 220
================================================================================
SM 1820 1183       197  16  5.22     0.0 175.9          M      150
================================================================================
AV 70.0 45.5                               6.5 FASTST   M    M   6    MAX(MPH)
                                 MISC ---->  # 28 210               # 36  210
================================================================================
NOTES:
# LAST OF SEVERAL OCCURRENCES

COLUMN 17 PEAK WIND IN M.P.H.

PRELIMINARY LOCAL CLIMATOLOGICAL DATA (WS FORM: F-6) , PAGE 2

                                          STATION:  SARANAC LAKE NY
                                          MONTH:    JUNE
                                          YEAR:     2017
                                          LATITUDE:   44 23 N
                                          LONGITUDE:  74 12 W

[TEMPERATURE DATA]      [PRECIPITATION DATA]       SYMBOLS USED IN COLUMN 16

AVERAGE MONTHLY: 57.8   TOTAL FOR MONTH:   5.22    1 = FOG OR MIST
DPTR FM NORMAL:  -1.7   DPTR FM NORMAL:    1.73    2 = FOG REDUCING VISIBILITY
HIGHEST:    85 ON 17,12 GRTST 24HR  2.39 ON 23-23      TO 1/4 MILE OR LESS
LOWEST:     31 ON 15                               3 = THUNDER
                        SNOW, ICE PELLETS, HAIL    4 = ICE PELLETS
                        TOTAL MONTH:   0.0 INCH    5 = HAIL
                        GRTST 24HR     0.0         6 = FREEZING RAIN OR DRIZZLE
                        GRTST DEPTH:   0           7 = DUSTSTORM OR SANDSTORM:
                                                       VSBY 1/2 MILE OR LESS
                                                   8 = SMOKE OR HAZE
[NO. OF DAYS WITH]      [WEATHER - DAYS WITH]      9 = BLOWING SNOW
                                                   X = TORNADO
MAX 32 OR BELOW:   0    0.01 INCH OR MORE:  14
MAX 90 OR ABOVE:   0    0.10 INCH OR MORE:   8
MIN 32 OR BELOW:   1    0.50 INCH OR MORE:   3
MIN  0 OR BELOW:   0    1.00 INCH OR MORE:   1

[HDD (BASE 65) ]
TOTAL THIS MO.   197    CLEAR  (SCALE 0-3)   5
DPTR FM NORMAL    23    PTCLDY (SCALE 4-7)  17
TOTAL FM JUL 1  8422    CLOUDY (SCALE 8-10)  5
DPTR FM NORMAL  -986

[CDD (BASE 65) ]
TOTAL THIS MO.    16
DPTR FM NORMAL   -10    [PRESSURE DATA]
TOTAL FM JAN 1    22    HIGHEST SLP M ON M
DPTR FM NORMAL    -7    LOWEST  SLP 29.48 ON 24

[REMARKS]
