000
CXUS55 KLOX 281155
CF6SMO
PRELIMINARY LOCAL CLIMATOLOGICAL DATA (WS FORM: F-6)

                                          STATION:   SANTA MONICA AIRPORT CA
                                          MONTH:     JANUARY
                                          YEAR:      2015
                                          LATITUDE:   34  0 N
                                          LONGITUDE: 118 27 W

  TEMPERATURE IN F:       :PCPN:    SNOW:  WIND      :SUNSHINE: SKY     :PK WND
================================================================================
1   2   3   4   5  6A  6B    7    8   9   10  11  12  13   14  15   16   17  18
                                     12Z  AVG MX 2MIN
DY MAX MIN AVG DEP HDD CDD  WTR  SNW DPTH SPD SPD DIR MIN PSBL S-S WX    SPD DR
================================================================================

 1  58  38  48  -8  17   0 0.00  0.0    0  4.2 10 220   M    M   0        12 180
 2  58  40  49  -7  16   0 0.00  0.0    0  3.5 10 210   M    M   0        13 220
 3  60  42  51  -5  14   0 0.00  0.0    0  4.0 10 220   M    M   0        13 230
 4  63  42  53  -3  12   0 0.00  0.0    0  3.1  9 240   M    M   0        13 230
 5  80  51  66   9   0   1 0.00  0.0    0  5.1  9  10   M    M   0        15 360
 6  87  55  71  14   0   6 0.00  0.0    0  5.3 10  20   M    M   0        15 350
 7  82  54  68  11   0   3 0.00  0.0    0  4.3 12 240   M    M   0        15 250
 8  73  53  63   6   2   0 0.00  0.0    0  2.7 14 260   M    M   0        17 260
 9  71  55  63   6   2   0 0.00  0.0    0  2.3 12 210   M    M   0 18     14 220
10  61  53  57   0   8   0 0.58  0.0    0  2.1  7  40   M    M   7 18     11  40
11  65  54  60   3   5   0 0.53  0.0    0  3.5  9 100   M    M   8 1      14  40
12  65  53  59   2   6   0 0.00  0.0    M  3.6  9 240   M    M   5 18     11 240
13  65  53  59   2   6   0 0.00  0.0    0  3.5 12 210   M    M   2 18     15 210
14  72  47  60   3   5   0 0.00  0.0    0  4.2 12 240   M    M   0        15 240
15  76  50  63   6   2   0 0.00  0.0    0  4.3  9 220   M    M   0        13  80
16  76  50  63   6   2   0 0.00  0.0    0  4.3 12 260   M    M   0        15 270
17  79  50  65   8   0   0 0.00  0.0    0  3.5  9 210   M    M   0        12 270
18  69  53  61   4   4   0 0.00  0.0    0  2.6  9 240   M    M   0 18     11 250
19  68  51  60   3   5   0 0.00  0.0    0  2.5 10 210   M    M   1 18     12 210
20  61  54  58   1   7   0 0.00  0.0    0  2.7 12 250   M    M  10 18     15 250
21  65  55  60   3   5   0 0.00  0.0    0  3.5 10 240   M    M   3 18     13 230
22  76  48  62   5   3   0 0.00  0.0    0  3.6  9 250   M    M   0        13 250
23  74  50  62   5   3   0 0.00  0.0    0  3.5  9 250   M    M   0        12 220
24  79  53  66   9   0   1 0.00  0.0    0  4.7 16 360   M    M   0        30 360
25  83  52  68  11   0   3 0.00  0.0    0  3.1 13 200   M    M   0        16 190
26  79  57  68  11   0   3 0.11  0.0    0  4.7 16 160   M    M   6 1      22 210
27  72  56  64   7   1   0 0.00  0.0    0  3.3 12 260   M    M   4        16 230
================================================================================
SM 1917 1369       125  17  1.22     0.0  97.4          M       46
================================================================================
AV 71.0 50.7                               3.6 FASTST   M    M   2    MAX(MPH)
                                 MISC ---->  # 16 360               # 30  360
================================================================================
NOTES:
# LAST OF SEVERAL OCCURRENCES

COLUMN 17 PEAK WIND IN M.P.H.

PRELIMINARY LOCAL CLIMATOLOGICAL DATA (WS FORM: F-6) , PAGE 2

                                          STATION:  SANTA MONICA AIRPORT CA
                                          MONTH:    JANUARY
                                          YEAR:     2015
                                          LATITUDE:   34  0 N
                                          LONGITUDE: 118 27 W

[TEMPERATURE DATA]      [PRECIPITATION DATA]       SYMBOLS USED IN COLUMN 16

AVERAGE MONTHLY: 60.9   TOTAL FOR MONTH:   1.22    1 = FOG OR MIST
DPTR FM NORMAL:   4.0   DPTR FM NORMAL:   -1.87    2 = FOG REDUCING VISIBILITY
HIGHEST:    87 ON  6    GRTST 24HR  1.11 ON 10-11      TO 1/4 MILE OR LESS
LOWEST:     38 ON  1                               3 = THUNDER
                        SNOW, ICE PELLETS, HAIL    4 = ICE PELLETS
                        TOTAL MONTH:   0.0 INCH    5 = HAIL
                        GRTST 24HR     0.0         6 = FREEZING RAIN OR DRIZZLE
                        GRTST DEPTH:   0           7 = DUSTSTORM OR SANDSTORM:
                                                       VSBY 1/2 MILE OR LESS
                                                   8 = SMOKE OR HAZE
[NO. OF DAYS WITH]      [WEATHER - DAYS WITH]      9 = BLOWING SNOW
                                                   X = TORNADO
MAX 32 OR BELOW:   0    0.01 INCH OR MORE:   3
MAX 90 OR ABOVE:   0    0.10 INCH OR MORE:   3
MIN 32 OR BELOW:   0    0.50 INCH OR MORE:   2
MIN  0 OR BELOW:   0    1.00 INCH OR MORE:   0

[HDD (BASE 65) ]
TOTAL THIS MO.   125    CLEAR  (SCALE 0-3)  21
DPTR FM NORMAL  -103    PTCLDY (SCALE 4-7)   5
TOTAL FM JUL 1   329    CLOUDY (SCALE 8-10)  1
DPTR FM NORMAL  -407

[CDD (BASE 65) ]
TOTAL THIS MO.    17
DPTR FM NORMAL    17    [PRESSURE DATA]
TOTAL FM JAN 1    17    HIGHEST SLP M ON M
DPTR FM NORMAL    17    LOWEST  SLP 29.92 ON M

[REMARKS]
