000
CXUS55 KLOX 011655
CF6SMO
PRELIMINARY LOCAL CLIMATOLOGICAL DATA (WS FORM: F-6)

                                          STATION:   SANTA MONICA AIRPORT CA
                                          MONTH:     FEBRUARY
                                          YEAR:      2015
                                          LATITUDE:   34  0 N
                                          LONGITUDE: 118 27 W

  TEMPERATURE IN F:       :PCPN:    SNOW:  WIND      :SUNSHINE: SKY     :PK WND
================================================================================
1   2   3   4   5  6A  6B    7    8   9   10  11  12  13   14  15   16   17  18
                                     12Z  AVG MX 2MIN
DY MAX MIN AVG DEP HDD CDD  WTR  SNW DPTH SPD SPD DIR MIN PSBL S-S WX    SPD DR
================================================================================

 1  73  50  62   6   3   0 0.00  0.0    0  3.5 10 220   M    M   0 18     14 210
 2  71  51  61   5   4   0 0.00  0.0    0  3.4 10 230   M    M   0 18     12 230
 3  66  49  58   2   7   0 0.00  0.0    0  3.2  9 240   M    M   4 128    13 250
 4  64  55  60   4   5   0 0.00  0.0    0  2.1  9 230   M    M   4 18     12 200
 5  71  52  62   6   3   0 0.00  0.0    0  2.6 12 240   M    M   3 128    15 240
 6  67  54  61   5   4   0 0.00  0.0    0  3.2 10 240   M    M   2 128    13 210
 7  64  53  59   3   6   0    T  0.0    0  2.3  9 240   M    M   8 8      12 240
 8  74  60  67  11   0   2 0.00  0.0    0  3.8 13 240   M    M   6 12     16 250
 9  71  57  64   8   1   0 0.00  0.0    M  4.1 16 260   M    M   2 128    25 260
10  72  55  64   8   1   0 0.00  0.0    0  3.9 12 240   M    M   0        14 270
11  85  56  71  15   0   6 0.00  0.0    0  5.1  9 190   M    M   0        12 350
12  84  58  71  15   0   6 0.00  0.0    0  4.5 10 260   M    M   0        14 250
13  88  59  74  18   0   9 0.00  0.0    0  5.1 12 220   M    M   0        17 240
14  85  58  72  15   0   7 0.00  0.0    0  3.9 14 240   M    M   0        17 250
15  75  54  65   8   0   0 0.00  0.0    0  4.2  9 220   M    M   1         M  M
16  65  54  60   3   5   0 0.00  0.0    0  3.9 10 240   M    M   5 18     14 230
17  67  56  62   5   3   0 0.00  0.0    0  4.6 12 230   M    M   5 18     15 220
18  68  56  62   5   3   0 0.00  0.0    0  3.2 14 230   M    M   4 18     19 220
19  67  57  62   5   3   0 0.00  0.0    0  3.0 10 240   M    M   5 18     14 200
20  69  57  63   6   2   0 0.00  0.0    0  3.4 13 240   M    M   5 18     16 220
21  69  57  63   6   2   0 0.00  0.0    0  4.7 14 210   M    M   7 8      18 210
22  64  54  59   2   6   0 0.27  0.0    0  4.6 16 200   M    M   9 13     22 240
23  64  50  57   0   8   0    T  0.0    0  4.0 16 240   M    M   4 3      22 230
24  75  47  61   4   4   0 0.00  0.0    0  6.4 17 330   M    M   0        27 340
25  71  50  61   4   4   0 0.00  0.0    0  4.0 13 230   M    M   0        16 240
26  66  50  58   1   7   0 0.00  0.0    0  3.3 12 240   M    M   0        16 240
27  66  53  60   3   5   0 0.00  0.0    0  5.5 16 220   M    M   8        19 240
28  64  53  59   1   6   0 0.01  0.0    0  6.1 17 220   M    M   7        26 200
================================================================================
SM 1985 1515        92  30  0.28     0.0 111.7          M       89
================================================================================
AV 70.9 54.1                               4.0 FASTST   M    M   3    MAX(MPH)
                                 MISC ---->    17   M               # 27  340
================================================================================
NOTES:
# LAST OF SEVERAL OCCURRENCES

COLUMN 17 PEAK WIND IN M.P.H.

PRELIMINARY LOCAL CLIMATOLOGICAL DATA (WS FORM: F-6) , PAGE 2

                                          STATION:  SANTA MONICA AIRPORT CA
                                          MONTH:    FEBRUARY
                                          YEAR:     2015
                                          LATITUDE:   34  0 N
                                          LONGITUDE: 118 27 W

[TEMPERATURE DATA]      [PRECIPITATION DATA]       SYMBOLS USED IN COLUMN 16

AVERAGE MONTHLY: 62.5   TOTAL FOR MONTH:   0.28    1 = FOG OR MIST
DPTR FM NORMAL:   5.7   DPTR FM NORMAL:   -3.00    2 = FOG REDUCING VISIBILITY
HIGHEST:    88 ON 13    GRTST 24HR  0.27 ON 22-22      TO 1/4 MILE OR LESS
LOWEST:     47 ON 24                               3 = THUNDER
                        SNOW, ICE PELLETS, HAIL    4 = ICE PELLETS
                        TOTAL MONTH:   0.0 INCH    5 = HAIL
                        GRTST 24HR     0.0         6 = FREEZING RAIN OR DRIZZLE
                        GRTST DEPTH:   0           7 = DUSTSTORM OR SANDSTORM:
                                                       VSBY 1/2 MILE OR LESS
                                                   8 = SMOKE OR HAZE
[NO. OF DAYS WITH]      [WEATHER - DAYS WITH]      9 = BLOWING SNOW
                                                   X = TORNADO
MAX 32 OR BELOW:   0    0.01 INCH OR MORE:   2
MAX 90 OR ABOVE:   0    0.10 INCH OR MORE:   1
MIN 32 OR BELOW:   0    0.50 INCH OR MORE:   0
MIN  0 OR BELOW:   0    1.00 INCH OR MORE:   0

[HDD (BASE 65) ]
TOTAL THIS MO.    92    CLEAR  (SCALE 0-3)  13
DPTR FM NORMAL  -144    PTCLDY (SCALE 4-7)  14
TOTAL FM JUL 1   424    CLOUDY (SCALE 8-10)  1
DPTR FM NORMAL  -584

[CDD (BASE 65) ]
TOTAL THIS MO.    30
DPTR FM NORMAL    25    [PRESSURE DATA]
TOTAL FM JAN 1    52    HIGHEST SLP 30.24 ON 24
DPTR FM NORMAL    38    LOWEST  SLP 29.74 ON 28

[REMARKS]
#FINAL-02-15#
