000
CXUS56 KLOX 221155
CF6SMO
PRELIMINARY LOCAL CLIMATOLOGICAL DATA (WS FORM: F-6)
STATION: SANTA MONICA AIRPORT CA
MONTH: APRIL
YEAR: 2024
LATITUDE: 34 0 N
LONGITUDE: 118 27 W
TEMPERATURE IN F: :PCPN: SNOW: WIND :SUNSHINE: SKY :PK WND
================================================================================
1 2 3 4 5 6A 6B 7 8 9 10 11 12 13 14 15 16 17 18
12Z AVG MX 2MIN
DY MAX MIN AVG DEP HDD CDD WTR SNW DPTH SPD SPD DIR MIN PSBL S-S WX SPD DR
================================================================================
1 65 50 58 -2 7 0 0.00 M M 5.6 17 230 M M 2 28 230
2 68 50 59 -1 6 0 0.00 M M 4.6 13 200 M M 0 18 220
3 69 53 61 1 4 0 0.00 M M 5.5 13 220 M M 1 19 230
4 62 49 56 -4 9 0 T M M 6.5 17 230 M M 8 27 230
5 58 44 51 -9 14 0 0.21 M M 7.8 23 230 M M 4 1 42 230
6 64 44 54 -6 11 0 0.00 M M 4.1 16 190 M M 0 25 200
7 63 45 54 -6 11 0 0.00 M M 3.9 14 230 M M 0 21 210
8 75 47 61 1 4 0 0.00 M M 5.1 15 230 M M 0 24 240
9 77 54 66 6 0 1 0.00 M M 5.4 14 210 M M 0 21 220
10 75 54 65 5 0 0 0.00 M M 4.4 12 210 M M 1 1 16 210
11 65 54 60 0 5 0 0.00 M M 4.1 10 240 M M 7 128 18 240
12 61 54 58 -2 7 0 0.00 M M 4.1 10 110 M M 10 18 M M
13 65 48 57 -3 8 0 0.14 M M 7.0 16 140 M M 9 1 28 140
14 62 47 55 -5 10 0 0.22 M M 4.8 17 220 M M 7 1 24 210
15 64 47 56 -4 9 0 0.00 M M 4.2 13 230 M M 1 20 220
16 73 51 62 2 3 0 0.00 M M 3.8 15 220 M M 0 20 220
17 65 53 59 -1 6 0 0.00 M M 4.0 12 210 M M 0 18 190
18 69 55 62 1 3 0 0.00 M M 5.4 20 210 M M 5 18 27 210
19 66 57 62 1 3 0 0.00 M M 5.2 14 230 M M 6 22 230
20 67 57 62 1 3 0 0.00 M M 4.3 14 230 M M 5 19 220
21 63 55 59 -2 6 0 0.00 M M 4.5 14 200 M M 7 18 19 210
================================================================================
SM 1396 1068 129 1 0.57 M 104.3 M 73
================================================================================
AV 66.5 50.9 5.0 FASTST M M 3 MAX(MPH)
MISC ----> 23 230 42 230
================================================================================
NOTES:
# LAST OF SEVERAL OCCURRENCES
COLUMN 17 PEAK WIND IN M.P.H.
PRELIMINARY LOCAL CLIMATOLOGICAL DATA (WS FORM: F-6) , PAGE 2
STATION: SANTA MONICA AIRPORT CA
MONTH: APRIL
YEAR: 2024
LATITUDE: 34 0 N
LONGITUDE: 118 27 W
[TEMPERATURE DATA] [PRECIPITATION DATA] SYMBOLS USED IN COLUMN 16
AVERAGE MONTHLY: 58.7 TOTAL FOR MONTH: 0.57 1 = FOG OR MIST
DPTR FM NORMAL: -1.5 DPTR FM NORMAL: 0.10 2 = FOG REDUCING VISIBILITY
HIGHEST: 77 ON 9 GRTST 24HR 0.36 ON 13-14 TO 1/4 MILE OR LESS
LOWEST: 44 ON 6, 5 3 = THUNDER
SNOW, ICE PELLETS, HAIL 4 = ICE PELLETS
TOTAL MONTH: M 5 = HAIL
GRTST 24HR M ON M 6 = FREEZING RAIN OR DRIZZLE
GRTST DEPTH: M ON M 7 = DUSTSTORM OR SANDSTORM:
VSBY 1/2 MILE OR LESS
8 = SMOKE OR HAZE
[NO. OF DAYS WITH] [WEATHER - DAYS WITH] 9 = BLOWING SNOW
X = TORNADO
MAX 32 OR BELOW: 0 0.01 INCH OR MORE: 3
MAX 90 OR ABOVE: 0 0.10 INCH OR MORE: 3
MIN 32 OR BELOW: 0 0.50 INCH OR MORE: 0
MIN 0 OR BELOW: 0 1.00 INCH OR MORE: 0
[HDD (BASE 65) ]
TOTAL THIS MO. 129 CLEAR (SCALE 0-3) 11
DPTR FM NORMAL 16 PTCLDY (SCALE 4-7) 7
TOTAL FM JUL 1 1104 CLOUDY (SCALE 8-10) 3
DPTR FM NORMAL -135
[CDD (BASE 65) ]
TOTAL THIS MO. 1
DPTR FM NORMAL -2 [PRESSURE DATA]
TOTAL FM JAN 1 4 HIGHEST SLP M ON M
DPTR FM NORMAL -23 LOWEST SLP 29.83 ON 1
[REMARKS]