000
CXUS54 KMAF 281100
CF6SNK
PRELIMINARY LOCAL CLIMATOLOGICAL DATA (WS FORM: F-6)

                                          STATION:   Snyder Winston Field
                                          MONTH:     JULY
                                          YEAR:      2017
                                          LATITUDE:   32 41 N
                                          LONGITUDE: 100 57 W

  TEMPERATURE IN F:       :PCPN:    SNOW:  WIND      :SUNSHINE: SKY     :PK WND
================================================================================
1   2   3   4   5  6A  6B    7    8   9   10  11  12  13   14  15   16   17  18
                                     12Z  AVG MX 2MIN
DY MAX MIN AVG DEP HDD CDD  WTR  SNW DPTH SPD SPD DIR MIN PSBL S-S WX    SPD DR
================================================================================

 1  90  63  77   M   0  12 0.03  0.0    0 11.6 36 350   M    M   2 3      48 350
 2  94  67  81   M   0  16 0.00  0.0    0  9.7 20 320   M    M   2        28 320
 3  96  74  85   M   0  20 0.00  0.0    0 11.3 27 360   M    M   1        33 360
 4  96  69  83   M   0  18 0.01  0.0    0  9.3 21 130   M    M   1 3      30 130
 5  90  69  80   M   0  15 0.00  0.0    0  6.1 14 290   M    M   1        23 290
 6  91  66  79   M   0  14 0.00  0.0    0  6.0 21 130   M    M   1        27 130
 7  95  71  83   M   0  18 0.00  0.0    0  5.1 14 190   M    M   1         M  M
 8  94  70  82   M   0  17 0.00  0.0    0  5.4  9 150   M    M   1         M  M
 9  94  67  81   M   0  16 0.03  0.0    0  9.3 27 360   M    M   1 3      36 360
10  95  66  81   M   0  16 0.00  0.0    0  8.8 16 140   M    M   1        24 160
11  94  69  82   M   0  17 0.00  0.0    0 11.2 20 190   M    M   0        25 190
12  94  69  82   M   0  17 0.00  0.0    0 11.5 20 160   M    M   0        28 160
13  93  71  82   M   0  17 0.00  0.0    0 10.0 16 130   M    M   1        21 140
14  93  71  82   M   0  17 0.00  0.0    0  5.8 12 150   M    M   1        16 190
15  96  73  85   M   0  20 0.00  0.0    0  3.8 10 140   M    M   2        17  70
16  91  73  82   M   0  17 0.00  0.0    0  6.4 16  80   M    M   1        22 110
17  95  72  84   M   0  19 0.00  0.0    0  5.8 14 100   M    M   1        20 140
18  95  69  82   M   0  17 0.00  0.0    0  7.7 15 140   M    M   2        20 160
19  95  73  84   M   0  19 0.00  0.0    0  9.0 16 140   M    M   1        22 120
20  97  71  84   M   0  19 0.00  0.0    0  8.4 13 170   M    M   2        20 190
21  98  74  86   M   0  21 0.00  0.0    0 10.8 20 160   M    M   1        25 160
22 100  76  88   M   0  23 0.00  0.0    0  9.0 16 180   M    M   2 3      24 170
23  96  73  85   M   0  20 0.04  0.0    0  7.0 15 310   M    M   2 3      20 310
24  95  72  84   M   0  19 0.00  0.0    0  8.7 16 130   M    M   2        24 130
25  97  71  84   M   0  19 0.00  0.0    0  9.5 17 140   M    M   2        23 150
26  98  73  86   M   0  21 0.00  0.0    0 10.9 16 180   M    M   1        31 150
27  98  73  86   M   0  21 0.00  0.0    0  8.5 15 140   M    M   0        18 140
================================================================================
SM 2560 1905         0 485  0.11     0.0 226.6          M       33
================================================================================
AV 94.8 70.6                               8.4 FASTST   M    M   1    MAX(MPH)
                                 MISC ---->  # 36 350               # 48  350
================================================================================
NOTES:
# LAST OF SEVERAL OCCURRENCES

COLUMN 17 PEAK WIND IN M.P.H.

PRELIMINARY LOCAL CLIMATOLOGICAL DATA (WS FORM: F-6) , PAGE 2

                                          STATION:  Snyder Winston Field
                                          MONTH:    JULY
                                          YEAR:     2017
                                          LATITUDE:   32 41 N
                                          LONGITUDE: 100 57 W

[TEMPERATURE DATA]      [PRECIPITATION DATA]       SYMBOLS USED IN COLUMN 16

AVERAGE MONTHLY: 82.7   TOTAL FOR MONTH:   0.11    1 = FOG OR MIST
DPTR FM NORMAL:     M   DPTR FM NORMAL:       M    2 = FOG REDUCING VISIBILITY
HIGHEST:   100 ON 22    GRTST 24HR  0.04 ON 23-23      TO 1/4 MILE OR LESS
LOWEST:     63 ON  1                               3 = THUNDER
                        SNOW, ICE PELLETS, HAIL    4 = ICE PELLETS
                        TOTAL MONTH:   0.0 INCH    5 = HAIL
                        GRTST 24HR     0.0         6 = FREEZING RAIN OR DRIZZLE
                        GRTST DEPTH:   0           7 = DUSTSTORM OR SANDSTORM:
                                                       VSBY 1/2 MILE OR LESS
                                                   8 = SMOKE OR HAZE
[NO. OF DAYS WITH]      [WEATHER - DAYS WITH]      9 = BLOWING SNOW
                                                   X = TORNADO
MAX 32 OR BELOW:   0    0.01 INCH OR MORE:   4
MAX 90 OR ABOVE:  27    0.10 INCH OR MORE:   0
MIN 32 OR BELOW:   0    0.50 INCH OR MORE:   0
MIN  0 OR BELOW:   0    1.00 INCH OR MORE:   0

[HDD (BASE 65) ]
TOTAL THIS MO.     0    CLEAR  (SCALE 0-3)  27
DPTR FM NORMAL     M    PTCLDY (SCALE 4-7)   0
TOTAL FM JUL 1     0    CLOUDY (SCALE 8-10)  0
DPTR FM NORMAL     M

[CDD (BASE 65) ]
TOTAL THIS MO.   485
DPTR FM NORMAL     M    [PRESSURE DATA]
TOTAL FM JAN 1  1201    HIGHEST SLP M ON M
DPTR FM NORMAL     M    LOWEST  SLP M ON M

[REMARKS]
