000
CXUS56 KMTR 251000
CF6SNS
PRELIMINARY LOCAL CLIMATOLOGICAL DATA (WS FORM: F-6)

                                          STATION:   SALINAS AIRPORT
                                          MONTH:     JULY
                                          YEAR:      2014
                                          LATITUDE:   36 40 N
                                          LONGITUDE: 121 36 W

  TEMPERATURE IN F:       :PCPN:    SNOW:  WIND      :SUNSHINE: SKY     :PK WND
================================================================================
1   2   3   4   5  6A  6B    7    8   9   10  11  12  13   14  15   16   17  18
                                     12Z  AVG MX 2MIN
DY MAX MIN AVG DEP HDD CDD  WTR  SNW DPTH SPD SPD DIR MIN PSBL S-S WX    SPD DR
================================================================================

 1  67  55  61  -2   4   0 0.00  0.0    0  8.2 22  10   M    M   9 8       M  M
 2  67  57  62  -1   3   0    T  0.0    0  7.7 18 280   M    M   9        31 310
 3  67  56  62  -1   3   0 0.00  0.0    0  9.2 18 300   M    M   5 1      24 300
 4  67  53  60  -3   5   0 0.00  0.0    0  6.6 18 280   M    M   6 18     29 320
 5  72  52  62  -1   3   0 0.00  0.0    0  7.3 17 300   M    M   5 18     23 270
 6  68  52  60  -3   5   0 0.00  0.0    0  7.7 17 280   M    M   5 128    22 280
 7  70  54  62  -1   3   0 0.00  0.0    0  8.0 18 290   M    M   6 18     30 360
 8  68  54  61  -2   4   0 0.00  0.0    0  7.7 18 280   M    M   7 1      23 280
 9  70  57  64   1   1   0    T  0.0    0  7.8 22 320   M    M   7 1      26 320
10  70  58  64   1   1   0    T  0.0    0  9.6 21 320   M    M   9 1      28 330
11  71  57  64   1   1   0    T  0.0    0  8.6 16 260   M    M   6 1      22 280
12  71  58  65   2   0   0 0.00  0.0    0  8.9 18 270   M    M   6        24 260
13  71  56  64   1   1   0 0.00  0.0    0  8.3 18 280   M    M   4 18     23 280
14  65  57  61  -2   4   0 0.00  0.0    0  5.8 17 280   M    M   1 18     21 280
15  74  58  66   3   0   1 0.00  0.0    0  8.4 18 310   M    M   5 1      23 320
16  73  61  67   4   0   2    T  0.0    0  7.8 17 300   M    M   8 1      24 310
17  72  57  65   2   0   0 0.00  0.0    0  7.6 18 270   M    M   2        23 270
18  73  62  68   5   0   3 0.00  0.0    0  8.1 17 280   M    M   6        23 300
19  73  61  67   4   0   2    T  0.0    0  6.9 16 270   M    M   5        22 300
20  74  62  68   5   0   3 0.01  0.0    0  8.4 18 300   M    M   4        24 300
21  71  62  67   4   0   2 0.00  0.0    0  7.3 17 260   M    M   9 1      24 270
22  74  60  67   4   0   2 0.00  0.0    0  6.6 21 280   M    M   2        24 280
23  78  58  68   5   0   3 0.00  0.0    0  6.9 20 260   M    M   0        24 250
24  74  60  67   4   0   2 0.00  0.0    0  8.4 17 270   M    M   2 1      22 260
================================================================================
SM 1700 1377        38  20  0.01     0.0 187.8          M      128
================================================================================
AV 70.8 57.4                               7.8 FASTST   M    M   5    MAX(MPH)
                                 MISC ---->  # 22  10               # 31  310
================================================================================
NOTES:
# LAST OF SEVERAL OCCURRENCES

COLUMN 17 PEAK WIND IN M.P.H.

PRELIMINARY LOCAL CLIMATOLOGICAL DATA (WS FORM: F-6) , PAGE 2

                                          STATION:  SALINAS AIRPORT
                                          MONTH:    JULY
                                          YEAR:     2014
                                          LATITUDE:   36 40 N
                                          LONGITUDE: 121 36 W

[TEMPERATURE DATA]      [PRECIPITATION DATA]       SYMBOLS USED IN COLUMN 16

AVERAGE MONTHLY: 64.1   TOTAL FOR MONTH:   0.01    1 = FOG OR MIST
DPTR FM NORMAL:   1.1   DPTR FM NORMAL:    0.01    2 = FOG REDUCING VISIBILITY
HIGHEST:    78 ON 23    GRTST 24HR  0.01 ON 20-20      TO 1/4 MILE OR LESS
LOWEST:     52 ON  6, 5                            3 = THUNDER
                        SNOW, ICE PELLETS, HAIL    4 = ICE PELLETS
                        TOTAL MONTH:   0.0 INCH    5 = HAIL
                        GRTST 24HR     0.0         6 = FREEZING RAIN OR DRIZZLE
                        GRTST DEPTH:   0           7 = DUSTSTORM OR SANDSTORM:
                                                       VSBY 1/2 MILE OR LESS
                                                   8 = SMOKE OR HAZE
[NO. OF DAYS WITH]      [WEATHER - DAYS WITH]      9 = BLOWING SNOW
                                                   X = TORNADO
MAX 32 OR BELOW:   0    0.01 INCH OR MORE:   1
MAX 90 OR ABOVE:   0    0.10 INCH OR MORE:   0
MIN 32 OR BELOW:   0    0.50 INCH OR MORE:   0
MIN  0 OR BELOW:   0    1.00 INCH OR MORE:   0

[HDD (BASE 65) ]
TOTAL THIS MO.    38    CLEAR  (SCALE 0-3)   5
DPTR FM NORMAL   -30    PTCLDY (SCALE 4-7)  14
TOTAL FM JUL 1    38    CLOUDY (SCALE 8-10)  5
DPTR FM NORMAL   -30

[CDD (BASE 65) ]
TOTAL THIS MO.    20
DPTR FM NORMAL    -4    [PRESSURE DATA]
TOTAL FM JAN 1    70    HIGHEST SLP M ON M
DPTR FM NORMAL    18    LOWEST  SLP 29.80 ON  1

[REMARKS]
