000
CXUS55 KCYS 311000
CF6SNY
PRELIMINARY LOCAL CLIMATOLOGICAL DATA (WS FORM: F-6)

                                          STATION:   SIDNEY NEBRASKA AIRPORT
                                          MONTH:     JULY
                                          YEAR:      2015
                                          LATITUDE:   41  5 N
                                          LONGITUDE: 102 59 W

  TEMPERATURE IN F:       :PCPN:    SNOW:  WIND      :SUNSHINE: SKY     :PK WND
================================================================================
1   2   3   4   5  6A  6B    7    8   9   10  11  12  13   14  15   16   17  18
                                     12Z  AVG MX 2MIN
DY MAX MIN AVG DEP HDD CDD  WTR  SNW DPTH SPD SPD DIR MIN PSBL S-S WX    SPD DR
================================================================================

 1  93  60  77   4   0  12 0.02    M    M  9.5 20  40   M    M   1        27 250
 2  84  57  71  -2   0   6 0.18    M    M 10.3 37  30   M    M   2 138    47  30
 3  85  56  71  -3   0   6 0.00  0.0    0  6.9 17 160   M    M   3 1      26 150
 4  94  63  79   5   0  14 0.00    M    M 10.7 22 170   M    M   0 3      28 170
 5  97  59  78   4   0  13 0.01    M    M  9.4 29 320   M    M   1 3      37 310
 6  71  59  65  -9   0   0 0.01    M    M 12.4 22  20   M    M  10 18     28  10
 7  73  57  65 -10   0   0 0.00    M    M 12.6 21 150   M    M   9 18     26 160
 8  60  55  58 -17   7   0 0.68    M    M  6.9 14  50   M    M   9 1      17  50
 9  78  55  67  -8   0   2 0.00    M    M  9.9 20 160   M    M   6 1      26 150
10  84  60  72  -3   0   7 0.00    M    M  6.2 20 170   M    M   2        25 170
11  91  59  75   0   0  10 0.10    M    M  8.1 20 240   M    M   2 138    28 310
12  94  58  76   1   0  11 0.00    M    M 10.0 23 290   M    M   1        34 260
13  92  59  76   0   0  11 0.02    M    M  8.7 33 300   M    M   0 8      44 290
14  94  61  78   2   0  13 0.05    M    M  8.7 18 140   M    M   3 3      24 240
15  85  59  72  -4   0   7 0.03  0.0    0  6.0 24 240   M    M   5 13     30 250
16  91  54  73  -3   0   8 0.00  0.0    0 11.7 23 300   M    M   0 8      29 310
17  97  55  76   0   0  11 0.00    M    M  9.6 28 310   M    M   0 8      35 320
18  89  52  71  -5   0   6 0.02  0.0    0  8.2 38 320   M    M   0 13     48 330
19  88  51  70  -6   0   5 0.00    M    M  7.5 17 300   M    M   1 8      24 280
20  86  56  71  -5   0   6 0.00    M    M 10.4 16 360   M    M   0        20 310
21  74  58  66 -10   0   1 0.46    M    M 12.4 23 160   M    M   7 1      27 160
22  88  56  72  -4   0   7 0.00    M    M  5.8 14 340   M    M   0        16 340
23  98  57  78   2   0  13 0.00    M    M  8.8 23 250   M    M   0 3      30 230
24  92  61  77   1   0  12 0.00    M    M  9.3 16 140   M    M   0        22 360
25  93  60  77   1   0  12 0.00    M    M  8.0 18 360   M    M   0        24 340
26  98  63  81   5   0  16 0.06    M    M 10.9 58 210   M    M   1 13     71 210
27  96  58  77   1   0  12 0.00    M    M 11.0 24 320   M    M   0        31 320
28  83  50  67  -9   0   2 0.00    M    M 12.2 28 330   M    M   0        34 340
29  85  46  66 -10   0   1 0.00    M    M 12.5 23 200   M    M   0        30 160
30  91  55  73  -3   0   8    T    M    M  7.4 24 220   M    M   1 3      31 220
================================================================================
SM 2624 1709         7 232  1.64     0.0 282.0          M       64
================================================================================
AV 87.5 57.0                               9.4 FASTST   M    M   2    MAX(MPH)
                                 MISC ---->  # 58 210               # 71  210
================================================================================
NOTES:
# LAST OF SEVERAL OCCURRENCES

COLUMN 17 PEAK WIND IN M.P.H.

PRELIMINARY LOCAL CLIMATOLOGICAL DATA (WS FORM: F-6) , PAGE 2

                                          STATION:  SIDNEY NEBRASKA AIRPORT
                                          MONTH:    JULY
                                          YEAR:     2015
                                          LATITUDE:   41  5 N
                                          LONGITUDE: 102 59 W

[TEMPERATURE DATA]      [PRECIPITATION DATA]       SYMBOLS USED IN COLUMN 16

AVERAGE MONTHLY: 72.2   TOTAL FOR MONTH:   1.64    1 = FOG OR MIST
DPTR FM NORMAL:  -3.1   DPTR FM NORMAL:   -1.23    2 = FOG REDUCING VISIBILITY
HIGHEST:    98 ON 26,23 GRTST 24HR  0.68 ON  8- 8      TO 1/4 MILE OR LESS
LOWEST:     46 ON 29                               3 = THUNDER
                        SNOW, ICE PELLETS, HAIL    4 = ICE PELLETS
                        TOTAL MONTH:   0.0 INCH    5 = HAIL
                        GRTST 24HR     0.0         6 = FREEZING RAIN OR DRIZZLE
                        GRTST DEPTH:   0           7 = DUSTSTORM OR SANDSTORM:
                                                       VSBY 1/2 MILE OR LESS
                                                   8 = SMOKE OR HAZE
[NO. OF DAYS WITH]      [WEATHER - DAYS WITH]      9 = BLOWING SNOW
                                                   X = TORNADO
MAX 32 OR BELOW:   0    0.01 INCH OR MORE:  12
MAX 90 OR ABOVE:  15    0.10 INCH OR MORE:   4
MIN 32 OR BELOW:   0    0.50 INCH OR MORE:   1
MIN  0 OR BELOW:   0    1.00 INCH OR MORE:   0

[HDD (BASE 65) ]
TOTAL THIS MO.     7    CLEAR  (SCALE 0-3)  23
DPTR FM NORMAL     7    PTCLDY (SCALE 4-7)   4
TOTAL FM JUL 1     7    CLOUDY (SCALE 8-10)  3
DPTR FM NORMAL     7

[CDD (BASE 65) ]
TOTAL THIS MO.   232
DPTR FM NORMAL   -78    [PRESSURE DATA]
TOTAL FM JAN 1   341    HIGHEST SLP M ON M
DPTR FM NORMAL  -128    LOWEST  SLP 29.58 ON 27

[REMARKS]
