000
CXUS55 KCYS 211000
CF6SNY
PRELIMINARY LOCAL CLIMATOLOGICAL DATA (WS FORM: F-6)

                                          STATION:   SIDNEY NEBRASKA AIRPORT
                                          MONTH:     NOVEMBER
                                          YEAR:      2017
                                          LATITUDE:   41  5 N
                                          LONGITUDE: 102 59 W

  TEMPERATURE IN F:       :PCPN:    SNOW:  WIND      :SUNSHINE: SKY     :PK WND
================================================================================
1   2   3   4   5  6A  6B    7    8   9   10  11  12  13   14  15   16   17  18
                                     12Z  AVG MX 2MIN
DY MAX MIN AVG DEP HDD CDD  WTR  SNW DPTH SPD SPD DIR MIN PSBL S-S WX    SPD DR
================================================================================

 1  68  33  51   7  14   0 0.00    M    M  8.6 25  10   M    M   3        29 360
 2  42  31  37  -7  28   0 0.00    M    M  9.9 21  10   M    M   9        25  30
 3  44  30  37  -7  28   0 0.00    M    M 14.5 25 160   M    M   8 12     32 170
 4  75  25  50   7  15   0 0.00    M    M 11.7 28 270   M    M   4 12     36 270
 5  39  25  32 -11  33   0    T    M    M  8.3 15 160   M    M  10 12     18 150
 6  52  26  39  -3  26   0 0.11    M    M 10.5 23  30   M    M   7 12     27  30
 7  30  16  23 -19  42   0 0.01    M    M  7.8 21  10   M    M   9 1      23  10
 8  46  22  34  -7  31   0 0.00    M    M 12.0 22 230   M    M   4 1      27  20
 9  39  15  27 -14  38   0 0.00    M    M 11.5 21 170   M    M   0        28 180
10  47  22  35  -5  30   0 0.00    M    M 12.1 24 180   M    M   0 1      29 180
11  60  19  40   0  25   0    T    M    M  9.1 25 330   M    M   1 12     32 330
12  55  19  37  -2  28   0 0.00    M    M 11.9 21 180   M    M   0        26 330
13  72  24  48   9  17   0 0.00    M    M  7.0 14 220   M    M   0        18 140
14  73  30  52  14  13   0 0.00    M    M 13.4 35 330   M    M   1        44 330
15  50  20  35  -3  30   0 0.00    M    M 10.5 20 190   M    M   0        23 190
16  73  22  48  11  17   0 0.00    M    M 10.0 21 240   M    M   0        24 230
17  57  30  44   7  21   0 0.04    M    M 10.7 24 340   M    M   4 1      32 350
18  44  19  32  -4  33   0 0.00    M    M 15.0 28 320   M    M   1        34 330
19  61  16  39   3  26   0 0.00    M    M 10.2 21 290   M    M   0        25 290
20  66  21  44   8  21   0 0.00    M    M 16.1 38 310   M    M   2        49 290
================================================================================
SM 1093  465       516   0  0.16    M    220.8          M       63
================================================================================
AV 54.7 23.3                              11.0 FASTST   M    M   3    MAX(MPH)
                                 MISC ---->  # 38 310               # 49  290
================================================================================
NOTES:
# LAST OF SEVERAL OCCURRENCES

COLUMN 17 PEAK WIND IN M.P.H.

PRELIMINARY LOCAL CLIMATOLOGICAL DATA (WS FORM: F-6) , PAGE 2

                                          STATION:  SIDNEY NEBRASKA AIRPORT
                                          MONTH:    NOVEMBER
                                          YEAR:     2017
                                          LATITUDE:   41  5 N
                                          LONGITUDE: 102 59 W

[TEMPERATURE DATA]      [PRECIPITATION DATA]       SYMBOLS USED IN COLUMN 16

AVERAGE MONTHLY: 39.0   TOTAL FOR MONTH:   0.16    1 = FOG OR MIST
DPTR FM NORMAL:  -1.0   DPTR FM NORMAL:   -0.23    2 = FOG REDUCING VISIBILITY
HIGHEST:    75 ON  4    GRTST 24HR  0.11 ON  6- 6      TO 1/4 MILE OR LESS
LOWEST:     15 ON  9                               3 = THUNDER
                        SNOW, ICE PELLETS, HAIL    4 = ICE PELLETS
                        TOTAL MONTH:    M          5 = HAIL
                        GRTST 24HR    M  ON   M    6 = FREEZING RAIN OR DRIZZLE
                        GRTST DEPTH:  M  ON   M    7 = DUSTSTORM OR SANDSTORM:
                                                       VSBY 1/2 MILE OR LESS
                                                   8 = SMOKE OR HAZE
[NO. OF DAYS WITH]      [WEATHER - DAYS WITH]      9 = BLOWING SNOW
                                                   X = TORNADO
MAX 32 OR BELOW:   1    0.01 INCH OR MORE:   3
MAX 90 OR ABOVE:   0    0.10 INCH OR MORE:   1
MIN 32 OR BELOW:  19    0.50 INCH OR MORE:   0
MIN  0 OR BELOW:   0    1.00 INCH OR MORE:   0

[HDD (BASE 65) ]
TOTAL THIS MO.   516    CLEAR  (SCALE 0-3)  12
DPTR FM NORMAL    14    PTCLDY (SCALE 4-7)   5
TOTAL FM JUL 1  1225    CLOUDY (SCALE 8-10)  3
DPTR FM NORMAL   120

[CDD (BASE 65) ]
TOTAL THIS MO.     0
DPTR FM NORMAL     0    [PRESSURE DATA]
TOTAL FM JAN 1   641    HIGHEST SLP  0.00 ON  4
DPTR FM NORMAL  -189    LOWEST  SLP 29.30 ON  1

[REMARKS]
