000
CXUS56 KPQR 221200
CF6SPB
PRELIMINARY LOCAL CLIMATOLOGICAL DATA (WS FORM: F-6)

                                          STATION:   SCAPPOOSE OR
                                          MONTH:     FEBRUARY
                                          YEAR:      2017
                                          LATITUDE:   45 46 N
                                          LONGITUDE: 122 50 W

  TEMPERATURE IN F:       :PCPN:    SNOW:  WIND      :SUNSHINE: SKY     :PK WND
================================================================================
1   2   3   4   5  6A  6B    7    8   9   10  11  12  13   14  15   16   17  18
                                     12Z  AVG MX 2MIN
DY MAX MIN AVG DEP HDD CDD  WTR  SNW DPTH SPD SPD DIR MIN PSBL S-S WX    SPD DR
================================================================================

 1  43  34  39  -2  26   0 0.00  0.0    0  7.7 15  80   M    M   3        21  60
 2  43  27  35  -6  30   0    T    M    0  3.7 17 140   M    M   6        20 150
 3  34  31  33  -9  32   0 0.35    M    0  4.7 10 200   M    M  10 16     15 170
 4  52  34  43   1  22   0 0.41    M    0  4.3 14 210   M    M  10 1      19 220
 5  44  32  38  -4  27   0 1.57    M    0  2.1  9  30   M    M  10 1      12  30
 6  42  31  37  -5  28   0 0.33    M    0  4.0 14 240   M    M   8 12     18 230
 7  41  33  37  -5  28   0 0.04    M    0  2.8 10 150   M    M   8 1      12 150
 8  39  36  38  -4  27   0 1.14    M    0  4.2  9 170   M    M  10 1      17 170
 9  61  38  50   8  15   0 1.46    M    0  8.8 26 220   M    M   7 1      37 230
10  51  32  42   0  23   0 0.47    M    0  5.6 20 250   M    M   8 1      29 290
11  50  30  40  -2  25   0    T    M    0  2.0  7 140   M    M   4 1       9 150
12  51  30  41  -1  24   0 0.00  0.0    0  1.9  8  70   M    M   0 1       9  30
13  57  27  42   0  23   0 0.00  0.0    0  3.6 12 180   M    M   0 1      16 170
14  52  28  40  -2  25   0 0.25    M    0  5.1  9 190   M    M   4 18     14 160
15  47  41  44   2  21   0 1.51    M    0  5.9 14 150   M    M  10 1      18 150
16  49  41  45   3  20   0 1.02    M    0  2.7 10 270   M    M  10 1      14 270
17  59  41  50   7  15   0    T    M    0  4.5 13 340   M    M   4 1      16 340
18  49  40  45   2  20   0 0.28    M    0  1.7  9 150   M    M   9 1      12 150
19  49  41  45   2  20   0 0.63    M    0  6.0 17 220   M    M  10 1      22 220
20  49  41  45   2  20   0 0.72    M    0  2.4 13 130   M    M  10 1      16 150
21  51  34  43   0  22   0 0.20    M    0  3.5 14 280   M    M   7 1      18 300
================================================================================
SM 1013  722       493   0 10.38     0.0  87.2          M      148
================================================================================
AV 48.2 34.4                               4.2 FASTST   M    M   7    MAX(MPH)
                                 MISC ---->  # 26 220               # 37  230
================================================================================
NOTES:
# LAST OF SEVERAL OCCURRENCES

COLUMN 17 PEAK WIND IN M.P.H.

PRELIMINARY LOCAL CLIMATOLOGICAL DATA (WS FORM: F-6) , PAGE 2

                                          STATION:  SCAPPOOSE OR
                                          MONTH:    FEBRUARY
                                          YEAR:     2017
                                          LATITUDE:   45 46 N
                                          LONGITUDE: 122 50 W

[TEMPERATURE DATA]      [PRECIPITATION DATA]       SYMBOLS USED IN COLUMN 16

AVERAGE MONTHLY: 41.3   TOTAL FOR MONTH:  10.38    1 = FOG OR MIST
DPTR FM NORMAL:  -0.8   DPTR FM NORMAL:    6.86    2 = FOG REDUCING VISIBILITY
HIGHEST:    61 ON  9    GRTST 24HR  2.14 ON  8- 9      TO 1/4 MILE OR LESS
LOWEST:     27 ON 13, 2                            3 = THUNDER
                        SNOW, ICE PELLETS, HAIL    4 = ICE PELLETS
                        TOTAL MONTH:   0.0 INCH    5 = HAIL
                        GRTST 24HR     0.0         6 = FREEZING RAIN OR DRIZZLE
                        GRTST DEPTH:   0           7 = DUSTSTORM OR SANDSTORM:
                                                       VSBY 1/2 MILE OR LESS
                                                   8 = SMOKE OR HAZE
[NO. OF DAYS WITH]      [WEATHER - DAYS WITH]      9 = BLOWING SNOW
                                                   X = TORNADO
MAX 32 OR BELOW:   0    0.01 INCH OR MORE:  15
MAX 90 OR ABOVE:   0    0.10 INCH OR MORE:  14
MIN 32 OR BELOW:   9    0.50 INCH OR MORE:   7
MIN  0 OR BELOW:   0    1.00 INCH OR MORE:   5

[HDD (BASE 65) ]
TOTAL THIS MO.   493    CLEAR  (SCALE 0-3)   2
DPTR FM NORMAL    12    PTCLDY (SCALE 4-7)  10
TOTAL FM JUL 1  3357    CLOUDY (SCALE 8-10)  9
DPTR FM NORMAL    50

[CDD (BASE 65) ]
TOTAL THIS MO.     0
DPTR FM NORMAL     0    [PRESSURE DATA]
TOTAL FM JAN 1     0    HIGHEST SLP M ON M
DPTR FM NORMAL     0    LOWEST  SLP 29.22 ON  5

[REMARKS]
