000
CXUS56 KPQR 011330
CF6SPB
PRELIMINARY LOCAL CLIMATOLOGICAL DATA (WS FORM: F-6)

                                          STATION:   SCAPPOOSE OR
                                          MONTH:     FEBRUARY
                                          YEAR:      2015
                                          LATITUDE:   45 46 N
                                          LONGITUDE: 122 50 W

  TEMPERATURE IN F:       :PCPN:    SNOW:  WIND      :SUNSHINE: SKY     :PK WND
================================================================================
1   2   3   4   5  6A  6B    7    8   9   10  11  12  13   14  15   16   17  18
                                     12Z  AVG MX 2MIN
DY MAX MIN AVG DEP HDD CDD  WTR  SNW DPTH SPD SPD DIR MIN PSBL S-S WX    SPD DR
================================================================================

 1  46  36  41   0  24   0 0.21    M    0  3.3 10 130   M    M   8 1      14 190
 2  57  39  48   7  17   0 0.46    M    0  2.5 10 240   M    M   7 12     14 200
 3  51  40  46   4  19   0 0.09    M    0  0.4  6  10   M    M   6 1       6  10
 4  54  43  49   7  16   0 0.10    M    0  1.5 10 140   M    M   8 12     14 160
 5  51  44  48   6  17   0 1.02    M    0  2.4  9 150   M    M   9 1      11 140
 6  58  49  54  12  11   0 1.35    M    0  5.0 15 200   M    M  10 1      25 200
 7  60  50  55  13  10   0 1.25  0.0    0  7.7 17 210   M    M  10 1      26 160
 8  57  44  51   9  14   0 0.18    M    0  2.8 22 230   M    M   7 12     29 220
 9  54  46  50   8  15   0 0.35    M    0  7.0 20 140   M    M   8 1      28 170
10  54  43  49   7  16   0 0.00  0.0    0  2.2  9 150   M    M   7 1      12 160
11  57  37  47   5  18   0 0.00  0.0    0  1.7  8 150   M    M   5 12     11 200
12  59  36  48   6  17   0 0.00  0.0    0  1.4  7 260   M    M   3 12      9 150
13  59  36  48   6  17   0 0.00  0.0    0  1.5  8 140   M    M   4 12     10 130
14  61  39  50   8  15   0 0.00  0.0    0  4.6 14 360   M    M   4 1      18 360
15  65  36  51   9  14   0 0.00  0.0    0  5.0 10 340   M    M   0        15 340
16  63  34  49   7  16   0 0.00  0.0    0  4.7 15  60   M    M   0        19  50
17  65  33  49   6  16   0 0.00  0.0    0  3.4  7  80   M    M   0         9 180
18  54  32  43   0  22   0 0.00  0.0    0  2.2  7 270   M    M   7         8 270
19  57  43  50   7  15   0 0.03    M    0  1.5  9 140   M    M   9 1      11 140
20  58  39  49   6  16   0    T    M    0  2.5 13 350   M    M   6 1      17 360
21  60  36  48   5  17   0 0.00  0.0    0  4.4 13 360   M    M   2        19 330
22  57  27  42  -1  23   0 0.00  0.0    0  5.3 17  80   M    M   0        21  80
23  61  26  44   1  21   0 0.00  0.0    0  3.1  8 260   M    M   0        10  20
24  56  28  42  -1  23   0 0.00  0.0    0  2.4 12 340   M    M   1        14 330
25  50  44  47   3  18   0 0.06    M    0  1.3  7  90   M    M  10 1       8  90
26  53  45  49   5  16   0 0.04    M    0  2.5  9 150   M    M  10 12     11 150
27  54  43  49   5  16   0 0.18    M    0  2.9 12  90   M    M  10 12     14  90
28  58  33  46   2  19   0 0.00  0.0    0  4.3 13 350   M    M   1        17 360
================================================================================
SM 1589 1081       478   0  5.32     0.0  89.5          M      152
================================================================================
AV 56.8 38.6                               3.2 FASTST   M    M   5    MAX(MPH)
                                 MISC ---->  # 22 230               # 29  220
================================================================================
NOTES:
# LAST OF SEVERAL OCCURRENCES

COLUMN 17 PEAK WIND IN M.P.H.

PRELIMINARY LOCAL CLIMATOLOGICAL DATA (WS FORM: F-6) , PAGE 2

                                          STATION:  SCAPPOOSE OR
                                          MONTH:    FEBRUARY
                                          YEAR:     2015
                                          LATITUDE:   45 46 N
                                          LONGITUDE: 122 50 W

[TEMPERATURE DATA]      [PRECIPITATION DATA]       SYMBOLS USED IN COLUMN 16

AVERAGE MONTHLY: 47.7   TOTAL FOR MONTH:   5.32    1 = FOG OR MIST
DPTR FM NORMAL:   5.3   DPTR FM NORMAL:    0.83    2 = FOG REDUCING VISIBILITY
HIGHEST:    65 ON 17,15 GRTST 24HR  1.89 ON  5- 6      TO 1/4 MILE OR LESS
LOWEST:     26 ON 23                               3 = THUNDER
                        SNOW, ICE PELLETS, HAIL    4 = ICE PELLETS
                        TOTAL MONTH:   0.0 INCH    5 = HAIL
                        GRTST 24HR     0.0         6 = FREEZING RAIN OR DRIZZLE
                        GRTST DEPTH:   0           7 = DUSTSTORM OR SANDSTORM:
                                                       VSBY 1/2 MILE OR LESS
                                                   8 = SMOKE OR HAZE
[NO. OF DAYS WITH]      [WEATHER - DAYS WITH]      9 = BLOWING SNOW
                                                   X = TORNADO
MAX 32 OR BELOW:   0    0.01 INCH OR MORE:  13
MAX 90 OR ABOVE:   0    0.10 INCH OR MORE:   9
MIN 32 OR BELOW:   4    0.50 INCH OR MORE:   3
MIN  0 OR BELOW:   0    1.00 INCH OR MORE:   3

[HDD (BASE 65) ]
TOTAL THIS MO.   478    CLEAR  (SCALE 0-3)   9
DPTR FM NORMAL  -153    PTCLDY (SCALE 4-7)  10
TOTAL FM JUL 1  2786    CLOUDY (SCALE 8-10)  9
DPTR FM NORMAL  -671

[CDD (BASE 65) ]
TOTAL THIS MO.     0
DPTR FM NORMAL     0    [PRESSURE DATA]
TOTAL FM JAN 1     0    HIGHEST SLP 30.47 ON 25
DPTR FM NORMAL     0    LOWEST  SLP 29.38 ON  7

[REMARKS]
#FINAL-02-15#
