332
CXUS56 KPQR 261200
CF6SPB
PRELIMINARY LOCAL CLIMATOLOGICAL DATA (WS FORM: F-6)

                                          STATION:   SCAPPOOSE OR
                                          MONTH:     AUGUST
                                          YEAR:      2016
                                          LATITUDE:   45 46 N
                                          LONGITUDE: 122 50 W

  TEMPERATURE IN F:       :PCPN:    SNOW:  WIND      :SUNSHINE: SKY     :PK WND
================================================================================
1   2   3   4   5  6A  6B    7    8   9   10  11  12  13   14  15   16   17  18
                                     12Z  AVG MX 2MIN
DY MAX MIN AVG DEP HDD CDD  WTR  SNW DPTH SPD SPD DIR MIN PSBL S-S WX    SPD DR
================================================================================

 1  81  53  67  -1   0   2 0.00  0.0    0  7.0 15 310   M    M   3        20 310
 2  77  55  66  -2   0   1 0.00  0.0    0  4.6 15 290   M    M   7        21 320
 3  80  55  68   0   0   3 0.00  0.0    0  8.0 18 340   M    M   4        26 340
 4  90  63  77   9   0  12 0.00  0.0    0 12.0 20 350   M    M   0        28 330
 5  81  56  69   1   0   4 0.00  0.0    0  8.0 17 280   M    M   0        23 270
 6  74  52  63  -5   2   0 0.00  0.0    0  5.1 16 360   M    M   5        20 360
 7  77  52  65  -3   0   0    T  0.0    0  3.6 14 310   M    M   8        21 220
 8  70  55  63  -5   2   0 0.06  0.0    0  2.7  9 230   M    M   9 1      15 340
 9  69  51  60  -8   5   0    T  0.0    0  2.3 12 140   M    M   8 1      14 150
10  81  52  67  -1   0   2 0.00  0.0    0  4.1 13 340   M    M   4 1      19  10
11  90  56  73   5   0   8 0.00  0.0    0  6.7 13 330   M    M   0        18 150
12  98  62  80  12   0  15 0.00  0.0    0  6.0 12 340   M    M   0 8      16 330
13  94  60  77   9   0  12 0.00  0.0    0  5.8 17 360   M    M   0        22 360
14  88  54  71   4   0   6 0.00  0.0    0  8.1 18 360   M    M   0        23 350
15  87  55  71   4   0   6 0.00  0.0    0  7.1 17 360   M    M   0        22 360
16  87  57  72   5   0   7 0.00  0.0    0  8.3 18 340   M    M   2        24 340
17  84  56  70   3   0   5 0.00  0.0    0  6.7 15 330   M    M   1        18 320
18  98  63  81  14   0  16 0.00  0.0    0  9.6 20 360   M    M   0        25 360
19 101  60  81  14   0  16 0.00  0.0    0  3.6 10  70   M    M   0        16  50
20 100  59  80  13   0  15 0.00  0.0    0  4.3 15 360   M    M   0        18  20
21  81  51  66  -1   0   1 0.00  0.0    0  6.3 17 330   M    M   1        22 320
22  74  45  60  -7   5   0 0.00  0.0    0  4.8 15 340   M    M   2 8      19  10
23  85  50  68   2   0   3 0.00  0.0    0  7.1 16  20   M    M   0        19  10
24  93  54  74   8   0   9 0.00  0.0    0  7.0 15  10   M    M   0        20 350
25  96  55  76  10   0  11 0.00  0.0    0  3.9 13 360   M    M   0        18  60
================================================================================
SM 2136 1381        14 154  0.06     0.0 152.7          M       54
================================================================================
AV 85.4 55.2                               6.1 FASTST   M    M   2    MAX(MPH)
                                 MISC ---->  # 20 350               # 28  330
================================================================================
NOTES:
# LAST OF SEVERAL OCCURRENCES

COLUMN 17 PEAK WIND IN M.P.H.

PRELIMINARY LOCAL CLIMATOLOGICAL DATA (WS FORM: F-6) , PAGE 2

                                          STATION:  SCAPPOOSE OR
                                          MONTH:    AUGUST
                                          YEAR:     2016
                                          LATITUDE:   45 46 N
                                          LONGITUDE: 122 50 W

[TEMPERATURE DATA]      [PRECIPITATION DATA]       SYMBOLS USED IN COLUMN 16

AVERAGE MONTHLY: 70.3   TOTAL FOR MONTH:   0.06    1 = FOG OR MIST
DPTR FM NORMAL:   2.9   DPTR FM NORMAL:   -0.57    2 = FOG REDUCING VISIBILITY
HIGHEST:   101 ON 19    GRTST 24HR  0.06 ON  8- 8      TO 1/4 MILE OR LESS
LOWEST:     45 ON 22                               3 = THUNDER
                        SNOW, ICE PELLETS, HAIL    4 = ICE PELLETS
                        TOTAL MONTH:   0.0 INCH    5 = HAIL
                        GRTST 24HR     0.0         6 = FREEZING RAIN OR DRIZZLE
                        GRTST DEPTH:   0           7 = DUSTSTORM OR SANDSTORM:
                                                       VSBY 1/2 MILE OR LESS
                                                   8 = SMOKE OR HAZE
[NO. OF DAYS WITH]      [WEATHER - DAYS WITH]      9 = BLOWING SNOW
                                                   X = TORNADO
MAX 32 OR BELOW:   0    0.01 INCH OR MORE:   1
MAX 90 OR ABOVE:   9    0.10 INCH OR MORE:   0
MIN 32 OR BELOW:   0    0.50 INCH OR MORE:   0
MIN  0 OR BELOW:   0    1.00 INCH OR MORE:   0

[HDD (BASE 65) ]
TOTAL THIS MO.    14    CLEAR  (SCALE 0-3)  18
DPTR FM NORMAL   -11    PTCLDY (SCALE 4-7)   6
TOTAL FM JUL 1    42    CLOUDY (SCALE 8-10)  1
DPTR FM NORMAL   -29

[CDD (BASE 65) ]
TOTAL THIS MO.   154
DPTR FM NORMAL    65    [PRESSURE DATA]
TOTAL FM JAN 1   330    HIGHEST SLP M ON M
DPTR FM NORMAL   121    LOWEST  SLP 29.76 ON 20

[REMARKS]
