000
CXUS55 KPUB 281159
CF6SPD
PRELIMINARY LOCAL CLIMATOLOGICAL DATA (WS FORM: F-6)

                                          STATION:   SPRINGFIELD CO
                                          MONTH:     FEBRUARY
                                          YEAR:      2015
                                          LATITUDE:   37 16 N
                                          LONGITUDE: 102 37 W

  TEMPERATURE IN F:       :PCPN:    SNOW:  WIND      :SUNSHINE: SKY     :PK WND
================================================================================
1   2   3   4   5  6A  6B    7    8   9   10  11  12  13   14  15   16   17  18
                                     12Z  AVG MX 2MIN
DY MAX MIN AVG DEP HDD CDD  WTR  SNW DPTH SPD SPD DIR MIN PSBL S-S WX    SPD DR
================================================================================

 1  35  18  27  -6  38   0 0.00  0.0    0 15.6 35 350   M    M   0        42 360
 2  51  19  35   2  30   0 0.00  0.0    0 10.2 17 200   M    M   0        22 190
 3  65  26  46  12  19   0 0.00  0.0    0  9.2 23 340   M    M   0        27 320
 4  40  20  30  -4  35   0 0.00  0.0    0 13.5 32  20   M    M   0        38  30
 5  60  21  41   7  24   0 0.00  0.0    0  9.4 20 200   M    M   0        24 200
 6  78  32  55  21  10   0 0.00  0.0    0  9.1 23 290   M    M   0        28 280
 7  81  36  59  25   6   0 0.00  0.0    0 12.5 22 320   M    M   0        28 310
 8  72  31  52  18  13   0 0.00  0.0    0  8.4 18 360   M    M   0        24 230
 9  68  27  48  14  17   0 0.00  0.0    0  9.7 26 170   M    M   0        33 180
10  65  35  50  16  15   0 0.00  0.0    0 12.8 22  30   M    M   0        28  20
11  46  17  32  -2  33   0 0.00  0.0    0 15.5 26  20   M    M   0        32  20
12  56  22  39   4  26   0 0.00  0.0    0 14.0 28 200   M    M   0        35 190
13  63  31  47  12  18   0 0.00  0.0    0  7.6 14 290   M    M   0        17 310
14  72  26  49  14  16   0 0.00  0.0    0  9.3 24  90   M    M   0        29  80
15  29  19  24 -11  41   0 0.06    M    0 12.3 21 350   M    M   0        31  10
16  40  15  28  -7  37   0 0.01    M    M  9.6 25 360   M    M   0        31 360
17  41  14  28  -8  37   0 0.00  0.0    M 10.9 31 330   M    M   0        37 320
18  52  12  32  -4  33   0 0.00  0.0    M  5.7 15 360   M    M   0        18 230
19  69  24  47  11  18   0 0.00  0.0    0  9.1 23 330   M    M   0        29 330
20  66  28  47  11  18   0 0.00  0.0    0 13.8 38  20   M    M   0        47  20
21  41  20  31  -5  34   0 0.18    M    0 11.6 32  40   M    M   0        37  40
22  23   8  16 -21  49   0 0.22    M    M 13.2 33  30   M    M   0        40  30
23  14   3   9 -28  56   0 0.00  0.0    M  8.5 18 170   M    M   0        22 170
24  36   7  22 -15  43   0 0.00  0.0    M 14.3 25 330   M    M   0        29 330
25  46  16  31  -7  34   0 0.00  0.0    M 14.2 26  40   M    M   0        33  40
26  26  12  19 -19  46   0 0.13    M    M 11.7 21  30   M    M   0        26  40
27  12   8  10 -28  55   0 0.20    M    M 20.4 28 170   M    M   0        32 160
================================================================================
SM 1347  547       801   0  0.80     0.0 312.1          M        0
================================================================================
AV 49.9 20.3                              11.6 FASTST   M    M   0    MAX(MPH)
                                 MISC ---->  # 38  20               # 47   20
================================================================================
NOTES:
# LAST OF SEVERAL OCCURRENCES

COLUMN 17 PEAK WIND IN M.P.H.

PRELIMINARY LOCAL CLIMATOLOGICAL DATA (WS FORM: F-6) , PAGE 2

                                          STATION:  SPRINGFIELD CO
                                          MONTH:    FEBRUARY
                                          YEAR:     2015
                                          LATITUDE:   37 16 N
                                          LONGITUDE: 102 37 W

[TEMPERATURE DATA]      [PRECIPITATION DATA]       SYMBOLS USED IN COLUMN 16

AVERAGE MONTHLY: 35.1   TOTAL FOR MONTH:   0.80    1 = FOG OR MIST
DPTR FM NORMAL:  -0.2   DPTR FM NORMAL:    0.38    2 = FOG REDUCING VISIBILITY
HIGHEST:    81 ON  7    GRTST 24HR  0.39 ON 21-22      TO 1/4 MILE OR LESS
LOWEST:      3 ON 23                               3 = THUNDER
                        SNOW, ICE PELLETS, HAIL    4 = ICE PELLETS
                        TOTAL MONTH:   0.0 INCH    5 = HAIL
                        GRTST 24HR     0.0         6 = FREEZING RAIN OR DRIZZLE
                        GRTST DEPTH:   0           7 = DUSTSTORM OR SANDSTORM:
                                                       VSBY 1/2 MILE OR LESS
                                                   8 = SMOKE OR HAZE
[NO. OF DAYS WITH]      [WEATHER - DAYS WITH]      9 = BLOWING SNOW
                                                   X = TORNADO
MAX 32 OR BELOW:   5    0.01 INCH OR MORE:   6
MAX 90 OR ABOVE:   0    0.10 INCH OR MORE:   4
MIN 32 OR BELOW:  25    0.50 INCH OR MORE:   0
MIN  0 OR BELOW:   0    1.00 INCH OR MORE:   0

[HDD (BASE 65) ]
TOTAL THIS MO.   801    CLEAR  (SCALE 0-3)  27
DPTR FM NORMAL    -3    PTCLDY (SCALE 4-7)   0
TOTAL FM JUL 1  3856    CLOUDY (SCALE 8-10)  0
DPTR FM NORMAL  -124

[CDD (BASE 65) ]
TOTAL THIS MO.     0
DPTR FM NORMAL     0    [PRESSURE DATA]
TOTAL FM JAN 1     0    HIGHEST SLP M ON M
DPTR FM NORMAL     0    LOWEST  SLP 29.63 ON 20

[REMARKS]
